000
CXUS54 KCRP 011426
CLMCRP
CLIMATE REPORT
NATIONAL WEATHER SERVICE CORPUS CHRISTI TX
808 AM CST FRI MAR 01 2024
...................................
...THE CORPUS CHRISTI CLIMATE SUMMARY FOR THE MONTH OF FEBRUARY 2024...
CLIMATE NORMAL PERIOD 1991 TO 2020
CLIMATE RECORD PERIOD 1887 TO 2024
WEATHER OBSERVED NORMAL DEPART LAST YEAR`S
VALUE DATE(S) VALUE FROM VALUE DATE(S)
NORMAL
................................................................
TEMPERATURE (F)
RECORD
HIGH 97 02/19/1986
LOW 11 02/12/1899
HIGHEST 90 02/27 70 20 95 02/22
LOWEST 37 02/18 50 -13 32 02/11
AVG. MAXIMUM 75.8 71.9 3.9 76.1
AVG. MINIMUM 53.6 51.9 1.7 53.8
MEAN 64.7 61.9 2.8 64.9
DAYS MAX >= 90 1 0.4 0.6 1
DAYS MAX <= 32 0 0.0 0.0 0
DAYS MIN <= 32 0 0.8 -0.8 1
DAYS MIN <= 0 0 0.0 0.0 0
PRECIPITATION (INCHES)
RECORD
MAXIMUM 8.11 1982
MINIMUM T 1976
TOTALS 1.10 1.29 -0.19 0.19
DAILY AVG. 0.04 NAN NAN 0.01
DAYS >= .01 6 6.4 -0.4 3
DAYS >= .10 4 2.1 1.9 1
DAYS >= .50 1 0.8 0.2 0
DAYS >= 1.00 0 0.5 -0.5 0
GREATEST
24 HR. TOTAL 0.66 02/02 TO 02/03 0.15
SNOWFALL (INCHES)
RECORDS
TOTAL 4.3 1895
24 HR TOTAL 4.3 02/14/1895 TO 02/14/1895
TOTALS 0.0 0.0 0.0 0.0
SINCE 7/1 T 0.2 -0.2 MM
SNOWDEPTH AVG. 0 0
DAYS >= 1.0 0 0.0 0.0 0
GREATEST
SNOW DEPTH 0 0
24 HR TOTAL 0.0 MM
DEGREE DAYS
HEATING TOTAL 85 148 -63 146
SINCE 7/1 587 730 -143 MM
COOLING TOTAL 82 62 20 154
SINCE 1/1 96 96 0 MM
................................................................
WIND (MPH)
AVERAGE WIND SPEED 12.2
HIGHEST WIND SPEED/DIRECTION 37/310 DATE 02/04
HIGHEST GUST SPEED/DIRECTION 49/300 DATE 02/04
SKY COVER
AVERAGE SKY COVER 0.57
AVERAGE RH (PERCENT) 74
WEATHER CONDITIONS. NUMBER OF DAYS WITH
THUNDERSTORM 2 MIXED PRECIP 0
HEAVY RAIN 2 RAIN 4
LIGHT RAIN 9 FREEZING RAIN 0
LT FREEZING RAIN 0 HAIL 0
HEAVY SNOW 0 SNOW 0
LIGHT SNOW 0 SLEET 0
FOG 16 FOG W/VIS <= 1/4 MILE 4
HAZE 1
- INDICATES NEGATIVE NUMBERS.
R INDICATES RECORD WAS SET OR TIED.
MM INDICATES DATA IS MISSING.
T INDICATES TRACE AMOUNT.
$$