000
CXUS56 KSGX 011045
CF6CRQ
PRELIMINARY LOCAL CLIMATOLOGICAL DATA (WS FORM: F-6)
STATION: CARLSBAD PALOMAR AIRPORT CA
MONTH: JULY
YEAR: 2023
LATITUDE: 33 7 N
LONGITUDE: 117 17 W
TEMPERATURE IN F: :PCPN: SNOW: WIND :SUNSHINE: SKY :PK WND
================================================================================
1 2 3 4 5 6A 6B 7 8 9 10 11 12 13 14 15 16 17 18
12Z AVG MX 2MIN
DY MAX MIN AVG DEP HDD CDD WTR SNW DPTH SPD SPD DIR MIN PSBL S-S WX SPD DR
================================================================================
1 71 63 67 0 0 2 0.00 M M 4.0 12 250 M M 7 16 230
2 71 62 67 -1 0 2 0.00 M M 3.5 12 230 M M 7 1 17 260
3 68 61 65 -3 0 0 0.00 M M 3.2 10 250 M M 9 1 14 260
4 70 59 65 -3 0 0 0.00 M M 4.1 12 250 M M 5 1 17 260
5 71 61 66 -2 0 1 0.00 M M 3.9 13 250 M M 4 17 230
6 69 61 65 -3 0 0 0.00 M M 4.7 13 250 M M 6 18 230
7 69 61 65 -3 0 0 0.00 M M 4.8 13 240 M M 4 16 260
8 71 62 67 -1 0 2 0.00 M M 5.6 13 240 M M 5 19 230
9 71 63 67 -2 0 2 0.00 M M 4.6 13 230 M M 6 17 250
10 73 64 69 0 0 4 0.00 M M 5.0 12 240 M M 5 17 250
11 75 63 69 0 0 4 0.00 M M 3.7 12 240 M M 4 1 19 250
12 80 66 73 4 0 8 0.00 M M 3.8 10 260 M M 0 16 270
13 81 68 75 6 0 10 0.00 M M 3.3 12 260 M M 0 15 250
14 77 65 71 2 0 6 0.00 M M 4.0 10 260 M M 0 1 14 260
15 73 66 70 1 0 5 0.00 M M 4.6 12 250 M M 4 15 230
16 74 66 70 1 0 5 0.00 M M 4.7 13 240 M M 2 17 260
17 81 68 75 6 0 10 0.00 M M 4.6 12 250 M M 2 16 250
18 78 68 73 3 0 8 0.00 M M 4.7 13 240 M M 4 16 230
19 78 67 73 3 0 8 0.00 M M 3.6 10 250 M M 2 18 250
20 78 67 73 3 0 8 0.00 M M 3.7 10 250 M M 3 1 15 260
21 76 67 72 2 0 7 0.00 M M 4.8 14 220 M M 4 1 17 210
22 75 66 71 1 0 6 0.00 M M 4.8 12 260 M M 4 15 250
23 77 67 72 2 0 7 T M M 3.6 10 260 M M 6 13 260
24 75 66 71 1 0 6 0.00 M M 3.2 13 240 M M 5 1 17 240
25 79 66 73 3 0 8 0.00 M M 3.4 10 240 M M 4 18 16 250
26 80 68 74 4 0 9 0.00 M M 3.8 10 250 M M 0 13 240
27 78 67 73 3 0 8 0.00 M M 4.7 13 230 M M 3 12 16 220
28 76 67 72 2 0 7 0.00 M M 3.8 15 220 M M 4 1 20 220
29 82 69 76 6 0 11 0.00 M M 4.4 14 230 M M 3 17 270
30 82 69 76 6 0 11 0.00 M M 3.2 13 250 M M 5 1 16 250
31 81 70 76 6 0 11 0.06 M M 2.7 10 190 M M 1 1 14 250
================================================================================
SM 2340 2023 0 176 0.06 M 126.5 M 118
================================================================================
AV 75.5 65.3 4.1 FASTST M M 4 MAX(MPH)
MISC ----> 15 220 20 220
================================================================================
NOTES:
# LAST OF SEVERAL OCCURRENCES
COLUMN 17 PEAK WIND IN M.P.H.
PRELIMINARY LOCAL CLIMATOLOGICAL DATA (WS FORM: F-6) , PAGE 2
STATION: CARLSBAD PALOMAR AIRPORT CA
MONTH: JULY
YEAR: 2023
LATITUDE: 33 7 N
LONGITUDE: 117 17 W
[TEMPERATURE DATA] [PRECIPITATION DATA] SYMBOLS USED IN COLUMN 16
AVERAGE MONTHLY: 70.4 TOTAL FOR MONTH: 0.06 1 = FOG OR MIST
DPTR FM NORMAL: 1.2 DPTR FM NORMAL: -0.02 2 = FOG REDUCING VISIBILITY
HIGHEST: 82 ON 30,29 GRTST 24HR 0.06 ON 31-31 TO 1/4 MILE OR LESS
LOWEST: 59 ON 4 3 = THUNDER
SNOW, ICE PELLETS, HAIL 4 = ICE PELLETS
TOTAL MONTH: M 5 = HAIL
GRTST 24HR M ON M 6 = FREEZING RAIN OR DRIZZLE
GRTST DEPTH: M ON M 7 = DUSTSTORM OR SANDSTORM:
VSBY 1/2 MILE OR LESS
8 = SMOKE OR HAZE
[NO. OF DAYS WITH] [WEATHER - DAYS WITH] 9 = BLOWING SNOW
X = TORNADO
MAX 32 OR BELOW: 0 0.01 INCH OR MORE: 1
MAX 90 OR ABOVE: 0 0.10 INCH OR MORE: 0
MIN 32 OR BELOW: 0 0.50 INCH OR MORE: 0
MIN 0 OR BELOW: 0 1.00 INCH OR MORE: 0
[HDD (BASE 65) ]
TOTAL THIS MO. 0 CLEAR (SCALE 0-3) 11
DPTR FM NORMAL -2 PTCLDY (SCALE 4-7) 19
TOTAL FM JUL 1 0 CLOUDY (SCALE 8-10) 1
DPTR FM NORMAL 0
[CDD (BASE 65) ]
TOTAL THIS MO. 176
DPTR FM NORMAL 46 [PRESSURE DATA]
TOTAL FM JAN 1 192 HIGHEST SLP 29.99 ON 24
DPTR FM NORMAL -5 LOWEST SLP 29.79 ON 22
[REMARKS]
#FINAL-07-23#