000
CXUS56 KSGX 011045
CF6CRQ
PRELIMINARY LOCAL CLIMATOLOGICAL DATA (WS FORM: F-6)
STATION: CARLSBAD PALOMAR AIRPORT CA
MONTH: JULY
YEAR: 2022
LATITUDE: 33 7 N
LONGITUDE: 117 17 W
TEMPERATURE IN F: :PCPN: SNOW: WIND :SUNSHINE: SKY :PK WND
================================================================================
1 2 3 4 5 6A 6B 7 8 9 10 11 12 13 14 15 16 17 18
12Z AVG MX 2MIN
DY MAX MIN AVG DEP HDD CDD WTR SNW DPTH SPD SPD DIR MIN PSBL S-S WX SPD DR
================================================================================
1 73 66 70 3 0 5 0.00 M M 5.1 13 260 M M 4 16 260
2 72 64 68 0 0 3 0.00 M M 5.6 13 240 M M 5 18 240
3 70 64 67 -1 0 2 0.00 M M 6.4 14 230 M M 5 19 240
4 70 64 67 -1 0 2 0.00 M M 7.0 14 210 M M 4 18 230
5 71 63 67 -1 0 2 0.00 M M 6.1 13 260 M M 5 17 260
6 71 65 68 0 0 3 0.00 M M 4.7 15 250 M M 10 21 240
7 70 64 67 -1 0 2 0.00 M M 4.2 12 240 M M 5 17 240
8 72 64 68 0 0 3 0.00 M M 4.2 12 250 M M 5 17 260
9 73 63 68 -1 0 3 0.00 M M 3.4 12 260 M M 4 16 250
10 72 62 67 -2 0 2 0.00 M M 4.2 12 250 M M 5 1 15 260
11 70 63 67 -2 0 2 0.00 M M 4.5 12 250 M M 8 1 16 250
12 70 63 67 -2 0 2 0.00 M M 4.9 13 240 M M 6 19 250
13 71 63 67 -2 0 2 0.00 M M 4.2 12 250 M M 7 16 270
14 71 64 68 -1 0 3 0.00 M M 5.0 13 250 M M 6 17 260
15 71 64 68 -1 0 3 0.00 M M 4.6 12 250 M M 5 16 270
16 71 63 67 -2 0 2 0.00 M M 3.5 10 240 M M 6 1 14 250
17 75 64 70 1 0 5 0.00 M M 5.5 14 210 M M 6 1 16 230
18 74 66 70 0 0 5 0.00 M M 3.9 12 240 M M 0 15 260
19 76 66 71 1 0 6 0.00 M M 4.1 13 250 M M 0 1 17 250
20 78 66 72 2 0 7 0.00 M M 4.1 13 230 M M 1 18 250
21 74 66 70 0 0 5 0.00 M M 5.4 13 250 M M 3 18 250
22 72 65 69 -1 0 4 0.00 M M 5.5 12 250 M M 5 15 250
23 73 65 69 -1 0 4 0.00 M M 5.5 13 240 M M 7 19 240
24 73 65 69 -1 0 4 0.00 M M 5.2 13 210 M M 7 19 270
25 73 66 70 0 0 5 0.00 M M 5.2 14 250 M M 8 20 270
26 74 65 70 0 0 5 0.00 M M 4.2 12 250 M M 5 18 260
27 74 66 70 0 0 5 0.00 M M 4.1 12 230 M M 4 17 250
28 73 66 70 0 0 5 0.00 M M 4.3 12 240 M M 4 16 250
29 74 65 70 0 0 5 0.00 M M 5.2 13 240 M M 3 19 260
30 75 66 71 1 0 6 0.00 M M 4.4 13 250 M M 1 17 230
31 79 68 74 4 0 9 0.00 M M 4.0 13 240 M M 3 17 230
================================================================================
SM 2255 2004 0 121 0.00 M 148.2 M 147
================================================================================
AV 72.7 64.6 4.8 FASTST M M 5 MAX(MPH)
MISC ----> 15 250 21 240
================================================================================
NOTES:
# LAST OF SEVERAL OCCURRENCES
COLUMN 17 PEAK WIND IN M.P.H.
PRELIMINARY LOCAL CLIMATOLOGICAL DATA (WS FORM: F-6) , PAGE 2
STATION: CARLSBAD PALOMAR AIRPORT CA
MONTH: JULY
YEAR: 2022
LATITUDE: 33 7 N
LONGITUDE: 117 17 W
[TEMPERATURE DATA] [PRECIPITATION DATA] SYMBOLS USED IN COLUMN 16
AVERAGE MONTHLY: 68.7 TOTAL FOR MONTH: 0.00 1 = FOG OR MIST
DPTR FM NORMAL: -0.5 DPTR FM NORMAL: -0.08 2 = FOG REDUCING VISIBILITY
HIGHEST: 79 ON 31 GRTST 24HR 0.00 ON 1- 1 TO 1/4 MILE OR LESS
LOWEST: 62 ON 10 3 = THUNDER
SNOW, ICE PELLETS, HAIL 4 = ICE PELLETS
TOTAL MONTH: M 5 = HAIL
GRTST 24HR M ON M 6 = FREEZING RAIN OR DRIZZLE
GRTST DEPTH: M ON M 7 = DUSTSTORM OR SANDSTORM:
VSBY 1/2 MILE OR LESS
8 = SMOKE OR HAZE
[NO. OF DAYS WITH] [WEATHER - DAYS WITH] 9 = BLOWING SNOW
X = TORNADO
MAX 32 OR BELOW: 0 0.01 INCH OR MORE: 0
MAX 90 OR ABOVE: 0 0.10 INCH OR MORE: 0
MIN 32 OR BELOW: 0 0.50 INCH OR MORE: 0
MIN 0 OR BELOW: 0 1.00 INCH OR MORE: 0
[HDD (BASE 65) ]
TOTAL THIS MO. 0 CLEAR (SCALE 0-3) 7
DPTR FM NORMAL -2 PTCLDY (SCALE 4-7) 23
TOTAL FM JUL 1 0 CLOUDY (SCALE 8-10) 1
DPTR FM NORMAL 0
[CDD (BASE 65) ]
TOTAL THIS MO. 121
DPTR FM NORMAL -9 [PRESSURE DATA]
TOTAL FM JAN 1 237 HIGHEST SLP 30.08 ON 20
DPTR FM NORMAL 40 LOWEST SLP 29.80 ON 17
[REMARKS]
#FINAL-07-22#