000
CXUS56 KSGX 011045
CF6CRQ
PRELIMINARY LOCAL CLIMATOLOGICAL DATA (WS FORM: F-6)
STATION: CARLSBAD PALOMAR AIRPORT CA
MONTH: MARCH
YEAR: 2021
LATITUDE: 33 7 N
LONGITUDE: 117 17 W
TEMPERATURE IN F: :PCPN: SNOW: WIND :SUNSHINE: SKY :PK WND
================================================================================
1 2 3 4 5 6A 6B 7 8 9 10 11 12 13 14 15 16 17 18
12Z AVG MX 2MIN
DY MAX MIN AVG DEP HDD CDD WTR SNW DPTH SPD SPD DIR MIN PSBL S-S WX SPD DR
================================================================================
1 72 47 60 4 5 0 0.00 M M 3.9 15 100 M M 0 19 110
2 70 44 57 1 8 0 0.00 M M 2.7 14 250 M M 0 8 19 240
3 58 45 52 -4 13 0 0.43 M M 5.6 14 130 M M 6 1 20 180
4 61 50 56 0 9 0 0.00 M M 3.9 15 240 M M 2 19 230
5 66 46 56 0 9 0 0.00 M M 4.2 12 260 M M 0 14 250
6 63 50 57 1 8 0 T M M 4.6 13 250 M M 5 18 240
7 60 52 56 0 9 0 T M M 5.2 15 210 M M 8 18 220
8 63 54 59 3 6 0 0.01 M M 5.1 15 250 M M 5 1 19 260
9 60 48 54 -3 11 0 0.00 M M 6.5 20 260 M M 4 26 250
10 59 50 55 -2 10 0 0.11 M M 8.3 17 220 M M 7 1 24 280
11 56 47 52 -5 13 0 0.59 M M 5.0 14 250 M M 6 1 18 250
12 57 45 51 -6 14 0 0.03 M M 4.9 15 250 M M 4 20 260
13 60 48 54 -3 11 0 0.00 M M 6.2 16 240 M M 6 21 250
14 58 51 55 -2 10 0 T M M 5.0 14 250 M M 8 18 250
15 55 48 52 -5 13 0 0.18 M M 9.8 24 250 M M 9 1 31 260
16 57 44 51 -6 14 0 0.00 M M 5.0 14 290 M M 2 23 300
17 59 44 52 -5 13 0 0.00 M M 3.9 12 270 M M 0 17 250
18 60 47 54 -3 11 0 0.00 M M 3.7 13 260 M M 0 17 260
19 65 48 57 0 8 0 0.00 M M 3.6 13 260 M M 2 12 17 270
20 62 51 57 0 8 0 0.00 M M 4.6 13 250 M M 5 12 18 220
21 61 48 55 -2 10 0 0.00 M M 4.8 13 280 M M 2 19 280
22 63 47 55 -2 10 0 0.00 M M 6.2 15 240 M M 1 19 230
23 61 52 57 0 8 0 0.00 M M 6.9 15 250 M M 5 8 21 250
24 67 47 57 0 8 0 0.00 M M 5.9 16 240 M M 0 21 240
25 58 52 55 -2 10 0 0.05 M M 9.6 18 210 M M 7 18 24 250
26 60 50 55 -2 10 0 0.01 M M 5.0 14 260 M M 5 19 250
27 68 46 57 0 8 0 0.00 M M 3.6 12 260 M M 0 15 260
28 82 49 66 9 0 1 0.00 M M 3.6 14 240 M M 0 17 260
29 71 51 61 3 4 0 0.00 M M 3.8 10 230 M M 1 M M
30 66 54 60 2 5 0 0.00 M M 5.1 10 210 M M 3 8 15 260
31 83 50 67 9 0 2 0.00 M M 3.0 14 220 M M 0 16 250
================================================================================
SM 1961 1505 276 3 1.41 M 159.2 M 103
================================================================================
AV 63.3 48.5 5.1 FASTST M M 3 MAX(MPH)
MISC ----> 24 250 31 260
================================================================================
NOTES:
# LAST OF SEVERAL OCCURRENCES
COLUMN 17 PEAK WIND IN M.P.H.
PRELIMINARY LOCAL CLIMATOLOGICAL DATA (WS FORM: F-6) , PAGE 2
STATION: CARLSBAD PALOMAR AIRPORT CA
MONTH: MARCH
YEAR: 2021
LATITUDE: 33 7 N
LONGITUDE: 117 17 W
[TEMPERATURE DATA] [PRECIPITATION DATA] SYMBOLS USED IN COLUMN 16
AVERAGE MONTHLY: 55.9 TOTAL FOR MONTH: 1.41 1 = FOG OR MIST
DPTR FM NORMAL: -1.0 DPTR FM NORMAL: -0.27 2 = FOG REDUCING VISIBILITY
HIGHEST: 83 ON 31 GRTST 24HR 0.59 ON 11-11 TO 1/4 MILE OR LESS
LOWEST: 44 ON 17,16 3 = THUNDER
SNOW, ICE PELLETS, HAIL 4 = ICE PELLETS
TOTAL MONTH: M 5 = HAIL
GRTST 24HR M ON M 6 = FREEZING RAIN OR DRIZZLE
GRTST DEPTH: M ON M 7 = DUSTSTORM OR SANDSTORM:
VSBY 1/2 MILE OR LESS
8 = SMOKE OR HAZE
[NO. OF DAYS WITH] [WEATHER - DAYS WITH] 9 = BLOWING SNOW
X = TORNADO
MAX 32 OR BELOW: 0 0.01 INCH OR MORE: 8
MAX 90 OR ABOVE: 0 0.10 INCH OR MORE: 4
MIN 32 OR BELOW: 0 0.50 INCH OR MORE: 1
MIN 0 OR BELOW: 0 1.00 INCH OR MORE: 0
[HDD (BASE 65) ]
TOTAL THIS MO. 276 CLEAR (SCALE 0-3) 15
DPTR FM NORMAL 21 PTCLDY (SCALE 4-7) 13
TOTAL FM JUL 1 1159 CLOUDY (SCALE 8-10) 3
DPTR FM NORMAL -191
[CDD (BASE 65) ]
TOTAL THIS MO. 3
DPTR FM NORMAL 0 [PRESSURE DATA]
TOTAL FM JAN 1 20 HIGHEST SLP 30.28 ON 13
DPTR FM NORMAL 11 LOWEST SLP 29.78 ON 3
[REMARKS]
#FINAL-03-21#