000
CXUS55 KOHX 011510
CF6CSV
PRELIMINARY LOCAL CLIMATOLOGICAL DATA (WS FORM: F-6)
STATION: CROSSVILLE
MONTH: NOVEMBER
YEAR: 2020
LATITUDE: 35 57 N
LONGITUDE: 85 5 W
TEMPERATURE IN F: :PCPN: SNOW: WIND :SUNSHINE: SKY :PK WND
================================================================================
1 2 3 4 5 6A 6B 7 8 9 10 11 12 13 14 15 16 17 18
12Z AVG MX 2MIN
DY MAX MIN AVG DEP HDD CDD WTR SNW DPTH SPD SPD DIR MIN PSBL S-S WX SPD DR
================================================================================
1 58 34 46 -6 19 0 0.00 M M 12.3 23 300 M M 5 37 290
2 50 28 39 -13 26 0 0.00 M M 4.2 13 280 M M 0 22 280
3 61 29 45 -7 20 0 0.00 M M 2.0 12 270 M M 0 16 250
4 66 35 51 -1 14 0 0.00 M M 2.2 10 160 M M 0 16 160
5 63 39 51 0 14 0 0.00 M M 1.9 9 190 M M 0 15 230
6 70 39 55 4 10 0 0.00 M M 1.2 8 70 M M 0 1 12 120
7 72 43 58 7 7 0 0.00 M M 2.6 9 150 M M 2 15 130
8 74 50 62 12 3 0 0.00 M M 4.2 13 120 M M 0 19 130
9 75 54 65 15 0 0 0.00 M M 4.8 13 140 M M 0 21 140
10 73 61 67 17 0 2 T M M 7.0 16 160 M M 5 18 30 170
11 67 52 60 11 5 0 1.14 M M 5.0 14 30 M M 10 128 20 50
12 63 40 52 3 13 0 0.00 M M 4.9 13 20 M M 6 1 18 30
13 61 35 48 0 17 0 0.00 M M 3.8 15 280 M M 1 1 21 260
14 65 34 50 2 15 0 0.00 M M 5.4 16 190 M M 2 1 30 170
15 58 36 47 -1 18 0 0.29 M M 11.6 31 270 M M 3 1 46 290
16 55 29 42 -5 23 0 0.00 M M 4.0 14 360 M M 0 20 350
17 51 31 41 -6 24 0 0.00 M M 8.0 20 330 M M 0 29 320
18 52 28 40 -7 25 0 0.00 M M 3.9 10 130 M M 0 15 110
19 59 35 47 1 18 0 0.00 M M 7.8 16 180 M M 0 27 150
20 65 42 54 8 11 0 0.00 M M 4.3 12 250 M M 0 20 200
21 66 36 51 5 14 0 0.00 M M 1.1 7 60 M M 0 1 11 90
22 61 39 50 5 15 0 0.05 M M 7.2 17 310 M M 6 18 26 300
23 49 34 42 -3 23 0 0.00 M M 6.8 16 30 M M 4 18 22 340
24 55 35 45 1 20 0 0.00 M M 8.5 18 180 M M 0 8 32 190
25 57 49 53 9 12 0 0.59 M M 10.2 20 160 M M 7 1 37 160
26 59 37 48 4 17 0 0.00 M M 3.9 12 270 M M 4 1 16 270
27 62 31 47 3 18 0 0.00 M M 1.5 10 250 M M 5 12 14 250
28 55 35 45 2 20 0 0.00 M M 5.5 13 40 M M 1 1 15 40
29 52 33 43 0 22 0 0.37 M M 4.3 18 320 M M 4 1 26 300
30 40 27 34 -8 31 0 0.17 M M 13.4 22 310 M M 10 12 33 270
================================================================================
SM 1814 1130 474 2 2.61 M 163.5 M 75
================================================================================
AV 60.5 37.7 5.4 FASTST M M 3 MAX(MPH)
MISC ----> 31 270 46 290
================================================================================
NOTES:
# LAST OF SEVERAL OCCURRENCES
COLUMN 17 PEAK WIND IN M.P.H.
PRELIMINARY LOCAL CLIMATOLOGICAL DATA (WS FORM: F-6) , PAGE 2
STATION: CROSSVILLE
MONTH: NOVEMBER
YEAR: 2020
LATITUDE: 35 57 N
LONGITUDE: 85 5 W
[TEMPERATURE DATA] [PRECIPITATION DATA] SYMBOLS USED IN COLUMN 16
AVERAGE MONTHLY: 49.1 TOTAL FOR MONTH: 2.61 1 = FOG OR MIST
DPTR FM NORMAL: 1.6 DPTR FM NORMAL: -2.49 2 = FOG REDUCING VISIBILITY
HIGHEST: 75 ON 9 GRTST 24HR 1.14 ON 11-11 TO 1/4 MILE OR LESS
LOWEST: 27 ON 30 3 = THUNDER
SNOW, ICE PELLETS, HAIL 4 = ICE PELLETS
TOTAL MONTH: M 5 = HAIL
GRTST 24HR M ON M 6 = FREEZING RAIN OR DRIZZLE
GRTST DEPTH: M ON M 7 = DUSTSTORM OR SANDSTORM:
VSBY 1/2 MILE OR LESS
8 = SMOKE OR HAZE
[NO. OF DAYS WITH] [WEATHER - DAYS WITH] 9 = BLOWING SNOW
X = TORNADO
MAX 32 OR BELOW: 0 0.01 INCH OR MORE: 6
MAX 90 OR ABOVE: 0 0.10 INCH OR MORE: 5
MIN 32 OR BELOW: 7 0.50 INCH OR MORE: 2
MIN 0 OR BELOW: 0 1.00 INCH OR MORE: 1
[HDD (BASE 65) ]
TOTAL THIS MO. 474 CLEAR (SCALE 0-3) 19
DPTR FM NORMAL -51 PTCLDY (SCALE 4-7) 9
TOTAL FM JUL 1 740 CLOUDY (SCALE 8-10) 2
DPTR FM NORMAL -107
[CDD (BASE 65) ]
TOTAL THIS MO. 2
DPTR FM NORMAL 1 [PRESSURE DATA]
TOTAL FM JAN 1 941 HIGHEST SLP 30.64 ON 18
DPTR FM NORMAL -48 LOWEST SLP 29.67 ON 30
[REMARKS]
#FINAL-11-20#