000
CXUS52 KCHS 031337
CF6CXM
PRELIMINARY LOCAL CLIMATOLOGICAL DATA (WS FORM: F-6)
STATION: DOWNTOWN CHARLESTON SC
MONTH: SEPTEMBER
YEAR: 2022
LATITUDE: 32 46 N
LONGITUDE: 79 56 W
TEMPERATURE IN F: :PCPN: SNOW: WIND :SUNSHINE: SKY :PK WND
================================================================================
1 2 3 4 5 6A 6B 7 8 9 10 11 12 13 14 15 16 17 18
12Z AVG MX 2MIN
DY MAX MIN AVG DEP HDD CDD WTR SNW DPTH SPD SPD DIR MIN PSBL S-S WX SPD DR
================================================================================
1 87 72 80 0 0 15 0.57 M M 4.3 20 20 M M M 26 20
2 84 76 80 0 0 15 0.00 M M 6.5 14 100 M M M 16 90
3 86 78 82 2 0 17 0.00 M M 7.5 13 130 M M M 16 130
4 86 78 82 2 0 17 0.18 M M 8.9 17 160 M M M 20 160
5 84 80 82 2 0 17 0.00 M M 7.5 13 140 M M M 15 150
6 92 79 86 7 0 21 0.00 M M 5.0 10 250 M M M 15 280
7 91 78 85 6 0 20 0.00 M M 4.3 13 360 M M M 22 360
8 84 73 79 0 0 14 0.03 M M 8.2 14 90 M M M 17 80
9 78 74 76 -3 0 11 2.60 M M 11.2 22 90 M M M 29 60
10 86 76 81 2 0 16 0.25 M M 5.8 10 110 M M M 17 110
11 86 79 83 4 0 18 0.00 M M 5.6 12 200 M M M 16 200
12 86 78 82 4 0 17 0.00 M M 5.0 11 190 M M M 16 200
13 87 75 81 3 0 16 0.00 M M 4.5 12 190 M M M 15 180
14 86 74 80 2 0 15 0.00 M M 7.6 14 100 M M M 16 100
15 82 70 76 -2 0 11 0.00 M M 9.5 15 100 M M M 19 80
16 81 71 76 -2 0 11 0.00 M M 8.9 18 60 M M M 21 60
17 80 73 77 -1 0 12 0.00 M M 10.1 18 60 M M M 22 50
18 82 75 79 2 0 14 0.05 M M 10.3 21 100 M M M 27 100
19 84 73 79 2 0 14 0.02 M M 7.4 14 100 M M M 16 110
20 87 73 80 3 0 15 0.00 M M 3.9 9 120 M M M 11 120
21 86 76 81 4 0 16 0.00 M M 5.2 11 120 M M M 12 130
22 91 74 83 7 0 18 0.02 M M 5.3 17 360 M M M 21 360
23 79 67 73 -3 0 8 0.00 M M 10.8 24 20 M M M 32 20
24 80 64 72 -4 0 7 0.00 M M 5.3 11 140 M M M 13 130
25 81 71 76 0 0 11 0.00 M M 5.7 13 190 M M M 17 210
26 87 73 80 5 0 15 0.00 M M 4.8 11 190 M M M 14 200
27 79 69 74 -1 0 9 0.00 M M 6.4 13 10 M M M 16 360
28 71 66 69 -6 0 4 0.00 M M 16.8 24 30 M M M 29 20
29 69 64 67 -8 0 2 0.14 M M 21.8 30 20 M M M 36 20
30 65 60 63 -11 2 0 3.96 M M 19.0 34 350 M M M 49 320
================================================================================
SM 2487 2189 2 396 7.82 M 243.1 M M
================================================================================
AV 82.9 73.0 8.1 FASTST M M M MAX(MPH)
MISC ----> 34 350 49 320
================================================================================
NOTES:
# LAST OF SEVERAL OCCURRENCES
COLUMN 17 PEAK WIND IN M.P.H.
PRELIMINARY LOCAL CLIMATOLOGICAL DATA (WS FORM: F-6) , PAGE 2
STATION: DOWNTOWN CHARLESTON SC
MONTH: SEPTEMBER
YEAR: 2022
LATITUDE: 32 46 N
LONGITUDE: 79 56 W
[TEMPERATURE DATA] [PRECIPITATION DATA] SYMBOLS USED IN COLUMN 16
AVERAGE MONTHLY: 77.9 TOTAL FOR MONTH: 7.82 1 = FOG OR MIST
DPTR FM NORMAL: 0.3 DPTR FM NORMAL: 2.57 2 = FOG REDUCING VISIBILITY
HIGHEST: 92 ON 6 GRTST 24HR 3.96 ON 30-30 TO 1/4 MILE OR LESS
LOWEST: 60 ON 30 3 = THUNDER
SNOW, ICE PELLETS, HAIL 4 = ICE PELLETS
TOTAL MONTH: M 5 = HAIL
GRTST 24HR M ON M 6 = FREEZING RAIN OR DRIZZLE
GRTST DEPTH: M ON M 7 = DUSTSTORM OR SANDSTORM:
VSBY 1/2 MILE OR LESS
8 = SMOKE OR HAZE
[NO. OF DAYS WITH] [WEATHER - DAYS WITH] 9 = BLOWING SNOW
X = TORNADO
MAX 32 OR BELOW: 0 0.01 INCH OR MORE: 10
MAX 90 OR ABOVE: 3 0.10 INCH OR MORE: 6
MIN 32 OR BELOW: 0 0.50 INCH OR MORE: 3
MIN 0 OR BELOW: 0 1.00 INCH OR MORE: 2
[HDD (BASE 65) ]
TOTAL THIS MO. 2 CLEAR (SCALE 0-3) 0
DPTR FM NORMAL 1 PTCLDY (SCALE 4-7) 0
TOTAL FM JUL 1 2 CLOUDY (SCALE 8-10) 30
DPTR FM NORMAL 2
[CDD (BASE 65) ]
TOTAL THIS MO. 396
DPTR FM NORMAL 19 [PRESSURE DATA]
TOTAL FM JAN 1 2413 HIGHEST SLP M ON M
DPTR FM NORMAL 175 LOWEST SLP 29.16 ON 30
[REMARKS]
#FINAL-09-22#