000
CXUS52 KCHS 010815
CF6CXM
PRELIMINARY LOCAL CLIMATOLOGICAL DATA (WS FORM: F-6)
STATION: DOWNTOWN CHARLESTON SC
MONTH: APRIL
YEAR: 2022
LATITUDE: 32 46 N
LONGITUDE: 79 56 W
TEMPERATURE IN F: :PCPN: SNOW: WIND :SUNSHINE: SKY :PK WND
================================================================================
1 2 3 4 5 6A 6B 7 8 9 10 11 12 13 14 15 16 17 18
12Z AVG MX 2MIN
DY MAX MIN AVG DEP HDD CDD WTR SNW DPTH SPD SPD DIR MIN PSBL S-S WX SPD DR
================================================================================
1 78 61 70 8 0 5 0.00 M M 6.2 12 280 M M M 19 300
2 65 55 60 -2 5 0 0.00 M M 6.6 15 50 M M M 20 70
3 75 57 66 3 0 1 0.00 M M 4.8 12 10 M M M 16 10
4 69 56 63 0 2 0 0.00 M M 8.6 18 90 M M M 23 90
5 72 64 68 5 0 3 0.48 M M 11.1 27 240 M M M 46 240
6 75 67 71 7 0 6 0.38 M M 5.5 16 270 M M M 27 270
7 77 64 71 7 0 6 0.09 M M 7.8 18 220 M M M 23 220
8 68 56 62 -2 3 0 0.00 M M 6.9 13 250 M M M 21 240
9 59 47 53 -11 12 0 0.00 M M 8.1 14 290 M M M 23 290
10 71 45 58 -6 7 0 0.00 M M 4.5 10 190 M M M 15 300
11 72 58 65 0 0 0 0.00 M M 6.4 13 180 M M M 16 180
12 75 65 70 5 0 5 0.00 M M 7.2 14 200 M M M 19 200
13 76 66 71 6 0 6 0.00 M M 9.1 15 170 M M M 20 210
14 76 69 73 7 0 8 0.00 M M 7.9 17 190 M M M 22 190
15 70 65 68 2 0 3 0.00 M M 12.7 24 70 M M M 29 70
16 75 62 69 3 0 4 0.04 M M 4.4 12 210 M M M 16 210
17 76 67 72 6 0 7 0.00 M M 8.9 20 60 M M M 26 70
18 76 57 67 0 0 2 0.21 M M 9.3 23 90 M M M 28 90
19 67 53 60 -7 5 0 0.00 M M 6.5 17 360 M M M 21 10
20 65 57 61 -6 4 0 0.00 M M 11.6 18 70 M M M 22 80
21 72 60 66 -2 0 1 0.00 M M 9.2 18 100 M M M 22 100
22 73 62 68 0 0 3 0.00 M M 5.9 12 130 M M M 14 130
23 75 66 71 3 0 6 0.00 M M 6.1 12 100 M M M 14 100
24 75 66 71 3 0 6 0.00 M M 5.6 12 120 M M M 15 130
25 76 66 71 3 0 6 0.00 M M 5.1 13 180 M M M 15 170
26 77 69 73 4 0 8 0.00 M M 6.5 16 190 M M M 20 190
27 73 62 68 -1 0 3 0.00 M M 7.9 19 10 M M M 23 20
28 73 60 67 -2 0 2 0.00 M M 7.1 17 20 M M M 22 20
29 73 66 70 0 0 5 0.00 M M 7.0 13 120 M M M 16 120
30 75 68 72 2 0 7 0.00 M M 7.0 14 170 M M M 17 170
================================================================================
SM 2179 1836 38 103 1.20 M 221.5 M M
================================================================================
AV 72.6 61.2 7.4 FASTST M M M MAX(MPH)
MISC ----> 27 240 46 240
================================================================================
NOTES:
# LAST OF SEVERAL OCCURRENCES
COLUMN 17 PEAK WIND IN M.P.H.
PRELIMINARY LOCAL CLIMATOLOGICAL DATA (WS FORM: F-6) , PAGE 2
STATION: DOWNTOWN CHARLESTON SC
MONTH: APRIL
YEAR: 2022
LATITUDE: 32 46 N
LONGITUDE: 79 56 W
[TEMPERATURE DATA] [PRECIPITATION DATA] SYMBOLS USED IN COLUMN 16
AVERAGE MONTHLY: 66.9 TOTAL FOR MONTH: 1.20 1 = FOG OR MIST
DPTR FM NORMAL: 0.9 DPTR FM NORMAL: -1.76 2 = FOG REDUCING VISIBILITY
HIGHEST: 78 ON 1 GRTST 24HR 0.48 ON 5- 5 TO 1/4 MILE OR LESS
LOWEST: 45 ON 10 3 = THUNDER
SNOW, ICE PELLETS, HAIL 4 = ICE PELLETS
TOTAL MONTH: M 5 = HAIL
GRTST 24HR M ON M 6 = FREEZING RAIN OR DRIZZLE
GRTST DEPTH: M ON M 7 = DUSTSTORM OR SANDSTORM:
VSBY 1/2 MILE OR LESS
8 = SMOKE OR HAZE
[NO. OF DAYS WITH] [WEATHER - DAYS WITH] 9 = BLOWING SNOW
X = TORNADO
MAX 32 OR BELOW: 0 0.01 INCH OR MORE: 5
MAX 90 OR ABOVE: 0 0.10 INCH OR MORE: 3
MIN 32 OR BELOW: 0 0.50 INCH OR MORE: 0
MIN 0 OR BELOW: 0 1.00 INCH OR MORE: 0
[HDD (BASE 65) ]
TOTAL THIS MO. 38 CLEAR (SCALE 0-3) 0
DPTR FM NORMAL -24 PTCLDY (SCALE 4-7) 0
TOTAL FM JUL 1 1273 CLOUDY (SCALE 8-10) 30
DPTR FM NORMAL -348
[CDD (BASE 65) ]
TOTAL THIS MO. 103
DPTR FM NORMAL 11 [PRESSURE DATA]
TOTAL FM JAN 1 156 HIGHEST SLP M ON M
DPTR FM NORMAL 38 LOWEST SLP 29.44 ON 7
[REMARKS]
#FINAL-04-22#