000
CXUS54 KHGX 011410
CF6CXO
PRELIMINARY LOCAL CLIMATOLOGICAL DATA (WS FORM: F-6)
STATION: CONROE
MONTH: MAY
YEAR: 2023
LATITUDE: 30 21 N
LONGITUDE: 95 25 W
TEMPERATURE IN F: :PCPN: SNOW: WIND :SUNSHINE: SKY :PK WND
================================================================================
1 2 3 4 5 6A 6B 7 8 9 10 11 12 13 14 15 16 17 18
12Z AVG MX 2MIN
DY MAX MIN AVG DEP HDD CDD WTR SNW DPTH SPD SPD DIR MIN PSBL S-S WX SPD DR
================================================================================
1 82 50 66 -4 0 1 0.00 0.0 0 2.9 12 70 M M 0 21 70
2 80 57 69 -2 0 4 0.00 0.0 0 2.3 10 130 M M 4 128 15 130
3 85 61 73 2 0 8 0.00 0.0 0 3.4 12 110 M M 2 1 16 100
4 81 58 70 -1 0 5 0.00 0.0 0 5.0 14 170 M M 6 1 20 160
5 91 73 82 10 0 17 0.00 0.0 0 7.2 15 140 M M 7 18 37 330
6 91 65 78 6 0 13 0.15 0.0 0 10.4 24 320 M M 6 13 39 320
7 80 72 76 4 0 11 0.13 0.0 0 8.1 24 200 M M 6 13 34 190
8 83 65 74 2 0 9 0.29 0.0 0 6.4 20 110 M M 7 138 26 120
9 77 63 70 -3 0 5 0.57 0.0 0 3.7 26 190 M M M 3 38 200
10 70 67 69 -4 0 4 1.27 0.0 0 4.2 10 160 M M 9 1 15 90
11 88 70 79 6 0 14 T 0.0 0 8.0 16 150 M M 8 1 24 170
12 90 76 83 9 0 18 T 0.0 0 10.6 20 160 M M 7 1 28 140
13 82 66 74 0 0 9 1.02 0.0 0 5.3 22 330 M M 8 1238 28 320
14 84 69 77 3 0 12 2.21 0.0 0 6.2 21 180 M M 7 13 29 200
15 87 65 76 1 0 11 T 0.0 0 3.2 18 200 M M 5 13 26 190
16 86 63 75 0 0 10 T 0.0 0 5.4 15 200 M M 2 18 21 210
17 85 64 75 0 0 10 0.00 0.0 0 3.1 14 320 M M 2 1 19 330
18 89 59 74 -2 0 9 0.00 0.0 0 2.3 8 80 M M 0 12 210
19 92 66 79 3 0 14 0.00 0.0 0 4.2 12 220 M M 0 1 20 190
20 87 67 77 1 0 12 0.00 0.0 0 6.3 15 350 M M 1 8 23 330
21 78 65 72 -4 0 7 T 0.0 0 2.8 8 70 M M 5 18 12 10
22 85 64 75 -2 0 10 0.00 0.0 0 2.4 8 10 M M 2 1 14 10
23 86 61 74 -3 0 9 0.75 0.0 0 2.3 26 90 M M 1 138 48 320
24 82 62 72 -5 0 7 0.00 0.0 0 2.8 10 70 M M 1 1 16 70
25 86 66 76 -1 0 11 0.00 0.0 0 2.8 10 90 M M 2 16 110
26 88 63 76 -2 0 11 0.00 0.0 0 2.9 12 80 M M 0 1 18 70
27 88 63 76 -2 0 11 0.00 0.0 0 1.6 9 130 M M 1 1 14 120
28 89 63 76 -2 0 11 0.00 0.0 0 3.5 12 180 M M 1 18 16 110
29 87 65 76 -2 0 11 T 0.0 0 3.8 18 80 M M 3 138 25 100
30 89 64 77 -1 0 12 0.18 0.0 0 3.3 13 100 M M 2 13 19 110
31 89 64 77 -2 0 12 0.00 0.0 0 2.9 12 160 M M 1 1 16 170
================================================================================
SM 2637 1996 0 308 6.57 0.0 139.3 M 106
================================================================================
AV 85.1 64.4 4.5 FASTST M M 4 MAX(MPH)
MISC ----> # 26 190 48 320
================================================================================
NOTES:
# LAST OF SEVERAL OCCURRENCES
COLUMN 17 PEAK WIND IN M.P.H.
PRELIMINARY LOCAL CLIMATOLOGICAL DATA (WS FORM: F-6) , PAGE 2
STATION: CONROE
MONTH: MAY
YEAR: 2023
LATITUDE: 30 21 N
LONGITUDE: 95 25 W
[TEMPERATURE DATA] [PRECIPITATION DATA] SYMBOLS USED IN COLUMN 16
AVERAGE MONTHLY: 74.7 TOTAL FOR MONTH: 6.57 1 = FOG OR MIST
DPTR FM NORMAL: -0.1 DPTR FM NORMAL: 1.78 2 = FOG REDUCING VISIBILITY
HIGHEST: 92 ON 19 GRTST 24HR 3.00 ON 13-14 TO 1/4 MILE OR LESS
LOWEST: 50 ON 1 3 = THUNDER
SNOW, ICE PELLETS, HAIL 4 = ICE PELLETS
TOTAL MONTH: 0.0 INCH 5 = HAIL
GRTST 24HR 0.0 6 = FREEZING RAIN OR DRIZZLE
GRTST DEPTH: 0 7 = DUSTSTORM OR SANDSTORM:
VSBY 1/2 MILE OR LESS
8 = SMOKE OR HAZE
[NO. OF DAYS WITH] [WEATHER - DAYS WITH] 9 = BLOWING SNOW
X = TORNADO
MAX 32 OR BELOW: 0 0.01 INCH OR MORE: 9
MAX 90 OR ABOVE: 4 0.10 INCH OR MORE: 9
MIN 32 OR BELOW: 0 0.50 INCH OR MORE: 5
MIN 0 OR BELOW: 0 1.00 INCH OR MORE: 3
[HDD (BASE 65) ]
TOTAL THIS MO. 0 CLEAR (SCALE 0-3) 16
DPTR FM NORMAL -5 PTCLDY (SCALE 4-7) 12
TOTAL FM JUL 1 1455 CLOUDY (SCALE 8-10) 3
DPTR FM NORMAL -247
[CDD (BASE 65) ]
TOTAL THIS MO. 308
DPTR FM NORMAL 0 [PRESSURE DATA]
TOTAL FM JAN 1 583 HIGHEST SLP 30.18 ON 15
DPTR FM NORMAL 65 LOWEST SLP 29.80 ON 11
[REMARKS]
#FINAL-05-23#