000
CXUS55 KVEF 012141
CF6DAG
PRELIMINARY LOCAL CLIMATOLOGICAL DATA (WS FORM: F-6)
STATION: BARSTOW-DAGGETT CA
MONTH: MAY
YEAR: 2022
LATITUDE: 34 51 N
LONGITUDE: 116 47 W
TEMPERATURE IN F: :PCPN: SNOW: WIND :SUNSHINE: SKY :PK WND
================================================================================
1 2 3 4 5 6A 6B 7 8 9 10 11 12 13 14 15 16 17 18
12Z AVG MX 2MIN
DY MAX MIN AVG DEP HDD CDD WTR SNW DPTH SPD SPD DIR MIN PSBL S-S WX SPD DR
================================================================================
1 87 60 74 5 0 9 0.00 0.0 0 22.7 36 250 M M 0 46 280
2 91 53 72 2 0 7 0.00 0.0 0 19.2 38 270 M M 0 48 290
3 83 59 71 1 0 6 0.00 0.0 0 11.2 39 250 M M 0 49 260
4 86 54 70 0 0 5 0.00 0.0 0 5.0 13 70 M M 0 19 40
5 95 62 79 8 0 14 0.00 0.0 0 15.7 30 250 M M 0 39 270
6 96 71 84 13 0 19 0.00 0.0 0 25.5 39 270 M M 0 47 270
7 88 65 77 6 0 12 0.00 0.0 0 31.3 43 280 M M 0 56 280
8 77 54 66 -6 0 1 0.00 0.0 0 32.8 48 260 M M 1 8 63 270
9 74 47 61 -11 4 0 0.00 0.0 0 24.2 38 260 M M 0 49 250
10 74 49 62 -10 3 0 0.00 0.0 0 19.3 31 270 M M 0 41 300
11 68 48 58 -15 7 0 0.00 0.0 0 21.9 37 270 M M 0 58 270
12 78 45 62 -11 3 0 0.00 0.0 0 7.2 16 290 M M 0 21 300
13 89 53 71 -2 0 6 0.00 0.0 0 7.3 18 290 M M 0 23 290
14 96 58 77 3 0 12 0.00 0.0 0 9.2 17 320 M M 0 22 320
15 98 65 82 8 0 17 0.00 0.0 0 15.4 31 270 M M 0 41 270
16 97 73 85 11 0 20 0.00 0.0 0 22.4 33 240 M M 0 41 240
17 95 66 81 7 0 16 0.00 0.0 0 17.1 26 280 M M 0 8 33 270
18 97 62 80 5 0 15 0.00 0.0 0 8.1 17 240 M M 0 23 240
19 103 67 85 10 0 20 0.00 0.0 0 22.7 46 260 M M 0 61 260
20 89 64 77 1 0 12 0.00 0.0 0 18.6 45 260 M M 0 59 240
21 87 56 72 -4 0 7 0.00 0.0 0 10.2 25 260 M M 0 35 260
22 93 59 76 0 0 11 0.00 0.0 0 14.2 26 270 M M 0 34 270
23 94 63 79 3 0 14 0.00 0.0 0 7.8 21 230 M M 0 27 230
24 96 65 81 4 0 16 0.00 0.0 0 8.2 16 250 M M 0 28 360
25 103 71 87 10 0 22 0.00 0.0 0 10.8 23 200 M M 0 30 200
26 102 72 87 10 0 22 0.00 0.0 0 13.6 31 290 M M 0 39 290
27 101 66 84 6 0 19 0.00 0.0 0 15.4 30 270 M M 0 41 240
28 89 68 79 1 0 14 0.00 0.0 0 37.5 52 260 M M 0 8 67 250
29 86 62 74 -4 0 9 0.00 0.0 0 32.8 51 260 M M 1 8 65 250
30 86 64 75 -4 0 10 0.00 0.0 0 19.7 32 240 M M 0 42 270
31 88 61 75 -4 0 10 0.00 0.0 0 10.1 29 250 M M 0 36 260
================================================================================
SM 2786 1882 17 345 0.00 0.0 537.1 M 2
================================================================================
AV 89.9 60.7 17.3 FASTST M M 0 MAX(MPH)
MISC ----> 52 260 67 250
================================================================================
NOTES:
# LAST OF SEVERAL OCCURRENCES
COLUMN 17 PEAK WIND IN M.P.H.
PRELIMINARY LOCAL CLIMATOLOGICAL DATA (WS FORM: F-6) , PAGE 2
STATION: BARSTOW-DAGGETT CA
MONTH: MAY
YEAR: 2022
LATITUDE: 34 51 N
LONGITUDE: 116 47 W
[TEMPERATURE DATA] [PRECIPITATION DATA] SYMBOLS USED IN COLUMN 16
AVERAGE MONTHLY: 75.3 TOTAL FOR MONTH: 0.00 1 = FOG OR MIST
DPTR FM NORMAL: 1.1 DPTR FM NORMAL: -0.05 2 = FOG REDUCING VISIBILITY
HIGHEST: 103 ON 25,19 GRTST 24HR 0.00 ON 1- 1 TO 1/4 MILE OR LESS
LOWEST: 45 ON 12 3 = THUNDER
SNOW, ICE PELLETS, HAIL 4 = ICE PELLETS
TOTAL MONTH: 0.0 INCH 5 = HAIL
GRTST 24HR 0.0 6 = FREEZING RAIN OR DRIZZLE
GRTST DEPTH: 0 7 = DUSTSTORM OR SANDSTORM:
VSBY 1/2 MILE OR LESS
8 = SMOKE OR HAZE
[NO. OF DAYS WITH] [WEATHER - DAYS WITH] 9 = BLOWING SNOW
X = TORNADO
MAX 32 OR BELOW: 0 0.01 INCH OR MORE: 0
MAX 90 OR ABOVE: 15 0.10 INCH OR MORE: 0
MIN 32 OR BELOW: 0 0.50 INCH OR MORE: 0
MIN 0 OR BELOW: 0 1.00 INCH OR MORE: 0
[HDD (BASE 65) ]
TOTAL THIS MO. 17 CLEAR (SCALE 0-3) 31
DPTR FM NORMAL -1 PTCLDY (SCALE 4-7) 0
TOTAL FM JUL 1 1725 CLOUDY (SCALE 8-10) 0
DPTR FM NORMAL -290
[CDD (BASE 65) ]
TOTAL THIS MO. 345
DPTR FM NORMAL 42 [PRESSURE DATA]
TOTAL FM JAN 1 528 HIGHEST SLP 30.24 ON 12
DPTR FM NORMAL 108 LOWEST SLP 29.45 ON 20
[REMARKS]
#FINAL-05-22#