000
CXUS55 KDVN 011000
CF6DBQ
PRELIMINARY LOCAL CLIMATOLOGICAL DATA (WS FORM: F-6)
STATION: DUBUQUE IA
MONTH: AUGUST
YEAR: 2023
LATITUDE: 42 24 N
LONGITUDE: 90 42 W
TEMPERATURE IN F: :PCPN: SNOW: WIND :SUNSHINE: SKY :PK WND
================================================================================
1 2 3 4 5 6A 6B 7 8 9 10 11 12 13 14 15 16 17 18
12Z AVG MX 2MIN
DY MAX MIN AVG DEP HDD CDD WTR SNW DPTH SPD SPD DIR MIN PSBL S-S WX SPD DR
================================================================================
1 82 63 73 2 0 8 0.00 0.0 0 5.9 13 210 M M 1 18 190
2 78 64 71 0 0 6 0.00 0.0 0 6.9 15 170 M M 6 12 20 160
3 82 67 75 4 0 10 0.00 0.0 0 2.7 9 210 M M 6 128 16 180
4 84 64 74 3 0 9 0.00 0.0 0 6.2 16 80 M M 1 1 24 100
5 82 65 74 3 0 9 0.00 0.0 0 8.2 16 80 M M 2 20 50
6 75 64 70 -1 0 5 T 0.0 0 6.2 13 60 M M 5 18 17 70
7 81 60 71 0 0 6 0.00 0.0 0 5.4 12 10 M M 4 17 40
8 81 57 69 -2 0 4 0.49 0.0 0 4.3 23 260 M M 3 13 31 260
9 77 57 67 -4 0 2 0.00 0.0 0 3.0 9 210 M M 1 1 12 210
10 84 60 72 1 0 7 T 0.0 0 5.3 13 270 M M 2 12 24 270
11 85 65 75 4 0 10 0.28 0.0 0 10.4 29 290 M M 3 13 39 280
12 84 62 73 3 0 8 0.03 0.0 0 8.7 20 270 M M 1 1 29 290
13 73 58 66 -4 0 1 0.01 0.0 0 4.4 12 30 M M 7 14 110
14 73 59 66 -4 0 1 3.20 0.0 0 7.8 20 80 M M 10 123 38 90
15 76 57 67 -3 0 2 0.00 0.0 0 7.3 15 340 M M 2 21 340
16 79 54 67 -3 0 2 0.00 0.0 0 11.9 22 210 M M 0 31 210
17 75 53 64 -6 1 0 0.00 0.0 0 12.5 25 330 M M 3 35 340
18 76 51 64 -6 1 0 0.00 0.0 0 5.8 13 160 M M 0 1 18 200
19 85 59 72 2 0 7 0.00 0.0 0 11.1 22 180 M M 1 29 170
20 91 70 81 11 0 16 T 0.0 0 6.3 13 30 M M 2 1 16 30
21 86 70 78 9 0 13 0.00 0.0 0 5.8 14 100 M M 4 19 110
22 87 64 76 7 0 11 0.00 0.0 0 7.7 15 190 M M 1 1 20 180
23 97 75 86 17 0 21 0.00 0.0 0 10.3 17 230 M M 0 18 24 230
24 94 77 86 17 0 21 0.00 0.0 0 10.2 16 250 M M 0 18 22 240
25 87 69 78 9 0 13 T 0.0 0 5.3 13 340 M M 3 1 16 340
26 78 61 70 2 0 5 0.00 0.0 0 9.6 20 40 M M 4 28 40
27 77 56 67 -1 0 2 0.00 0.0 0 4.8 13 30 M M 4 17 20
28 80 54 67 -1 0 2 0.00 0.0 0 6.0 12 220 M M 1 14 210
29 84 59 72 4 0 7 0.00 0.0 0 8.1 18 350 M M 1 1 27 340
30 74 54 64 -4 1 0 0.00 0.0 0 8.3 13 50 M M 0 18 50
31 76 48 62 -5 3 0 0.00 0.0 0 6.0 13 130 M M 0 17 140
================================================================================
SM 2523 1896 6 208 4.01 0.0 222.4 M 78
================================================================================
AV 81.4 61.2 7.2 FASTST M M 3 MAX(MPH)
MISC ----> 29 290 39 280
================================================================================
NOTES:
# LAST OF SEVERAL OCCURRENCES
COLUMN 17 PEAK WIND IN M.P.H.
PRELIMINARY LOCAL CLIMATOLOGICAL DATA (WS FORM: F-6) , PAGE 2
STATION: DUBUQUE IA
MONTH: AUGUST
YEAR: 2023
LATITUDE: 42 24 N
LONGITUDE: 90 42 W
[TEMPERATURE DATA] [PRECIPITATION DATA] SYMBOLS USED IN COLUMN 16
AVERAGE MONTHLY: 71.3 TOTAL FOR MONTH: 4.01 1 = FOG OR MIST
DPTR FM NORMAL: 1.5 DPTR FM NORMAL: 0.06 2 = FOG REDUCING VISIBILITY
HIGHEST: 97 ON 23 GRTST 24HR 3.20 ON 13-14 TO 1/4 MILE OR LESS
LOWEST: 48 ON 31 3 = THUNDER
SNOW, ICE PELLETS, HAIL 4 = ICE PELLETS
TOTAL MONTH: 0.0 INCH 5 = HAIL
GRTST 24HR 0.0 6 = FREEZING RAIN OR DRIZZLE
GRTST DEPTH: 0 7 = DUSTSTORM OR SANDSTORM:
VSBY 1/2 MILE OR LESS
8 = SMOKE OR HAZE
[NO. OF DAYS WITH] [WEATHER - DAYS WITH] 9 = BLOWING SNOW
X = TORNADO
MAX 32 OR BELOW: 0 0.01 INCH OR MORE: 5
MAX 90 OR ABOVE: 3 0.10 INCH OR MORE: 3
MIN 32 OR BELOW: 0 0.50 INCH OR MORE: 1
MIN 0 OR BELOW: 0 1.00 INCH OR MORE: 1
[HDD (BASE 65) ]
TOTAL THIS MO. 6 CLEAR (SCALE 0-3) 22
DPTR FM NORMAL -12 PTCLDY (SCALE 4-7) 8
TOTAL FM JUL 1 8 CLOUDY (SCALE 8-10) 1
DPTR FM NORMAL -13
[CDD (BASE 65) ]
TOTAL THIS MO. 208
DPTR FM NORMAL 42 [PRESSURE DATA]
TOTAL FM JAN 1 669 HIGHEST SLP M ON M
DPTR FM NORMAL 102 LOWEST SLP 29.66 ON 17
[REMARKS]
#FINAL-08-23#