000
CXUS54 KHUN 021816
CF6DCU
PRELIMINARY LOCAL CLIMATOLOGICAL DATA (WS FORM: F-6)
STATION: DECATUR
MONTH: JULY
YEAR: 2022
LATITUDE: 34 39 N
LONGITUDE: 86 56 W
TEMPERATURE IN F: :PCPN: SNOW: WIND :SUNSHINE: SKY :PK WND
================================================================================
1 2 3 4 5 6A 6B 7 8 9 10 11 12 13 14 15 16 17 18
12Z AVG MX 2MIN
DY MAX MIN AVG DEP HDD CDD WTR SNW DPTH SPD SPD DIR MIN PSBL S-S WX SPD DR
================================================================================
1 95 68 82 3 0 17 0.00 0.0 0 3.4 14 160 M M 2 13 17 160
2 94 73 84 5 0 19 0.06 0.0 0 4.7 18 250 M M 2 13 24 250
3 95 71 83 4 0 18 T 0.0 0 5.3 20 250 M M 2 13 26 250
4 98 72 85 5 0 20 0.00 0.0 0 4.6 10 210 M M 1 15 260
5 98 74 86 6 0 21 0.00 0.0 0 5.8 26 250 M M 1 13 37 250
6 98 74 86 6 0 21 0.00 0.0 0 4.4 14 290 M M 0 138 21 290
7 96 74 85 5 0 20 M 0.0 0 5.5 17 320 M M 1 3 22 320
8 98 74 86 6 0 21 0.03 0.0 0 4.9 14 290 M M 1 3 17 270
9 96 73 85 5 0 20 0.47 0.0 0 6.0 25 10 M M 3 13 32 10
10 88 71 80 0 0 15 0.00 0.0 0 6.2 14 10 M M 6 19 20
11 92 67 80 0 0 15 0.00 0.0 0 M 14 120 M M 3 1 23 180
12 95 70 83 3 0 18 0.04 0.0 0 5.8 24 10 M M 5 3 36 30
13 84 70 77 -3 0 12 0.86 0.0 0 3.9 22 20 M M 5 13 30 30
14 92 68 80 0 0 15 0.00 0.0 0 2.2 13 350 M M 3 12 18 350
15 93 65 79 -1 0 14 0.00 0.0 0 2.2 9 230 M M 0 15 230
16 94 68 81 1 0 16 0.00 0.0 0 4.6 12 160 M M 0 16 230
17 95 71 83 3 0 18 0.00 0.0 0 6.9 15 150 M M 1 20 150
18 83 73 78 -2 0 13 0.02 0.0 0 7.0 18 180 M M 4 1 25 170
19 89 71 80 0 0 15 0.01 0.0 0 7.0 18 250 M M 4 13 26 280
20 97 72 85 5 0 20 0.00 0.0 0 9.6 17 210 M M 2 24 220
21 96 74 85 5 0 20 M 0.0 0 7.1 17 160 M M 3 13 22 170
22 93 72 83 3 0 18 0.00 0.0 0 5.1 13 220 M M 0 20 230
23 94 69 82 2 0 17 0.00 0.0 0 3.4 17 140 M M 1 1 23 140
24 94 73 84 4 0 19 0.00 0.0 0 7.2 17 280 M M 2 23 290
25 94 75 85 5 0 20 0.00 0.0 0 8.2 18 210 M M 1 24 190
26 94 75 85 5 0 20 0.00 0.0 0 8.4 15 230 M M 3 20 220
27 96 77 87 7 0 22 0.00 0.0 0 8.7 15 200 M M 1 22 270
28 97 76 87 7 0 22 T 0.0 0 8.0 21 270 M M 2 31 280
29 95 74 85 5 0 20 T 0.0 0 6.6 20 340 M M 5 26 350
30 89 75 82 2 0 17 0.31 0.0 0 4.6 16 200 M M 5 13 22 200
31 91 73 82 2 0 17 0.02 0.0 0 6.4 17 270 M M 6 3 28 250
================================================================================
SM 2903 2232 0 560 1.82 0.0 173.7 M 75
================================================================================
AV 93.6 72.0 5.8 FASTST M M 2 MAX(MPH)
MISC ----> 26 250 37 250
================================================================================
NOTES:
# LAST OF SEVERAL OCCURRENCES
COLUMN 17 PEAK WIND IN M.P.H.
PRELIMINARY LOCAL CLIMATOLOGICAL DATA (WS FORM: F-6) , PAGE 2
STATION: DECATUR
MONTH: JULY
YEAR: 2022
LATITUDE: 34 39 N
LONGITUDE: 86 56 W
[TEMPERATURE DATA] [PRECIPITATION DATA] SYMBOLS USED IN COLUMN 16
AVERAGE MONTHLY: 82.8 TOTAL FOR MONTH: 1.82 1 = FOG OR MIST
DPTR FM NORMAL: 3.1 DPTR FM NORMAL: -2.13 2 = FOG REDUCING VISIBILITY
HIGHEST: 98 ON 8, 6 GRTST 24HR 0.90 ON 12-13 TO 1/4 MILE OR LESS
LOWEST: 65 ON 15 3 = THUNDER
SNOW, ICE PELLETS, HAIL 4 = ICE PELLETS
TOTAL MONTH: 0.0 INCH 5 = HAIL
GRTST 24HR 0.0 6 = FREEZING RAIN OR DRIZZLE
GRTST DEPTH: 0 7 = DUSTSTORM OR SANDSTORM:
VSBY 1/2 MILE OR LESS
8 = SMOKE OR HAZE
[NO. OF DAYS WITH] [WEATHER - DAYS WITH] 9 = BLOWING SNOW
X = TORNADO
MAX 32 OR BELOW: 0 0.01 INCH OR MORE: 9
MAX 90 OR ABOVE: 26 0.10 INCH OR MORE: 3
MIN 32 OR BELOW: 0 0.50 INCH OR MORE: 1
MIN 0 OR BELOW: 0 1.00 INCH OR MORE: 0
[HDD (BASE 65) ]
TOTAL THIS MO. 0 CLEAR (SCALE 0-3) 22
DPTR FM NORMAL 0 PTCLDY (SCALE 4-7) 9
TOTAL FM JUL 1 0 CLOUDY (SCALE 8-10) 0
DPTR FM NORMAL 0
[CDD (BASE 65) ]
TOTAL THIS MO. 560
DPTR FM NORMAL 103 [PRESSURE DATA]
TOTAL FM JAN 1 1247 HIGHEST SLP 30.18 ON 31
DPTR FM NORMAL 176 LOWEST SLP 29.80 ON 20
[REMARKS]
#FINAL-07-22#