000
CXUS53 KILX 012300
CF6DEC
PRELIMINARY LOCAL CLIMATOLOGICAL DATA (WS FORM: F-6)
STATION: DECATUR IL AIRPORT
MONTH: MARCH
YEAR: 2020
LATITUDE: 39 49 N
LONGITUDE: 88 51 W
TEMPERATURE IN F: :PCPN: SNOW: WIND :SUNSHINE: SKY :PK WND
================================================================================
1 2 3 4 5 6A 6B 7 8 9 10 11 12 13 14 15 16 17 18
12Z AVG MX 2MIN
DY MAX MIN AVG DEP HDD CDD WTR SNW DPTH SPD SPD DIR MIN PSBL S-S WX SPD DR
================================================================================
1 63 34 49 13 16 0 0.36 M M 16.7 28 190 M M 2 138 40 190
2 52 39 46 10 19 0 0.20 M M 7.4 28 190 M M 7 13 41 200
3 56 32 44 7 21 0 0.00 M M 9.8 26 280 M M 4 1 40 280
4 53 32 43 6 22 0 0.00 M M 9.2 22 340 M M 1 29 340
5 58 28 43 6 22 0 0.00 M M 16.0 30 300 M M 2 43 300
6 46 25 36 -2 29 0 0.00 M M 15.0 31 350 M M 5 46 320
7 54 22 38 0 27 0 0.00 M M 11.2 20 190 M M 0 27 200
8 66 35 51 12 14 0 0.00 M M 17.4 28 220 M M 1 41 210
9 61 49 55 16 10 0 0.72 M M 19.3 32 200 M M 7 1 46 190
10 57 38 48 9 17 0 0.07 M M 10.1 23 290 M M 10 18 33 310
11 47 39 43 3 22 0 T M M 6.7 15 190 M M 10 18 19 210
12 56 40 48 8 17 0 0.10 M M 10.8 25 320 M M 9 123 36 310
13 50 35 43 3 22 0 0.00 M M 10.6 28 320 M M 2 40 320
14 43 32 38 -3 27 0 0.45 M M 13.8 22 50 M M 10 1 30 70
15 46 30 38 -3 27 0 0.00 M M 10.1 18 60 M M 8 23 40
16 41 35 38 -4 27 0 0.06 M M 6.8 12 200 M M 10 1 15 200
17 51 38 45 3 20 0 0.00 M M 6.7 15 340 M M 4 22 320
18 50 38 44 2 21 0 0.47 M M 6.0 17 110 M M 9 18 27 120
19 67 46 57 14 8 0 0.77 M M 15.2 24 210 M M 7 123 36 210
20 66 33 50 7 15 0 0.00 M M 16.8 28 320 M M 8 39 320
21 35 26 31 -13 34 0 0.00 M M 10.0 18 40 M M 9 23 40
22 34 24 29 -15 36 0 0.09 M M 10.0 18 60 M M 8 1 23 60
23 39 33 36 -8 29 0 0.00 M M 4.9 13 330 M M 10 1 17 330
24 45 36 41 -4 24 0 0.02 M M 10.5 17 50 M M 10 18 23 60
25 58 39 49 4 16 0 0.00 M M 8.6 17 160 M M 6 128 24 160
26 62 42 52 7 13 0 0.00 M M 9.9 20 140 M M 5 18 25 140
27 63 46 55 9 10 0 0.29 M M 10.9 20 100 M M 8 138 26 100
28 70 62 66 20 0 1 0.22 M M 14.9 29 190 M M 5 13 41 180
29 62 46 54 8 11 0 T M M 20.0 33 250 M M 4 48 230
30 63 41 52 5 13 0 0.00 M M 9.1 17 320 M M 0 28 290
31 47 37 42 -5 23 0 0.00 M M 9.8 16 350 M M 6 22 30
================================================================================
SM 1661 1132 612 1 3.82 M 354.2 M 187
================================================================================
AV 53.6 36.5 11.4 FASTST M M 6 MAX(MPH)
MISC ----> # 33 250 # 48 230
================================================================================
NOTES:
# LAST OF SEVERAL OCCURRENCES
COLUMN 17 PEAK WIND IN M.P.H.
PRELIMINARY LOCAL CLIMATOLOGICAL DATA (WS FORM: F-6) , PAGE 2
STATION: DECATUR IL AIRPORT
MONTH: MARCH
YEAR: 2020
LATITUDE: 39 49 N
LONGITUDE: 88 51 W
[TEMPERATURE DATA] [PRECIPITATION DATA] SYMBOLS USED IN COLUMN 16
AVERAGE MONTHLY: 45.1 TOTAL FOR MONTH: 3.82 1 = FOG OR MIST
DPTR FM NORMAL: 3.4 DPTR FM NORMAL: 1.18 2 = FOG REDUCING VISIBILITY
HIGHEST: 70 ON 28 GRTST 24HR 0.77 ON 19-19 TO 1/4 MILE OR LESS
LOWEST: 22 ON 7 3 = THUNDER
SNOW, ICE PELLETS, HAIL 4 = ICE PELLETS
TOTAL MONTH: M 5 = HAIL
GRTST 24HR M ON M 6 = FREEZING RAIN OR DRIZZLE
GRTST DEPTH: M ON M 7 = DUSTSTORM OR SANDSTORM:
VSBY 1/2 MILE OR LESS
8 = SMOKE OR HAZE
[NO. OF DAYS WITH] [WEATHER - DAYS WITH] 9 = BLOWING SNOW
X = TORNADO
MAX 32 OR BELOW: 0 0.01 INCH OR MORE: 13
MAX 90 OR ABOVE: 0 0.10 INCH OR MORE: 9
MIN 32 OR BELOW: 9 0.50 INCH OR MORE: 2
MIN 0 OR BELOW: 0 1.00 INCH OR MORE: 0
[HDD (BASE 65) ]
TOTAL THIS MO. 612 CLEAR (SCALE 0-3) 7
DPTR FM NORMAL -115 PTCLDY (SCALE 4-7) 14
TOTAL FM JUL 1 4728 CLOUDY (SCALE 8-10) 10
DPTR FM NORMAL -256
[CDD (BASE 65) ]
TOTAL THIS MO. 1
DPTR FM NORMAL 0 [PRESSURE DATA]
TOTAL FM JAN 1 1 HIGHEST SLP 30.62 ON 15
DPTR FM NORMAL 0 LOWEST SLP 29.52 ON 28
[REMARKS]
#FINAL-03-20#