000
CXUS53 KARX 220900
CF6DEH
PRELIMINARY LOCAL CLIMATOLOGICAL DATA (WS FORM: F-6)
STATION: DECORAH IA
MONTH: APRIL
YEAR: 2024
LATITUDE: 43 16 N
LONGITUDE: 91 44 W
TEMPERATURE IN F: :PCPN: SNOW: WIND :SUNSHINE: SKY :PK WND
================================================================================
1 2 3 4 5 6A 6B 7 8 9 10 11 12 13 14 15 16 17 18
12Z AVG MX 2MIN
DY MAX MIN AVG DEP HDD CDD WTR SNW DPTH SPD SPD DIR MIN PSBL S-S WX SPD DR
================================================================================
1 43 36 40 M 25 0 0.47 0.0 0 10.3 20 80 M M 7 1 27 80
2 36 32 34 M 31 0 M M 0 15.1 21 340 M M 10 1 32 340
3 39 32 36 M 29 0 M M M 20.2 30 340 M M 8 43 340
4 41 34 38 M 27 0 0.00 0.0 M 10.9 20 350 M M 9 28 350
5 50 28 39 M 26 0 0.00 0.0 M 4.6 10 70 M M 1 17 99
6 54 30 42 M 23 0 0.00 0.0 0 8.5 17 120 M M 2 25 110
7 46 41 44 M 21 0 0.20 0.0 0 14.7 21 130 M M 9 1 31 130
8 55 45 50 M 15 0 0.01 0.0 0 7.1 13 240 M M 9 25 230
9 61 37 49 M 16 0 0.00 0.0 0 6.4 12 300 M M 6 21 290
10 68 43 56 M 9 0 0.00 0.0 0 4.5 9 320 M M 4 18 290
11 55 45 50 M 15 0 0.10 0.0 0 8.3 17 320 M M 6 27 310
12 59 43 51 M 14 0 0.02 0.0 0 12.5 25 340 M M 3 35 340
13 77 37 57 M 8 0 0.00 0.0 0 7.7 18 190 M M 2 30 190
14 79 55 67 M 0 2 0.00 0.0 0 8.7 14 330 M M 0 27 310
15 75 45 60 M 5 0 0.00 0.0 0 6.3 13 100 M M 2 22 50
16 66 48 57 M 8 0 0.68 0.0 0 14.0 23 100 M M 8 8 44 110
17 59 46 53 M 12 0 0.09 0.0 0 8.6 14 290 M M 8 32 290
18 50 37 44 M 21 0 0.51 0.0 0 4.7 12 320 M M 7 17 300
19 46 32 39 M 26 0 0.00 0.0 0 10.2 18 290 M M 5 36 300
20 43 30 37 M 28 0 0.00 0.0 0 6.9 14 330 M M 7 23 320
21 59 30 45 M 20 0 0.00 0.0 0 6.2 14 320 M M 2 23 320
================================================================================
SM 1161 806 379 2 2.08 0.0 196.4 M 115
================================================================================
AV 55.3 38.4 9.4 FASTST M M 5 MAX(MPH)
MISC ----> 30 340 44 110
================================================================================
NOTES:
# LAST OF SEVERAL OCCURRENCES
COLUMN 17 PEAK WIND IN M.P.H.
PRELIMINARY LOCAL CLIMATOLOGICAL DATA (WS FORM: F-6) , PAGE 2
STATION: DECORAH IA
MONTH: APRIL
YEAR: 2024
LATITUDE: 43 16 N
LONGITUDE: 91 44 W
[TEMPERATURE DATA] [PRECIPITATION DATA] SYMBOLS USED IN COLUMN 16
AVERAGE MONTHLY: 46.8 TOTAL FOR MONTH: 2.08 1 = FOG OR MIST
DPTR FM NORMAL: 0.0 DPTR FM NORMAL: 2.08 2 = FOG REDUCING VISIBILITY
HIGHEST: 79 ON 14 GRTST 24HR 0.68 ON 16-16 TO 1/4 MILE OR LESS
LOWEST: 28 ON 5 3 = THUNDER
SNOW, ICE PELLETS, HAIL 4 = ICE PELLETS
TOTAL MONTH: 0.0 INCH 5 = HAIL
GRTST 24HR 0.0 6 = FREEZING RAIN OR DRIZZLE
GRTST DEPTH: 0 7 = DUSTSTORM OR SANDSTORM:
VSBY 1/2 MILE OR LESS
8 = SMOKE OR HAZE
[NO. OF DAYS WITH] [WEATHER - DAYS WITH] 9 = BLOWING SNOW
X = TORNADO
MAX 32 OR BELOW: 0 0.01 INCH OR MORE: 8
MAX 90 OR ABOVE: 0 0.10 INCH OR MORE: 4
MIN 32 OR BELOW: 7 0.50 INCH OR MORE: 2
MIN 0 OR BELOW: 0 1.00 INCH OR MORE: 0
[HDD (BASE 65) ]
TOTAL THIS MO. 379 CLEAR (SCALE 0-3) 7
DPTR FM NORMAL M PTCLDY (SCALE 4-7) 8
TOTAL FM JUL 1 5593 CLOUDY (SCALE 8-10) 6
DPTR FM NORMAL M
[CDD (BASE 65) ]
TOTAL THIS MO. 2
DPTR FM NORMAL M [PRESSURE DATA]
TOTAL FM JAN 1 2 HIGHEST SLP M ON M
DPTR FM NORMAL M LOWEST SLP M ON M
[REMARKS]