000
CXUS53 KARX 011000
CF6DEH
PRELIMINARY LOCAL CLIMATOLOGICAL DATA (WS FORM: F-6)
STATION: DECORAH IA
MONTH: FEBRUARY
YEAR: 2021
LATITUDE: 43 16 N
LONGITUDE: 91 44 W
TEMPERATURE IN F: :PCPN: SNOW: WIND :SUNSHINE: SKY :PK WND
================================================================================
1 2 3 4 5 6A 6B 7 8 9 10 11 12 13 14 15 16 17 18
12Z AVG MX 2MIN
DY MAX MIN AVG DEP HDD CDD WTR SNW DPTH SPD SPD DIR MIN PSBL S-S WX SPD DR
================================================================================
1 30 21 26 M 39 0 M M M 8.4 14 330 M M 8 1 20 330
2 25 14 20 M 45 0 M M M 3.1 7 20 M M 6 1 M M
3 30 10 20 M 45 0 M M M 8.2 17 160 M M 3 12 26 160
4 32 9 21 M 44 0 M M M 10.8 17 300 M M 9 33 310
5 9 3 6 M 59 0 0.00 0.0 M 10.0 15 290 M M 6 8 27 280
6 3 -11 -4 M 69 0 0.00 0.0 M 8.4 13 310 M M 2 22 300
7 -4 -18 -11 M 76 0 M M M 4.5 10 330 M M 3 13 320
8 1 -9 -4 M 69 0 M M M 2.5 7 340 M M 4 M M
9 7 -15 -4 M 69 0 0.00 0.0 M 3.6 8 250 M M 0 15 99
10 9 -6 2 M 63 0 0.00 0.0 M 3.4 13 360 M M 3 16 360
11 0 -8 -4 M 69 0 M M M 7.0 12 340 M M 4 17 350
12 -6 -9 -7 M 72 0 M M M 10.9 17 330 M M 3 22 340
13 -2 -11 -6 M 71 0 M M M 10.9 18 350 M M 4 8 23 340
14 -8 -15 -11 M 76 0 0.00 0.0 M 11.7 16 340 M M 2 21 340
15 0 -17 -8 M 73 0 0.00 0.0 M 8.3 13 10 M M 1 18 10
16 12 -9 2 M 63 0 M M M 2.8 10 360 M M 3 M M
17 9 -13 -2 M 67 0 M M M 1.7 6 99 M M 3 12 99
18 16 3 10 M 55 0 M M M 1.4 6 99 M M 6 1 M M
19 16 1 9 M 56 0 T T M 3.2 9 280 M M 5 1 15 280
20 21 -6 8 M 57 0 0.00 0.0 M 4.4 10 150 M M 4 18 99
21 25 19 22 M 43 0 M M M 8.8 16 130 M M 6 1 27 130
22 39 23 31 M 34 0 M M M 8.2 12 230 M M 6 1 27 260
23 39 30 35 M 30 0 0.00 0.0 M 7.0 9 150 M M 0 20 140
24 37 23 30 M 35 0 M M M 9.2 18 330 M M 1 1 24 330
25 37 19 28 M 37 0 0.00 0.0 M 4.1 9 250 M M 3 12 14 99
26 37 19 28 M 37 0 0.00 0.0 M 9.5 17 180 M M 3 1 25 180
27 43 28 36 M 29 0 0.00 0.0 M 5.3 9 100 M M 3 18 100
28 37 19 28 M 37 0 M M M 10.1 18 320 M M 6 12 27 300
================================================================================
SM 494 94 1519 0 T T 187.4 M 107
================================================================================
AV 17.6 3.4 6.7 FASTST M M 4 MAX(MPH)
MISC ----> # 18 350 33 310
================================================================================
NOTES:
# LAST OF SEVERAL OCCURRENCES
COLUMN 17 PEAK WIND IN M.P.H.
PRELIMINARY LOCAL CLIMATOLOGICAL DATA (WS FORM: F-6) , PAGE 2
STATION: DECORAH IA
MONTH: FEBRUARY
YEAR: 2021
LATITUDE: 43 16 N
LONGITUDE: 91 44 W
[TEMPERATURE DATA] [PRECIPITATION DATA] SYMBOLS USED IN COLUMN 16
AVERAGE MONTHLY: 10.5 TOTAL FOR MONTH: T 1 = FOG OR MIST
DPTR FM NORMAL: 0.0 DPTR FM NORMAL: -0.00 2 = FOG REDUCING VISIBILITY
HIGHEST: 43 ON 27 GRTST 24HR T ON 19-19 TO 1/4 MILE OR LESS
LOWEST: -18 ON 7 3 = THUNDER
SNOW, ICE PELLETS, HAIL 4 = ICE PELLETS
TOTAL MONTH: T 5 = HAIL
GRTST 24HR T ON 19-19 6 = FREEZING RAIN OR DRIZZLE
GRTST DEPTH: M ON M 7 = DUSTSTORM OR SANDSTORM:
VSBY 1/2 MILE OR LESS
8 = SMOKE OR HAZE
[NO. OF DAYS WITH] [WEATHER - DAYS WITH] 9 = BLOWING SNOW
X = TORNADO
MAX 32 OR BELOW: 21 0.01 INCH OR MORE: 0
MAX 90 OR ABOVE: 0 0.10 INCH OR MORE: 0
MIN 32 OR BELOW: 28 0.50 INCH OR MORE: 0
MIN 0 OR BELOW: 13 1.00 INCH OR MORE: 0
[HDD (BASE 65) ]
TOTAL THIS MO. 1519 CLEAR (SCALE 0-3) 14
DPTR FM NORMAL M PTCLDY (SCALE 4-7) 13
TOTAL FM JUL 1 5590 CLOUDY (SCALE 8-10) 1
DPTR FM NORMAL M
[CDD (BASE 65) ]
TOTAL THIS MO. 0
DPTR FM NORMAL M [PRESSURE DATA]
TOTAL FM JAN 1 0 HIGHEST SLP M ON M
DPTR FM NORMAL M LOWEST SLP M ON M
[REMARKS]
#FINAL-02-21#