000
CXUS56 KOTX 010910
CF6DEW
PRELIMINARY LOCAL CLIMATOLOGICAL DATA (WS FORM: F-6)
STATION: DEER_PARK WA AIRPORT
MONTH: OCTOBER
YEAR: 2021
LATITUDE: 47 58 N
LONGITUDE: 117 25 W
TEMPERATURE IN F: :PCPN: SNOW: WIND :SUNSHINE: SKY :PK WND
================================================================================
1 2 3 4 5 6A 6B 7 8 9 10 11 12 13 14 15 16 17 18
12Z AVG MX 2MIN
DY MAX MIN AVG DEP HDD CDD WTR SNW DPTH SPD SPD DIR MIN PSBL S-S WX SPD DR
================================================================================
1 64 35 50 -1 15 0 0.00 M M 1.5 8 160 M M 5 12 10 160
2 63 30 47 -4 18 0 0.00 M M 2.6 9 250 M M 1 14 210
3 70 33 52 2 13 0 0.00 M M 2.9 12 190 M M 0 1 16 170
4 69 34 52 2 13 0 0.00 M M 2.9 8 50 M M 0 8 12 40
5 74 39 57 8 8 0 0.00 M M 6.2 15 210 M M 2 18 210
6 55 30 43 -6 22 0 0.02 M M 8.6 18 180 M M 5 24 140
7 58 24 41 -7 24 0 0.00 M M 3.0 10 30 M M 1 1 14 160
8 60 28 44 -4 21 0 0.00 M M 6.0 14 20 M M 0 19 30
9 58 22 40 -8 25 0 T M M 5.9 17 200 M M 3 18 22 200
10 61 27 44 -3 21 0 0.00 M M 10.9 23 230 M M 6 29 240
11 56 20 38 -9 27 0 0.00 M M 3.7 13 300 M M 0 23 250
12 53 21 37 -9 28 0 0.00 M M 2.2 10 350 M M 2 8 12 230
13 40 30 35 -11 30 0 0.04 M M 3.0 12 190 M M 10 12 13 180
14 49 34 42 -3 23 0 0.00 M M 3.7 12 180 M M 9 12 15 180
15 53 34 44 -1 21 0 0.03 M M 3.3 10 200 M M 10 12 210
16 68 41 55 11 10 0 0.00 M M 4.3 12 180 M M 3 14 180
17 66 38 52 8 13 0 0.00 M M 3.1 8 360 M M 0 16 220
18 67 30 49 5 16 0 0.00 M M 2.0 8 350 M M 0 9 50
19 69 27 48 5 17 0 0.00 M M 4.3 12 70 M M 0 1 15 200
20 55 37 46 3 19 0 0.09 M M 3.9 12 230 M M 5 1 16 230
21 61 40 51 9 14 0 0.00 M M 10.0 16 40 M M 4 22 220
22 54 47 51 9 14 0 0.34 M M 7.6 17 20 M M 10 1 22 20
23 49 43 46 4 19 0 0.06 M M 5.5 14 200 M M 10 1 17 200
24 51 42 47 6 18 0 0.43 M M 8.3 18 60 M M 8 1 23 60
25 56 34 45 4 20 0 0.02 M M 6.4 17 210 M M 5 1 23 200
26 53 39 46 6 19 0 0.08 M M 9.1 21 240 M M 8 1 26 210
27 53 37 45 5 20 0 0.00 M M 9.4 22 220 M M 3 27 220
28 62 40 51 11 14 0 0.18 M M 8.0 28 210 M M 10 1 39 200
29 59 27 43 4 22 0 0.38 M M 5.2 23 340 M M 7 1 30 340
30 49 23 36 -3 29 0 0.00 M M 6.9 15 50 M M 0 1 19 40
31 50 23 37 -2 28 0 0.00 M M 11.0 22 60 M M 0 27 50
================================================================================
SM 1805 1009 601 0 1.67 M 171.4 M 127
================================================================================
AV 58.2 32.5 5.5 FASTST M M 4 MAX(MPH)
MISC ----> 28 210 39 200
================================================================================
NOTES:
# LAST OF SEVERAL OCCURRENCES
COLUMN 17 PEAK WIND IN M.P.H.
PRELIMINARY LOCAL CLIMATOLOGICAL DATA (WS FORM: F-6) , PAGE 2
STATION: DEER_PARK WA AIRPORT
MONTH: OCTOBER
YEAR: 2021
LATITUDE: 47 58 N
LONGITUDE: 117 25 W
[TEMPERATURE DATA] [PRECIPITATION DATA] SYMBOLS USED IN COLUMN 16
AVERAGE MONTHLY: 45.4 TOTAL FOR MONTH: 1.67 1 = FOG OR MIST
DPTR FM NORMAL: 0.8 DPTR FM NORMAL: -0.33 2 = FOG REDUCING VISIBILITY
HIGHEST: 74 ON 5 GRTST 24HR 0.43 ON 24-24 TO 1/4 MILE OR LESS
LOWEST: 20 ON 11 3 = THUNDER
SNOW, ICE PELLETS, HAIL 4 = ICE PELLETS
TOTAL MONTH: M 5 = HAIL
GRTST 24HR M ON M 6 = FREEZING RAIN OR DRIZZLE
GRTST DEPTH: M ON M 7 = DUSTSTORM OR SANDSTORM:
VSBY 1/2 MILE OR LESS
8 = SMOKE OR HAZE
[NO. OF DAYS WITH] [WEATHER - DAYS WITH] 9 = BLOWING SNOW
X = TORNADO
MAX 32 OR BELOW: 0 0.01 INCH OR MORE: 11
MAX 90 OR ABOVE: 0 0.10 INCH OR MORE: 4
MIN 32 OR BELOW: 14 0.50 INCH OR MORE: 0
MIN 0 OR BELOW: 0 1.00 INCH OR MORE: 0
[HDD (BASE 65) ]
TOTAL THIS MO. 601 CLEAR (SCALE 0-3) 16
DPTR FM NORMAL -31 PTCLDY (SCALE 4-7) 8
TOTAL FM JUL 1 890 CLOUDY (SCALE 8-10) 7
DPTR FM NORMAL -126
[CDD (BASE 65) ]
TOTAL THIS MO. 0
DPTR FM NORMAL 0 [PRESSURE DATA]
TOTAL FM JAN 1 566 HIGHEST SLP M ON M
DPTR FM NORMAL 350 LOWEST SLP 29.30 ON 24
[REMARKS]
#FINAL-10-21#