000
CXUS53 KIWX 010910
CF6DFI
PRELIMINARY LOCAL CLIMATOLOGICAL DATA (WS FORM: F-6)
STATION: DEFIANCE MEMORIAL
MONTH: JANUARY
YEAR: 2021
LATITUDE: 41 20 N
LONGITUDE: 84 26 W
TEMPERATURE IN F: :PCPN: SNOW: WIND :SUNSHINE: SKY :PK WND
================================================================================
1 2 3 4 5 6A 6B 7 8 9 10 11 12 13 14 15 16 17 18
12Z AVG MX 2MIN
DY MAX MIN AVG DEP HDD CDD WTR SNW DPTH SPD SPD DIR MIN PSBL S-S WX SPD DR
================================================================================
1 34 27 31 5 34 0 0.47 M M 9.4 20 40 M M 9 16 30 50
2 37 33 35 10 30 0 0.02 M M 4.3 9 320 M M 10 1 14 50
3 36 34 35 10 30 0 0.01 M M 5.2 12 240 M M 10 1 20 270
4 34 32 33 8 32 0 0.00 M M 4.4 12 230 M M 10 18 15 220
5 36 32 34 9 31 0 T M M 5.3 15 310 M M 10 18 20 300
6 38 34 36 11 29 0 0.00 M M 5.7 12 360 M M 10 15 360
7 38 32 35 10 30 0 0.00 M M 7.3 16 30 M M 10 23 60
8 34 28 31 6 34 0 0.00 0.0 M 9.3 16 30 M M 9 22 40
9 40 24 32 7 33 0 0.00 0.0 M 4.2 14 10 M M 5 18 20
10 32 20 26 1 39 0 0.00 M M 4.3 12 190 M M 5 18 17 200
11 30 25 28 3 37 0 0.00 M M 7.5 15 230 M M 10 23 230
12 36 26 31 6 34 0 0.00 0.0 M 9.1 17 210 M M 9 18 25 200
13 44 31 38 13 27 0 0.00 M M 10.2 18 210 M M 3 8 26 220
14 45 33 39 14 26 0 0.00 M M 7.6 14 200 M M 4 20 180
15 43 23 33 8 32 0 0.14 M M 4.5 18 200 M M 8 128 28 210
16 35 23 29 4 36 0 T M M 3.5 10 230 M M 10 128 15 250
17 36 31 34 9 31 0 T M M 6.8 12 250 M M 10 1 19 250
18 33 29 31 6 34 0 T M M 7.3 14 230 M M 10 8 22 250
19 35 24 30 5 35 0 0.01 M M 7.9 15 240 M M 8 1 23 230
20 33 22 28 3 37 0 0.01 M M 10.1 23 320 M M 7 1 32 310
21 45 29 37 12 28 0 0.00 M M 11.1 20 260 M M 0 38 250
22 35 22 29 4 36 0 T M M 11.1 22 310 M M 10 32 310
23 31 12 22 -3 43 0 0.00 M M 3.4 17 350 M M 3 24 310
24 32 22 27 2 38 0 T M M 5.2 14 130 M M 10 18 19 130
25 33 26 30 5 35 0 T M M 6.5 13 50 M M 8 1 22 50
26 33 28 31 6 34 0 0.05 M M 7.9 16 70 M M 10 16 25 60
27 29 20 25 0 40 0 0.00 M M 6.7 15 10 M M 4 20 10
28 28 22 25 0 40 0 0.00 M M 9.5 21 330 M M 9 29 340
29 31 17 24 -1 41 0 0.00 M M 2.4 7 320 M M 3 11 330
30 34 19 27 2 38 0 T M M 9.0 17 90 M M 7 26 80
31 33 27 30 5 35 0 M M M 15.2 22 80 M M 10 18 31 20
================================================================================
SM 1093 807 1059 0 0.71 0.0 221.9 M 241
================================================================================
AV 35.3 26.0 7.2 FASTST M M 8 MAX(MPH)
MISC ----> 23 320 38 250
================================================================================
NOTES:
# LAST OF SEVERAL OCCURRENCES
COLUMN 17 PEAK WIND IN M.P.H.
PRELIMINARY LOCAL CLIMATOLOGICAL DATA (WS FORM: F-6) , PAGE 2
STATION: DEFIANCE MEMORIAL
MONTH: JANUARY
YEAR: 2021
LATITUDE: 41 20 N
LONGITUDE: 84 26 W
[TEMPERATURE DATA] [PRECIPITATION DATA] SYMBOLS USED IN COLUMN 16
AVERAGE MONTHLY: 30.6 TOTAL FOR MONTH: 0.71 1 = FOG OR MIST
DPTR FM NORMAL: 5.7 DPTR FM NORMAL: -0.95 2 = FOG REDUCING VISIBILITY
HIGHEST: 45 ON 21,14 GRTST 24HR 0.67 ON 1- 1 TO 1/4 MILE OR LESS
LOWEST: 12 ON 23 3 = THUNDER
SNOW, ICE PELLETS, HAIL 4 = ICE PELLETS
TOTAL MONTH: 0.0 INCH 5 = HAIL
GRTST 24HR 0.0 6 = FREEZING RAIN OR DRIZZLE
GRTST DEPTH: M ON M 7 = DUSTSTORM OR SANDSTORM:
VSBY 1/2 MILE OR LESS
8 = SMOKE OR HAZE
[NO. OF DAYS WITH] [WEATHER - DAYS WITH] 9 = BLOWING SNOW
X = TORNADO
MAX 32 OR BELOW: 7 0.01 INCH OR MORE: 7
MAX 90 OR ABOVE: 0 0.10 INCH OR MORE: 2
MIN 32 OR BELOW: 27 0.50 INCH OR MORE: 0
MIN 0 OR BELOW: 0 1.00 INCH OR MORE: 0
[HDD (BASE 65) ]
TOTAL THIS MO. 1059 CLEAR (SCALE 0-3) 4
DPTR FM NORMAL -185 PTCLDY (SCALE 4-7) 7
TOTAL FM JUL 1 3034 CLOUDY (SCALE 8-10) 20
DPTR FM NORMAL -575
[CDD (BASE 65) ]
TOTAL THIS MO. 0
DPTR FM NORMAL 0 [PRESSURE DATA]
TOTAL FM JAN 1 0 HIGHEST SLP 30.62 ON 28
DPTR FM NORMAL 0 LOWEST SLP 29.50 ON 15
[REMARKS]
#FINAL-01-21#