000
CXUS54 KFWD 290730
CF6DFW
PRELIMINARY LOCAL CLIMATOLOGICAL DATA (WS FORM: F-6)
STATION: DALLAS/FORT WORTH
MONTH: MARCH
YEAR: 2024
LATITUDE: 32 54 N
LONGITUDE: 97 2 W
TEMPERATURE IN F: :PCPN: SNOW: WIND :SUNSHINE: SKY :PK WND
================================================================================
1 2 3 4 5 6A 6B 7 8 9 10 11 12 13 14 15 16 17 18
12Z AVG MX 2MIN
DY MAX MIN AVG DEP HDD CDD WTR SNW DPTH SPD SPD DIR MIN PSBL S-S WX SPD DR
================================================================================
1 69 39 54 0 11 0 0.00 0.0 0 8.1 16 170 M M 3 21 170
2 83 51 67 13 0 2 0.00 0.0 0 13.1 25 200 M M 4 33 160
3 81 62 72 18 0 7 0.00 0.0 0 17.4 28 190 M M 7 32 180
4 83 67 75 20 0 10 0.00 0.0 0 12.9 25 190 M M 8 35 190
5 80 57 69 14 0 4 0.00 0.0 0 7.6 18 10 M M 4 18 23 20
6 76 52 64 9 1 0 0.01 0.0 0 9.1 46 190 M M 6 59 200
7 68 58 63 7 2 0 2.67 0.0 0 9.4 35 150 M M 10 3 44 170
8 71 43 57 1 8 0 0.08 0.0 0 13.2 32 330 M M 9 13 41 350
9 61 43 52 -4 13 0 0.00 0.0 0 14.5 26 350 M M 5 34 330
10 65 40 53 -3 12 0 0.00 0.0 0 3.2 8 160 M M 6 11 160
11 70 48 59 2 6 0 0.01 0.0 0 8.3 18 200 M M 7 26 190
12 75 54 65 8 0 0 0.00 0.0 0 13.6 24 180 M M 7 31 180
13 80 63 72 15 0 7 0.00 0.0 0 16.9 25 170 M M 5 34 180
14 81 69 75 17 0 10 T 0.0 0 12.5 26 180 M M 9 36 180
15 71 55 63 5 2 0 0.76 0.0 0 13.4 29 60 M M 9 13 36 60
16 62 56 59 1 6 0 0.77 0.0 0 7.5 15 60 M M 9 13 19 60
17 66 53 60 1 5 0 0.02 0.0 0 12.1 22 360 M M 9 1 29 40
18 59 46 53 -6 12 0 0.00 0.0 0 9.0 22 360 M M 5 29 10
19 67 40 54 -5 11 0 0.00 0.0 0 7.1 16 170 M M 4 21 160
20 73 49 61 2 4 0 0.00 0.0 0 9.5 17 170 M M 8 23 170
21 65 54 60 0 5 0 0.31 0.0 0 8.1 16 250 M M 9 13 21 130
22 68 55 62 2 3 0 T 0.0 0 8.5 18 360 M M 7 1 23 350
23 68 48 58 -2 7 0 0.00 0.0 0 8.8 18 20 M M 5 8 24 20
24 68 57 63 3 2 0 0.19 0.0 0 18.6 30 160 M M 9 13 40 160
25 74 45 60 -1 5 0 0.84 0.0 0 13.8 29 320 M M 6 13 37 320
26 60 39 50 -11 15 0 0.00 0.0 0 10.7 20 310 M M 3 8 25 310
27 67 42 55 -6 10 0 0.00 0.0 0 6.3 16 70 M M 5 20 60
28 73 42 58 -4 7 0 0.00 0.0 0 8.8 17 170 M M 1 23 160
================================================================================
SM 1984 1427 147 40 5.66 0.0 302.0 M 179
================================================================================
AV 70.9 51.0 10.8 FASTST M M 6 MAX(MPH)
MISC ----> 46 190 59 200
================================================================================
NOTES:
# LAST OF SEVERAL OCCURRENCES
COLUMN 17 PEAK WIND IN M.P.H.
PRELIMINARY LOCAL CLIMATOLOGICAL DATA (WS FORM: F-6) , PAGE 2
STATION: DALLAS/FORT WORTH
MONTH: MARCH
YEAR: 2024
LATITUDE: 32 54 N
LONGITUDE: 97 2 W
[TEMPERATURE DATA] [PRECIPITATION DATA] SYMBOLS USED IN COLUMN 16
AVERAGE MONTHLY: 60.9 TOTAL FOR MONTH: 5.66 1 = FOG OR MIST
DPTR FM NORMAL: 3.2 DPTR FM NORMAL: 2.67 2 = FOG REDUCING VISIBILITY
HIGHEST: 83 ON 4, 2 GRTST 24HR 2.74 ON 7- 8 TO 1/4 MILE OR LESS
LOWEST: 39 ON 26, 1 3 = THUNDER
SNOW, ICE PELLETS, HAIL 4 = ICE PELLETS
TOTAL MONTH: T 5 = HAIL
GRTST 24HR 0.0 6 = FREEZING RAIN OR DRIZZLE
GRTST DEPTH: 0 7 = DUSTSTORM OR SANDSTORM:
VSBY 1/2 MILE OR LESS
8 = SMOKE OR HAZE
[NO. OF DAYS WITH] [WEATHER - DAYS WITH] 9 = BLOWING SNOW
X = TORNADO
MAX 32 OR BELOW: 0 0.01 INCH OR MORE: 10
MAX 90 OR ABOVE: 0 0.10 INCH OR MORE: 6
MIN 32 OR BELOW: 0 0.50 INCH OR MORE: 4
MIN 0 OR BELOW: 0 1.00 INCH OR MORE: 1
[HDD (BASE 65) ]
TOTAL THIS MO. 147 CLEAR (SCALE 0-3) 2
DPTR FM NORMAL -85 PTCLDY (SCALE 4-7) 18
TOTAL FM JUL 1 1766 CLOUDY (SCALE 8-10) 8
DPTR FM NORMAL -346
[CDD (BASE 65) ]
TOTAL THIS MO. 40
DPTR FM NORMAL 6 [PRESSURE DATA]
TOTAL FM JAN 1 74 HIGHEST SLP M ON M
DPTR FM NORMAL 30 LOWEST SLP 29.41 ON 25
[REMARKS]