484
CXUS55 KCYS 170100
CF6DGW
PRELIMINARY LOCAL CLIMATOLOGICAL DATA (WS FORM: F-6)
STATION: CONVERSE CO (DOUGLAS) WY ARPT
MONTH: JUNE
YEAR: 2020
LATITUDE: 42 46 N
LONGITUDE: 105 22 W
TEMPERATURE IN F: :PCPN: SNOW: WIND :SUNSHINE: SKY :PK WND
================================================================================
1 2 3 4 5 6A 6B 7 8 9 10 11 12 13 14 15 16 17 18
12Z AVG MX 2MIN
DY MAX MIN AVG DEP HDD CDD WTR SNW DPTH SPD SPD DIR MIN PSBL S-S WX SPD DR
================================================================================
1 94 50 72 13 0 7 0.00 M M 9.0 26 260 M M 0 36 270
2 84 52 68 9 0 3 0.00 M M 11.0 21 110 M M 0 28 110
3 87 51 69 10 0 4 0.00 M M 10.4 31 240 M M 0 54 250
4 89 43 66 6 0 1 0.02 M M 7.6 29 260 M M 1 3 39 310
5 90 48 69 9 0 4 T M M 13.8 29 160 M M 0 39 150
6 80 53 67 7 0 2 0.30 M M 9.9 49 250 M M 2 138 72 270
7 78 46 62 1 3 0 0.02 M M 10.4 37 290 M M 3 3 50 290
8 72 39 56 -5 9 0 0.01 M M 11.8 24 290 M M 4 33 220
9 68 42 55 -7 10 0 T M M 16.8 32 330 M M 2 46 330
10 78 39 59 -3 6 0 0.00 M M 9.2 25 290 M M 4 33 260
11 83 38 61 -1 4 0 0.00 M M 4.6 16 150 M M 0 24 290
12 90 45 68 5 0 3 0.00 M M 7.9 24 140 M M 0 32 140
13 93 62 78 15 0 13 0.03 M M 18.5 40 150 M M 1 38 55 140
14 88 53 71 8 0 6 0.01 M M 14.2 36 250 M M 0 48 250
15 88 48 68 4 0 3 0.00 M M 11.0 29 160 M M 0 42 160
16 92 53 73 9 0 8 0.00 M M 13.0 33 230 M M 0 46 220
17 82 40 61 -3 4 0 0.00 M M 15.3 39 280 M M 1 3 52 290
18 74 42 58 -7 7 0 0.00 M M 10.0 20 40 M M 3 26 40
19 73 46 60 -5 5 0 T M M 12.8 30 130 M M 2 3 37 140
20 83 44 64 -1 1 0 0.00 M M 8.9 18 280 M M 1 26 280
21 81 47 64 -2 1 0 0.03 M M 10.6 38 330 M M 3 38 58 330
22 82 44 63 -3 2 0 0.00 M M 7.9 21 20 M M 2 28 10
23 88 48 68 2 0 3 0.00 M M 5.6 17 310 M M 2 27 360
24 94 50 72 5 0 7 0.00 M M 7.3 17 320 M M 1 21 160
25 88 57 73 6 0 8 0.42 M M 9.8 40 320 M M 1 138 58 310
26 81 56 69 2 0 4 0.00 M M 6.1 13 160 M M 3 18 140
27 93 50 72 4 0 7 0.00 M M 4.1 21 250 M M 0 1 25 250
28 90 57 74 6 0 9 0.00 M M 10.9 33 210 M M 1 3 45 200
29 91 56 74 6 0 9 0.04 M M 12.5 36 280 M M 1 3 48 280
30 75 53 64 -4 1 0 T M M 15.4 41 250 M M 6 55 250
================================================================================
SM 2529 1452 53 101 0.88 M 316.3 M 44
================================================================================
AV 84.3 48.4 10.5 FASTST M M 1 MAX(MPH)
MISC ----> # 49 250 # 72 270
================================================================================
NOTES:
# LAST OF SEVERAL OCCURRENCES
COLUMN 17 PEAK WIND IN M.P.H.
PRELIMINARY LOCAL CLIMATOLOGICAL DATA (WS FORM: F-6) , PAGE 2
STATION: CONVERSE CO (DOUGLAS) WY ARPT
MONTH: JUNE
YEAR: 2020
LATITUDE: 42 46 N
LONGITUDE: 105 22 W
[TEMPERATURE DATA] [PRECIPITATION DATA] SYMBOLS USED IN COLUMN 16
AVERAGE MONTHLY: 66.4 TOTAL FOR MONTH: 0.88 1 = FOG OR MIST
DPTR FM NORMAL: 2.7 DPTR FM NORMAL: -1.03 2 = FOG REDUCING VISIBILITY
HIGHEST: 94 ON 24, 1 GRTST 24HR 0.42 ON 25-25 TO 1/4 MILE OR LESS
LOWEST: 38 ON 11 3 = THUNDER
SNOW, ICE PELLETS, HAIL 4 = ICE PELLETS
TOTAL MONTH: M 5 = HAIL
GRTST 24HR M ON M 6 = FREEZING RAIN OR DRIZZLE
GRTST DEPTH: M ON M 7 = DUSTSTORM OR SANDSTORM:
VSBY 1/2 MILE OR LESS
8 = SMOKE OR HAZE
[NO. OF DAYS WITH] [WEATHER - DAYS WITH] 9 = BLOWING SNOW
X = TORNADO
MAX 32 OR BELOW: 0 0.01 INCH OR MORE: 9
MAX 90 OR ABOVE: 9 0.10 INCH OR MORE: 2
MIN 32 OR BELOW: 0 0.50 INCH OR MORE: 0
MIN 0 OR BELOW: 0 1.00 INCH OR MORE: 0
[HDD (BASE 65) ]
TOTAL THIS MO. 53 CLEAR (SCALE 0-3) 27
DPTR FM NORMAL -57 PTCLDY (SCALE 4-7) 3
TOTAL FM JUL 1 7410 CLOUDY (SCALE 8-10) 0
DPTR FM NORMAL -31
[CDD (BASE 65) ]
TOTAL THIS MO. 101
DPTR FM NORMAL 30 [PRESSURE DATA]
TOTAL FM JAN 1 122 HIGHEST SLP 30.21 ON 12
DPTR FM NORMAL 45 LOWEST SLP 29.33 ON 29
[REMARKS]
#FINAL-06-20#