463
CXUS52 KTAE 131457
CF6DHN
PRELIMINARY LOCAL CLIMATOLOGICAL DATA (WS FORM: F-6)
STATION: DOTHAN
MONTH: FEBRUARY
YEAR: 2021
LATITUDE: 31 19 N
LONGITUDE: 85 27 W
TEMPERATURE IN F: :PCPN: SNOW: WIND :SUNSHINE: SKY :PK WND
================================================================================
1 2 3 4 5 6A 6B 7 8 9 10 11 12 13 14 15 16 17 18
12Z AVG MX 2MIN
DY MAX MIN AVG DEP HDD CDD WTR SNW DPTH SPD SPD DIR MIN PSBL S-S WX SPD DR
================================================================================
1 52 43 48 -2 17 0 0.00 0.0 0 18.8 24 310 M M 10 37 330
2 53 32 43 -7 22 0 0.00 0.0 0 M M M M M M M M
3 58 29 44 -7 21 0 0.00 0.0 0 6.8 16 350 M M 0 19 340
4 67 31 49 -2 16 0 T 0.0 0 7.3 16 180 M M 3 1 22 180
5 62 44 53 2 12 0 0.33 0.0 0 8.8 21 350 M M 10 1 23 350
6 47 43 45 -6 20 0 0.52 0.0 0 10.2 20 70 M M 10 1 27 70
7 56 38 47 -4 18 0 0.00 0.0 0 6.1 17 350 M M 6 1 22 340
8 65 35 50 -2 15 0 0.00 0.0 0 4.8 14 130 M M 0 18 110
9 63 53 58 6 7 0 1.24 0.0 M 4.7 16 330 M M 10 123 19 330
10 67 56 62 10 3 0 0.01 0.0 M 2.8 9 330 M M 10 123 13 310
11 74 56 65 13 0 0 0.18 0.0 0 5.8 15 280 M M 10 123 17 300
12 67 56 62 10 3 0 0.41 0.0 0 6.0 13 60 M M 9 1 17 70
13 56 49 53 0 12 0 0.70 0.0 0 9.4 18 90 M M 10 1 23 80
14 50 46 48 -5 17 0 0.13 0.0 0 8.8 15 40 M M 10 1 19 20
15 65 44 55 2 10 0 0.69 0.0 0 9.2 20 290 M M 10 123 23 290
16 44 28 36 -17 29 0 0.00 0.0 M 10.3 17 300 M M 6 1 20 290
17 58 28 43 -11 22 0 0.00 0.0 0 8.2 18 120 M M 5 23 130
18 60 48 54 0 11 0 0.97 0.0 M 9.9 21 280 M M 10 1 26 280
19 52 38 45 -9 20 0 0.08 0.0 M 12.3 21 330 M M 6 1 25 330
20 62 31 47 -7 18 0 0.00 0.0 M 5.3 12 50 M M 0 14 340
21 67 33 50 -4 15 0 0.00 0.0 0 6.5 20 80 M M 3 25 80
22 73 53 63 8 2 0 0.12 0.0 M 8.3 21 290 M M 6 1 23 290
23 72 41 57 2 8 0 0.00 0.0 M 6.5 12 250 M M 0 13 330
24 74 39 57 2 8 0 0.00 0.0 M 5.0 15 240 M M 0 21 220
25 81 53 67 12 0 2 0.00 0.0 0 5.0 13 230 M M 3 12 15 230
26 79 55 67 12 0 2 0.00 0.0 0 6.8 18 210 M M 5 12 23 210
27 80 58 69 13 0 4 0.00 0.0 0 6.4 14 190 M M 5 1 16 200
28 83 62 73 17 0 8 0.00 0.0 0 9.9 22 180 M M 7 1 26 180
================================================================================
SM 1787 1222 326 16 5.38 0.0 209.9 M 164
================================================================================
AV 63.8 43.6 7.8 FASTST M M 6 MAX(MPH)
MISC ----> 24 310 37 330
================================================================================
NOTES:
# LAST OF SEVERAL OCCURRENCES
COLUMN 17 PEAK WIND IN M.P.H.
PRELIMINARY LOCAL CLIMATOLOGICAL DATA (WS FORM: F-6) , PAGE 2
STATION: DOTHAN
MONTH: FEBRUARY
YEAR: 2021
LATITUDE: 31 19 N
LONGITUDE: 85 27 W
[TEMPERATURE DATA] [PRECIPITATION DATA] SYMBOLS USED IN COLUMN 16
AVERAGE MONTHLY: 53.7 TOTAL FOR MONTH: 5.38 1 = FOG OR MIST
DPTR FM NORMAL: 0.7 DPTR FM NORMAL: 0.61 2 = FOG REDUCING VISIBILITY
HIGHEST: 83 ON 28 GRTST 24HR 1.24 ON 9- 9 TO 1/4 MILE OR LESS
LOWEST: 28 ON 17,16 3 = THUNDER
SNOW, ICE PELLETS, HAIL 4 = ICE PELLETS
TOTAL MONTH: 0.0 INCH 5 = HAIL
GRTST 24HR 0.0 6 = FREEZING RAIN OR DRIZZLE
GRTST DEPTH: 0 7 = DUSTSTORM OR SANDSTORM:
VSBY 1/2 MILE OR LESS
8 = SMOKE OR HAZE
[NO. OF DAYS WITH] [WEATHER - DAYS WITH] 9 = BLOWING SNOW
X = TORNADO
MAX 32 OR BELOW: 0 0.01 INCH OR MORE: 12
MAX 90 OR ABOVE: 0 0.10 INCH OR MORE: 10
MIN 32 OR BELOW: 6 0.50 INCH OR MORE: 5
MIN 0 OR BELOW: 0 1.00 INCH OR MORE: 1
[HDD (BASE 65) ]
TOTAL THIS MO. 326 CLEAR (SCALE 0-3) 7
DPTR FM NORMAL -17 PTCLDY (SCALE 4-7) 9
TOTAL FM JUL 1 1283 CLOUDY (SCALE 8-10) 12
DPTR FM NORMAL -277
[CDD (BASE 65) ]
TOTAL THIS MO. 16
DPTR FM NORMAL 10 [PRESSURE DATA]
TOTAL FM JAN 1 23 HIGHEST SLP 30.45 ON 21
DPTR FM NORMAL 19 LOWEST SLP 29.71 ON 15
[REMARKS]
#FINAL-02-21#