000
CXUS54 KAMA 010710
CF6DHT
PRELIMINARY LOCAL CLIMATOLOGICAL DATA (WS FORM: F-6)
STATION: DALHART
MONTH: APRIL
YEAR: 2021
LATITUDE: 36 1 N
LONGITUDE: 102 33 W
TEMPERATURE IN F: :PCPN: SNOW: WIND :SUNSHINE: SKY :PK WND
================================================================================
1 2 3 4 5 6A 6B 7 8 9 10 11 12 13 14 15 16 17 18
12Z AVG MX 2MIN
DY MAX MIN AVG DEP HDD CDD WTR SNW DPTH SPD SPD DIR MIN PSBL S-S WX SPD DR
================================================================================
1 68 24 46 -4 19 0 0.00 0.0 M 16.4 32 200 M M 0 41 210
2 75 40 58 8 7 0 0.00 0.0 0 17.1 31 200 M M 0 36 200
3 81 35 58 8 7 0 0.00 0.0 0 10.4 18 160 M M 0 18 24 190
4 83 37 60 10 5 0 0.00 0.0 0 12.0 23 180 M M 0 30 180
5 87 47 67 17 0 2 0.00 0.0 0 16.0 24 180 M M 0 30 170
6 83 46 65 14 0 0 0.00 0.0 0 17.9 41 350 M M 1 8 51 360
7 70 33 52 1 13 0 0.00 0.0 0 12.4 23 320 M M 0 8 32 360
8 78 34 56 5 9 0 0.00 0.0 0 11.5 22 240 M M 0 29 210
9 65 37 51 -1 14 0 0.00 0.0 0 19.6 44 10 M M 1 8 55 10
10 69 28 49 -3 16 0 0.00 0.0 0 10.6 22 240 M M 0 27 230
11 80 28 54 2 11 0 0.00 0.0 0 12.4 29 50 M M 0 35 50
12 56 36 46 -6 19 0 0.00 0.0 0 13.4 25 30 M M 0 33 40
13 60 36 48 -5 17 0 0.00 0.0 0 9.6 17 140 M M 1 25 140
14 54 33 44 -9 21 0 0.00 0.0 0 11.6 21 120 M M 7 8 24 120
15 44 41 43 -10 22 0 0.01 0.0 0 14.4 21 130 M M 10 128 24 130
16 49 33 41 -13 24 0 0.01 0.0 0 17.9 33 360 M M 8 1 41 10
17 48 31 40 -14 25 0 0.00 0.0 0 13.7 25 10 M M 8 30 10
18 63 26 45 -9 20 0 0.00 0.0 0 8.3 17 340 M M 0 25 10
19 72 32 52 -3 13 0 0.00 0.0 0 17.4 35 30 M M 1 42 20
20 48 27 38 -17 27 0 0.00 0.0 0 15.8 30 30 M M 5 38 10
21 58 25 42 -13 23 0 0.00 0.0 0 11.0 28 160 M M 0 35 180
22 69 32 51 -5 14 0 0.00 0.0 0 18.8 32 200 M M 2 40 200
23 72 37 55 -1 10 0 T 0.0 0 13.5 36 10 M M 1 1238 45 360
24 75 35 55 -1 10 0 0.00 0.0 0 12.4 28 200 M M 0 37 190
25 90 40 65 9 0 0 0.00 0.0 0 18.4 36 220 M M 0 41 210
26 87 43 65 8 0 0 0.00 0.0 0 16.4 35 230 M M 0 43 220
27 78 45 62 5 3 0 T 0.0 0 17.8 41 240 M M 2 8 49 250
28 66 47 57 -1 8 0 T 0.0 0 21.0 31 20 M M 6 37 20
29 74 41 58 0 7 0 0.00 0.0 0 16.2 36 30 M M 0 43 30
30 76 38 57 -1 8 0 0.00 0.0 0 8.1 18 140 M M 0 24 110
================================================================================
SM 2078 1067 372 2 0.02 0.0 432.0 M 53
================================================================================
AV 69.3 35.6 14.4 FASTST M M 2 MAX(MPH)
MISC ----> 44 10 55 10
================================================================================
NOTES:
# LAST OF SEVERAL OCCURRENCES
COLUMN 17 PEAK WIND IN M.P.H.
PRELIMINARY LOCAL CLIMATOLOGICAL DATA (WS FORM: F-6) , PAGE 2
STATION: DALHART
MONTH: APRIL
YEAR: 2021
LATITUDE: 36 1 N
LONGITUDE: 102 33 W
[TEMPERATURE DATA] [PRECIPITATION DATA] SYMBOLS USED IN COLUMN 16
AVERAGE MONTHLY: 52.4 TOTAL FOR MONTH: 0.02 1 = FOG OR MIST
DPTR FM NORMAL: -1.2 DPTR FM NORMAL: -1.06 2 = FOG REDUCING VISIBILITY
HIGHEST: 90 ON 25 GRTST 24HR 0.02 ON 15-16 TO 1/4 MILE OR LESS
LOWEST: 24 ON 1 3 = THUNDER
SNOW, ICE PELLETS, HAIL 4 = ICE PELLETS
TOTAL MONTH: 0.0 INCH 5 = HAIL
GRTST 24HR 0.0 6 = FREEZING RAIN OR DRIZZLE
GRTST DEPTH: 0 7 = DUSTSTORM OR SANDSTORM:
VSBY 1/2 MILE OR LESS
8 = SMOKE OR HAZE
[NO. OF DAYS WITH] [WEATHER - DAYS WITH] 9 = BLOWING SNOW
X = TORNADO
MAX 32 OR BELOW: 0 0.01 INCH OR MORE: 2
MAX 90 OR ABOVE: 1 0.10 INCH OR MORE: 0
MIN 32 OR BELOW: 9 0.50 INCH OR MORE: 0
MIN 0 OR BELOW: 0 1.00 INCH OR MORE: 0
[HDD (BASE 65) ]
TOTAL THIS MO. 372 CLEAR (SCALE 0-3) 24
DPTR FM NORMAL 24 PTCLDY (SCALE 4-7) 5
TOTAL FM JUL 1 4511 CLOUDY (SCALE 8-10) 1
DPTR FM NORMAL -90
[CDD (BASE 65) ]
TOTAL THIS MO. 2
DPTR FM NORMAL -4 [PRESSURE DATA]
TOTAL FM JAN 1 2 HIGHEST SLP M ON M
DPTR FM NORMAL -4 LOWEST SLP 29.37 ON 6
[REMARKS]
#FINAL-04-21#