000
CXUS54 KAMA 011433
CLMDHT
CLIMATE REPORT
NATIONAL WEATHER SERVICE AMARILLO
933 AM CDT SUN OCT 01 2023
...................................
...THE DALHART CLIMATE SUMMARY FOR THE MONTH OF SEPTEMBER 2023...
CLIMATE NORMAL PERIOD: 1991 TO 2020
CLIMATE RECORD PERIOD: 1948 TO 2023
WEATHER OBSERVED NORMAL DEPART LAST YEAR`S
VALUE DATE(S) VALUE FROM VALUE DATE(S)
NORMAL
................................................................
TEMPERATURE (F)
RECORD
HIGH 104 09/07/2023
LOW 27 09/30/1985
HIGHEST 104R 09/07 97 09/02
LOWEST 48 09/17 47 09/12
09/25
AVG. MAXIMUM 88.7 84.2 4.5 89.4
AVG. MINIMUM 56.1 54.9 1.2 55.6
MEAN 72.4 69.5 2.9 72.5
DAYS MAX >= 90 17 8.7 8.3 18
DAYS MAX <= 32 0 0.0 0.0 0
DAYS MIN <= 32 0 0.1 -0.1 0
DAYS MIN <= 0 0 0.0 0.0 0
PRECIPITATION (INCHES)
TOTALS 0.66 1.29 -0.63 0.45
DAILY AVG. 0.02 0.04 -0.02 0.02
DAYS >= .01 7 5.1 1.9 3
DAYS >= .10 2 2.8 -0.8 1
DAYS >= .50 0 0.7 -0.7 0
DAYS >= 1.00 0 0.3 -0.3 0
GREATEST
24 HR. TOTAL 0.27 09/13 TO 09/13
SNOWFALL (INCHES)
TOTALS MM 0.0 MM MM
SINCE 7/1 MM 0.0 MM MM
DAYS >= TRACE MM 0.0 MM
DAYS >= 1.0 MM 0.0 MM 0
GREATEST
SNOW DEPTH 0
24 HR TOTAL MM
DEGREE DAYS
HEATING TOTAL 4 39 -35 9
SINCE 7/1 4 37 -33 MM
COOLING TOTAL 234 176 58 244
SINCE 1/1 1323 1383 -60 MM
................................................................
WIND (MPH)
AVERAGE WIND SPEED 10.0
HIGHEST WIND SPEED/DIRECTION 40/110 DATE 09/09
HIGHEST GUST SPEED/DIRECTION 57/260 DATE 09/21
SKY COVER
POSSIBLE SUNSHINE (PERCENT) MM
NUMBER OF DAYS FAIR 25
NUMBER OF DAYS PC 2
NUMBER OF DAYS CLOUDY 3
AVERAGE RH (PERCENT) 54
WEATHER CONDITIONS. NUMBER OF DAYS WITH
THUNDERSTORM 6 MIXED PRECIP 0
HEAVY RAIN 3 RAIN 2
LIGHT RAIN 9 FREEZING RAIN 0
LT FREEZING RAIN 0 HEAVY SNOW 0
SNOW 0 LIGHT SNOW 0
SLEET 0 FOG 10
FOG W/VIS <= 1/4 MILE 0 HAZE 11
- INDICATES NEGATIVE NUMBERS.
R INDICATES RECORD WAS SET OR TIED.
MM INDICATES DATA IS MISSING.
T INDICATES TRACE AMOUNT.
$$