000
CXUS53 KDLH 010920
CF6DLH
PRELIMINARY LOCAL CLIMATOLOGICAL DATA (WS FORM: F-6)
STATION: DULUTH
MONTH: FEBRUARY
YEAR: 2024
LATITUDE: 46 49 N
LONGITUDE: 92 11 W
TEMPERATURE IN F: :PCPN: SNOW: WIND :SUNSHINE: SKY :PK WND
================================================================================
1 2 3 4 5 6A 6B 7 8 9 10 11 12 13 14 15 16 17 18
12Z AVG MX 2MIN
DY MAX MIN AVG DEP HDD CDD WTR SNW DPTH SPD SPD DIR MIN PSBL S-S WX SPD DR
================================================================================
1 40 27 34 22 31 0 T T 2 10.5 20 110 M M 5 1 27 100
2 32 25 29 17 36 0 0.01 0.2 2 9.6 17 100 M M 8 1 23 110
3 29 22 26 14 39 0 T T 2 4.6 12 190 M M 10 12 14 190
4 45 21 33 21 32 0 0.00 0.0 2 4.5 10 340 M M 5 12 13 340
5 50 22 36 24 29 0 0.00 0.0 2 4.5 10 250 M M 0 13 230
6 44 31 38 26 27 0 0.00 0.0 2 5.7 16 190 M M 4 21 190
7 40 34 37 24 28 0 T 0.0 1 11.9 24 110 M M 6 31 110
8 44 36 40 27 25 0 0.28 0.0 T 10.7 24 240 M M 9 1 32 250
9 36 18 27 14 38 0 0.01 0.2 T 16.5 24 270 M M 10 189 32 270
10 29 16 23 9 42 0 T T T 12.5 23 300 M M 8 31 310
11 32 23 28 14 37 0 T T T 10.8 20 250 M M 9 8 24 250
12 31 24 28 14 37 0 T T T 9.7 20 310 M M 9 29 330
13 26 20 23 8 42 0 T 0.2 T 6.7 12 350 M M 9 16 350
14 37 24 31 16 34 0 0.01 0.1 T 8.7 16 260 M M 8 22 280
15 25 11 18 3 47 0 T T T 13.0 24 290 M M 5 37 330
16 14 3 9 -7 56 0 T T T 12.8 21 320 M M 2 8 30 300
17 33 8 21 5 44 0 T T T 15.7 31 270 M M 3 41 280
18 34 19 27 11 38 0 T T T 11.5 21 320 M M 3 30 310
19 36 9 23 6 42 0 0.00 0.0 T 7.6 18 110 M M 1 27 90
20 45 26 36 19 29 0 0.00 0.0 T 7.6 17 100 M M 4 25 120
21 46 28 37 19 28 0 0.00 0.0 T 4.9 13 320 M M 6 17 330
22 50 28 39 21 26 0 0.00 0.0 T 9.7 22 290 M M 4 32 300
23 34 8 21 3 44 0 0.02 0.7 T 8.0 20 100 M M 5 18 27 90
24 39 9 24 5 41 0 0.00 0.0 T 12.7 24 220 M M 1 34 220
25 42 22 32 13 33 0 T T T 10.6 22 310 M M 2 33 300
26 54 21 38 18 27 0 0.00 0.0 T 9.4 23 200 M M 2 32 230
27 43 3 23 3 42 0 T 0.2 T 12.9 31 330 M M 6 89 48 320
28 14 -5 5 -15 60 0 T T T 12.4 23 340 M M 2 9 34 360
29 25 -1 12 -9 53 0 0.00 0.0 T 11.5 22 100 M M 3 29 110
================================================================================
SM 1049 532 1087 0 0.33 1.6 287.2 M 149
================================================================================
AV 36.2 18.3 9.9 FASTST M M 5 MAX(MPH)
MISC ----> # 31 270 48 320
================================================================================
NOTES:
# LAST OF SEVERAL OCCURRENCES
COLUMN 17 PEAK WIND IN M.P.H.
PRELIMINARY LOCAL CLIMATOLOGICAL DATA (WS FORM: F-6) , PAGE 2
STATION: DULUTH
MONTH: FEBRUARY
YEAR: 2024
LATITUDE: 46 49 N
LONGITUDE: 92 11 W
[TEMPERATURE DATA] [PRECIPITATION DATA] SYMBOLS USED IN COLUMN 16
AVERAGE MONTHLY: 27.3 TOTAL FOR MONTH: 0.33 1 = FOG OR MIST
DPTR FM NORMAL: 11.9 DPTR FM NORMAL: -0.68 2 = FOG REDUCING VISIBILITY
HIGHEST: 54 ON 26 GRTST 24HR 0.28 ON 8- 8 TO 1/4 MILE OR LESS
LOWEST: -5 ON 28 3 = THUNDER
SNOW, ICE PELLETS, HAIL 4 = ICE PELLETS
TOTAL MONTH: 1.6 INCHES 5 = HAIL
GRTST 24HR 0.7 ON 23-23 6 = FREEZING RAIN OR DRIZZLE
GRTST DEPTH: 2 ON 1, 6 7 = DUSTSTORM OR SANDSTORM:
VSBY 1/2 MILE OR LESS
8 = SMOKE OR HAZE
[NO. OF DAYS WITH] [WEATHER - DAYS WITH] 9 = BLOWING SNOW
X = TORNADO
MAX 32 OR BELOW: 10 0.01 INCH OR MORE: 5
MAX 90 OR ABOVE: 0 0.10 INCH OR MORE: 1
MIN 32 OR BELOW: 27 0.50 INCH OR MORE: 0
MIN 0 OR BELOW: 2 1.00 INCH OR MORE: 0
[HDD (BASE 65) ]
TOTAL THIS MO. 1087 CLEAR (SCALE 0-3) 10
DPTR FM NORMAL -302 PTCLDY (SCALE 4-7) 11
TOTAL FM JUL 1 5501 CLOUDY (SCALE 8-10) 8
DPTR FM NORMAL -1197
[CDD (BASE 65) ]
TOTAL THIS MO. 0
DPTR FM NORMAL 0 [PRESSURE DATA]
TOTAL FM JAN 1 0 HIGHEST SLP 30.35 ON 29
DPTR FM NORMAL 0 LOWEST SLP 29.27 ON 8
[REMARKS]
#FINAL-02-24#