000
CXUS56 KTFX 220802
CF6DLN
PRELIMINARY LOCAL CLIMATOLOGICAL DATA (WS FORM: F-6)
STATION: DILLON AIRPORT MT
MONTH: FEBRUARY
YEAR: 2023
LATITUDE: 45 15 N
LONGITUDE: 112 33 W
TEMPERATURE IN F: :PCPN: SNOW: WIND :SUNSHINE: SKY :PK WND
================================================================================
1 2 3 4 5 6A 6B 7 8 9 10 11 12 13 14 15 16 17 18
12Z AVG MX 2MIN
DY MAX MIN AVG DEP HDD CDD WTR SNW DPTH SPD SPD DIR MIN PSBL S-S WX SPD DR
================================================================================
1 27 11 19 -4 46 0 0.00 M 8 16.4 29 230 M M 5 36 230
2 31 15 23 0 42 0 0.00 M 7 12.3 24 220 M M 1 30 220
3 37 18 28 5 37 0 0.00 M 6 8.8 18 210 M M 1 25 210
4 37 18 28 5 37 0 0.00 M 4 10.6 20 220 M M 5 26 210
5 37 20 29 6 36 0 T M 4 7.9 18 200 M M 6 1 24 220
6 M 27 M M M M 0.00 M M 9.6 20 220 M M 8 28 220
7 41 25 33 10 32 0 0.00 M 3 14.4 26 220 M M 2 32 220
8 32 16 24 1 41 0 T M 3 11.2 31 220 M M 5 1 44 210
9 26 6 16 -7 49 0 0.00 M M 8.4 16 220 M M 0 19 220
10 34 13 24 1 41 0 0.00 M 2 8.8 17 210 M M 0 21 200
11 34 12 23 -1 42 0 0.00 M 1 7.5 14 210 M M 0 17 200
12 34 9 22 -2 43 0 0.00 M 1 8.5 20 210 M M 0 25 220
13 39 21 30 6 35 0 T M 1 13.2 29 50 M M 4 1 36 50
14 24 -1 12 -12 53 0 T M 2 11.7 25 20 M M 6 1 32 10
15 14 -9 3 -21 62 0 0.00 M 2 4.3 13 210 M M 0 15 220
16 22 1 12 -12 53 0 0.00 M 2 7.3 17 220 M M 0 22 200
17 29 8 19 -5 46 0 0.00 M 2 9.8 22 210 M M 1 27 210
18 30 14 22 -3 43 0 0.00 M 2 14.7 25 220 M M 6 31 210
19 34 13 24 -1 41 0 0.00 M 0 19.8 32 230 M M 6 43 210
20 41 31 36 11 29 0 0.00 M 0 21.1 35 220 M M 6 46 200
21 42 4 23 -3 42 0 0.04 M 2 22.4 36 50 M M 8 129 48 230
22 4 -10 -3 -29 68 0 T M 2 25.6 33 30 M M 10 18 42 30
23 -5 -14 -9 -35 74 0 T M 2 8.0 23 40 M M 5 18 27 40
24 12 -18 -3 -29 68 0 0.00 M 2 5.2 12 200 M M 0 14 190
25 38 7 23 -4 42 0 0.00 M 2 8.2 17 210 M M 0 21 210
26 41 14 28 1 37 0 T M M 10.7 26 190 M M 4 1 33 190
27 30 12 21 -7 44 0 0.00 M 1 7.2 24 140 M M 1 30 140
28 31 15 23 -5 42 0 T M 1 12.3 28 230 M M 2 1 37 230
================================================================================
SM 796 278 1225 0 0.04 M 325.9 M 92
================================================================================
AV 29.5 9.9 11.6 FASTST M M 3 MAX(MPH)
MISC ----> 36 50 48 230
================================================================================
NOTES:
# LAST OF SEVERAL OCCURRENCES
COLUMN 17 PEAK WIND IN M.P.H.
PRELIMINARY LOCAL CLIMATOLOGICAL DATA (WS FORM: F-6) , PAGE 2
STATION: DILLON AIRPORT MT
MONTH: FEBRUARY
YEAR: 2023
LATITUDE: 45 15 N
LONGITUDE: 112 33 W
[TEMPERATURE DATA] [PRECIPITATION DATA] SYMBOLS USED IN COLUMN 16
AVERAGE MONTHLY: 19.7 TOTAL FOR MONTH: 0.04 1 = FOG OR MIST
DPTR FM NORMAL: -4.8 DPTR FM NORMAL: -0.20 2 = FOG REDUCING VISIBILITY
HIGHEST: 42 ON 21 GRTST 24HR 0.04 ON 21-21 TO 1/4 MILE OR LESS
LOWEST: -18 ON 24 3 = THUNDER
SNOW, ICE PELLETS, HAIL 4 = ICE PELLETS
TOTAL MONTH: M 5 = HAIL
GRTST 24HR M ON M 6 = FREEZING RAIN OR DRIZZLE
GRTST DEPTH: 8 ON 1 7 = DUSTSTORM OR SANDSTORM:
VSBY 1/2 MILE OR LESS
8 = SMOKE OR HAZE
[NO. OF DAYS WITH] [WEATHER - DAYS WITH] 9 = BLOWING SNOW
X = TORNADO
MAX 32 OR BELOW: 14 0.01 INCH OR MORE: 1
MAX 90 OR ABOVE: 0 0.10 INCH OR MORE: 0
MIN 32 OR BELOW: 28 0.50 INCH OR MORE: 0
MIN 0 OR BELOW: 5 1.00 INCH OR MORE: 0
[HDD (BASE 65) ]
TOTAL THIS MO. 1225 CLEAR (SCALE 0-3) 14
DPTR FM NORMAL 91 PTCLDY (SCALE 4-7) 13
TOTAL FM JUL 1 5909 CLOUDY (SCALE 8-10) 1
DPTR FM NORMAL -143
[CDD (BASE 65) ]
TOTAL THIS MO. 0
DPTR FM NORMAL 0 [PRESSURE DATA]
TOTAL FM JAN 1 0 HIGHEST SLP 30.69 ON 9
DPTR FM NORMAL 0 LOWEST SLP 29.28 ON 21
[REMARKS]
#FINAL-02-23#