000
CXUS56 KTFX 070814
CF6DLN
PRELIMINARY LOCAL CLIMATOLOGICAL DATA (WS FORM: F-6)
STATION: DILLON AIRPORT MT
MONTH: MARCH
YEAR: 2024
LATITUDE: 45 15 N
LONGITUDE: 112 33 W
TEMPERATURE IN F: :PCPN: SNOW: WIND :SUNSHINE: SKY :PK WND
================================================================================
1 2 3 4 5 6A 6B 7 8 9 10 11 12 13 14 15 16 17 18
12Z AVG MX 2MIN
DY MAX MIN AVG DEP HDD CDD WTR SNW DPTH SPD SPD DIR MIN PSBL S-S WX SPD DR
================================================================================
1 42 27 35 7 30 0 T M M 10.5 22 230 M M 5 1 31 220
2 34 23 29 0 36 0 M M M 9.6 25 170 M M 7 19 40 170
3 31 11 21 -8 44 0 0.00 M M 10.7 21 230 M M 1 28 230
4 27 10 19 -10 46 0 T M M 10.9 24 230 M M M 18 31 230
5 29 13 21 -9 44 0 T M M 4.8 12 180 M M 9 18 17 170
6 31 9 20 -10 45 0 0.00 M M 7.4 15 150 M M 4 21 150
7 31 12 22 -8 43 0 0.00 M M 6.4 12 220 M M 2 15 200
8 41 8 25 -6 40 0 0.00 M M 6.5 14 200 M M 0 17 210
9 46 18 32 1 33 0 0.00 M M 9.8 21 130 M M 0 30 150
10 47 24 36 4 29 0 0.00 M M 13.2 29 170 M M 0 41 170
11 50 30 40 8 25 0 T M M 10.1 23 170 M M 5 8 30 170
12 51 26 39 7 26 0 0.01 M M 11.1 30 290 M M 5 18 40 300
13 37 22 30 -3 35 0 0.06 M M 6.1 17 50 M M 9 1 22 40
14 42 19 31 -2 34 0 0.00 M M 4.8 10 70 M M 4 17 160
15 46 18 32 -1 33 0 0.00 M M 5.6 14 190 M M 0 18 190
16 54 23 39 5 26 0 0.00 M M 4.9 12 190 M M 0 14 190
17 55 28 42 8 23 0 0.00 M M 5.1 13 190 M M 0 18 200
18 61 26 44 10 21 0 0.00 M M 8.5 16 210 M M 0 21 200
19 62 29 46 12 19 0 0.00 M M 8.2 16 220 M M 0 18 21 220
20 62 32 47 12 18 0 0.00 M M 11.6 23 270 M M 1 31 220
21 52 34 43 8 22 0 0.02 M M 13.2 30 260 M M 8 1 41 270
22 54 32 43 8 22 0 0.00 M M 9.3 21 230 M M 6 26 220
23 48 24 36 0 29 0 T M M 9.1 24 250 M M 5 12 31 240
24 31 18 25 -11 40 0 0.09 M M 8.7 20 60 M M 8 1 25 50
25 39 20 30 -6 35 0 T M M 5.6 13 50 M M 7 16 60
26 43 23 33 -3 32 0 0.00 M M 6.8 16 340 M M 8 20 330
27 48 23 36 0 29 0 0.00 M M 13.0 22 250 M M 4 29 190
28 46 27 37 1 28 0 0.02 M M 10.9 28 290 M M 8 12 36 300
29 45 22 34 -3 31 0 0.00 M M 7.6 18 310 M M 3 25 300
30 48 20 34 -3 31 0 T M M 4.1 15 350 M M 4 1 19 330
31 45 25 35 -2 30 0 0.03 M M 13.4 29 10 M M 9 12 40 10
================================================================================
SM 1378 676 979 0 0.23 M 267.5 M 122
================================================================================
AV 44.5 21.8 8.6 FASTST M M 4 MAX(MPH)
MISC ----> # 30 290 # 41 170
================================================================================
NOTES:
# LAST OF SEVERAL OCCURRENCES
COLUMN 17 PEAK WIND IN M.P.H.
PRELIMINARY LOCAL CLIMATOLOGICAL DATA (WS FORM: F-6) , PAGE 2
STATION: DILLON AIRPORT MT
MONTH: MARCH
YEAR: 2024
LATITUDE: 45 15 N
LONGITUDE: 112 33 W
[TEMPERATURE DATA] [PRECIPITATION DATA] SYMBOLS USED IN COLUMN 16
AVERAGE MONTHLY: 33.1 TOTAL FOR MONTH: 0.23 1 = FOG OR MIST
DPTR FM NORMAL: -0.1 DPTR FM NORMAL: -0.29 2 = FOG REDUCING VISIBILITY
HIGHEST: 62 ON 20,19 GRTST 24HR 0.09 ON 24-24 TO 1/4 MILE OR LESS
LOWEST: 8 ON 8 3 = THUNDER
SNOW, ICE PELLETS, HAIL 4 = ICE PELLETS
TOTAL MONTH: M 5 = HAIL
GRTST 24HR M ON M 6 = FREEZING RAIN OR DRIZZLE
GRTST DEPTH: M ON M 7 = DUSTSTORM OR SANDSTORM:
VSBY 1/2 MILE OR LESS
8 = SMOKE OR HAZE
[NO. OF DAYS WITH] [WEATHER - DAYS WITH] 9 = BLOWING SNOW
X = TORNADO
MAX 32 OR BELOW: 6 0.01 INCH OR MORE: 6
MAX 90 OR ABOVE: 0 0.10 INCH OR MORE: 0
MIN 32 OR BELOW: 30 0.50 INCH OR MORE: 0
MIN 0 OR BELOW: 0 1.00 INCH OR MORE: 0
[HDD (BASE 65) ]
TOTAL THIS MO. 979 CLEAR (SCALE 0-3) 12
DPTR FM NORMAL -7 PTCLDY (SCALE 4-7) 14
TOTAL FM JUL 1 6573 CLOUDY (SCALE 8-10) 5
DPTR FM NORMAL -465
[CDD (BASE 65) ]
TOTAL THIS MO. 0
DPTR FM NORMAL 0 [PRESSURE DATA]
TOTAL FM JAN 1 0 HIGHEST SLP 30.48 ON 14
DPTR FM NORMAL 0 LOWEST SLP 29.31 ON 2
[REMARKS]
#FINAL-03-24#