000
CXUS54 KFWD 010830
CF6DTO
PRELIMINARY LOCAL CLIMATOLOGICAL DATA (WS FORM: F-6)
STATION: DENTON
MONTH: FEBRUARY
YEAR: 2021
LATITUDE: 33 12 N
LONGITUDE: 97 12 W
TEMPERATURE IN F: :PCPN: SNOW: WIND :SUNSHINE: SKY :PK WND
================================================================================
1 2 3 4 5 6A 6B 7 8 9 10 11 12 13 14 15 16 17 18
12Z AVG MX 2MIN
DY MAX MIN AVG DEP HDD CDD WTR SNW DPTH SPD SPD DIR MIN PSBL S-S WX SPD DR
================================================================================
1 60 26 43 -2 22 0 0.00 M M 4.8 13 330 M M 0 1 20 360
2 64 33 49 4 16 0 0.00 M M 6.5 15 120 M M 0 23 160
3 72 43 58 13 7 0 0.00 M M 14.8 26 170 M M 0 33 160
4 62 37 50 4 15 0 0.00 M M 13.7 30 360 M M 0 42 310
5 58 34 46 0 19 0 0.00 M M 4.9 12 130 M M 5 17 150
6 56 39 48 2 17 0 0.00 M M 9.9 21 340 M M 7 27 330
7 57 30 44 -2 21 0 0.00 M M 8.0 17 150 M M 3 23 150
8 64 36 50 4 15 0 0.00 M M 12.7 18 330 M M 7 1 25 330
9 36 28 32 -14 33 0 T M M 11.0 16 350 M M 10 16 22 340
10 31 26 29 -17 36 0 T M M 12.0 20 360 M M 10 16 27 360
11 28 23 26 -21 39 0 T 0.0 0 14.2 21 10 M M 10 1 28 360
12 26 21 24 -23 41 0 0.00 0.0 0 14.0 20 360 M M 10 26 360
13 33 18 26 -21 39 0 0.00 M M 14.3 20 20 M M 10 8 26 340
14 22 8 15 -32 50 0 T M M 17.1 24 360 M M 9 128 32 360
15 12 3 8 -39 57 0 T M M 16.2 24 350 M M 3 34 350
16 -1 -6 -3 -51 68 0 M M M 4.7 14 140 M M 2 14 140
17 M M M M M M 0.00 M M 7.4 12 360 M M 7 12 360
18 30 21 26 -22 39 0 0.00 M M 12.6 21 360 M M 3 25 360
19 39 8 24 -24 41 0 0.00 M M 4.4 12 170 M M 0 15 170
20 56 23 40 -8 25 0 0.00 M M 10.8 22 160 M M 0 1 31 150
21 70 36 53 4 12 0 0.00 M M 15.2 26 170 M M 4 36 180
22 70 23 47 -2 18 0 0.00 M M 5.8 18 190 M M 0 25 190
23 81 30 56 7 9 0 0.00 0.0 M 12.9 29 170 M M 0 39 210
24 70 43 57 8 8 0 0.00 M M 12.4 22 320 M M 0 32 170
25 48 38 43 -7 22 0 0.52 M M 8.9 16 30 M M 5 13 22 20
26 56 43 50 0 15 0 0.26 M M 4.3 16 20 M M 8 13 21 360
27 65 46 56 6 9 0 0.01 M M 6.2 13 170 M M 7 12 18 170
28 70 48 59 9 6 0 0.82 M M 9.9 20 330 M M 7 13 25 320
================================================================================
SM 1335 758 699 0 1.61 0.0 289.6 M 127
================================================================================
AV 49.4 28.1 10.3 FASTST M M 5 MAX(MPH)
MISC ----> 30 360 42 310
================================================================================
NOTES:
# LAST OF SEVERAL OCCURRENCES
COLUMN 17 PEAK WIND IN M.P.H.
PRELIMINARY LOCAL CLIMATOLOGICAL DATA (WS FORM: F-6) , PAGE 2
STATION: DENTON
MONTH: FEBRUARY
YEAR: 2021
LATITUDE: 33 12 N
LONGITUDE: 97 12 W
[TEMPERATURE DATA] [PRECIPITATION DATA] SYMBOLS USED IN COLUMN 16
AVERAGE MONTHLY: 38.8 TOTAL FOR MONTH: 1.61 1 = FOG OR MIST
DPTR FM NORMAL: -8.7 DPTR FM NORMAL: -1.23 2 = FOG REDUCING VISIBILITY
HIGHEST: 81 ON 23 GRTST 24HR 0.83 ON 27-28 TO 1/4 MILE OR LESS
LOWEST: -6 ON 16 3 = THUNDER
SNOW, ICE PELLETS, HAIL 4 = ICE PELLETS
TOTAL MONTH: 0.0 INCH 5 = HAIL
GRTST 24HR 0.0 6 = FREEZING RAIN OR DRIZZLE
GRTST DEPTH: 0 7 = DUSTSTORM OR SANDSTORM:
VSBY 1/2 MILE OR LESS
8 = SMOKE OR HAZE
[NO. OF DAYS WITH] [WEATHER - DAYS WITH] 9 = BLOWING SNOW
X = TORNADO
MAX 32 OR BELOW: 7 0.01 INCH OR MORE: 4
MAX 90 OR ABOVE: 0 0.10 INCH OR MORE: 3
MIN 32 OR BELOW: 15 0.50 INCH OR MORE: 2
MIN 0 OR BELOW: 1 1.00 INCH OR MORE: 0
[HDD (BASE 65) ]
TOTAL THIS MO. 699 CLEAR (SCALE 0-3) 13
DPTR FM NORMAL 206 PTCLDY (SCALE 4-7) 9
TOTAL FM JUL 1 2299 CLOUDY (SCALE 8-10) 6
DPTR FM NORMAL 54
[CDD (BASE 65) ]
TOTAL THIS MO. 0
DPTR FM NORMAL -3 [PRESSURE DATA]
TOTAL FM JAN 1 0 HIGHEST SLP 30.54 ON 19
DPTR FM NORMAL -1 LOWEST SLP 29.62 ON 4
[REMARKS]
#FINAL-02-21#