000
CXUS55 KTWC 010855
CF6DUG
PRELIMINARY LOCAL CLIMATOLOGICAL DATA (WS FORM: F-6)
STATION: DOUGLAS AZ
MONTH: OCTOBER
YEAR: 2023
LATITUDE: 31 28 N
LONGITUDE: 109 36 W
TEMPERATURE IN F: :PCPN: SNOW: WIND :SUNSHINE: SKY :PK WND
================================================================================
1 2 3 4 5 6A 6B 7 8 9 10 11 12 13 14 15 16 17 18
12Z AVG MX 2MIN
DY MAX MIN AVG DEP HDD CDD WTR SNW DPTH SPD SPD DIR MIN PSBL S-S WX SPD DR
================================================================================
1 88 60 74 5 0 9 0.00 M M 13.9 29 190 M M 1 41 180
2 86 59 73 4 0 8 0.00 M M 14.8 31 240 M M M 42 240
3 87 47 67 -1 0 2 0.00 M M 7.8 29 240 M M M 42 220
4 88 41 65 -3 0 0 0.00 M M 6.5 16 260 M M M 21 280
5 90 44 67 -1 0 2 0.00 M M 5.5 13 140 M M M 18 130
6 92 56 74 7 0 9 0.00 M M 10.4 25 100 M M M 34 90
7 85 68 77 10 0 12 0.00 M M 14.3 22 90 M M 0 29 120
8 85 52 69 2 0 4 0.00 M M 7.7 18 110 M M M 26 110
9 88 48 68 2 0 3 0.00 M M 6.5 18 360 M M 1 26 360
10 87 54 71 5 0 6 0.00 M M 5.3 15 290 M M 1 20 280
11 88 51 70 4 0 5 0.00 M M 11.8 25 270 M M 0 35 200
12 84 62 73 8 0 8 0.00 M M 12.8 26 220 M M 2 41 220
13 83 54 69 4 0 4 0.00 M M 6.1 16 260 M M 1 25 250
14 86 50 68 3 0 3 0.00 M M 4.6 12 360 M M 0 21 180
15 90 49 70 6 0 5 0.00 M M 7.2 14 70 M M 0 20 70
16 91 58 75 11 0 10 0.00 M M 6.3 17 90 M M 0 22 90
17 86 55 71 7 0 6 T M M 5.8 23 80 M M 2 29 80
18 90 49 70 7 0 5 0.00 M M 6.6 15 320 M M 0 22 310
19 93 51 72 9 0 7 0.00 M M 5.9 13 80 M M 0 17 80
20 92 46 69 6 0 4 0.00 M M 4.1 12 10 M M 0 14 220
21 87 55 71 9 0 6 0.00 M M 5.9 13 160 M M 0 18 160
22 86 52 69 7 0 4 0.00 M M 4.9 9 250 M M 0 15 220
23 84 50 67 5 0 2 T M M 8.3 23 230 M M 1 29 180
24 69 48 59 -2 6 0 0.18 M M 7.7 30 230 M M 5 1 40 230
25 69 43 56 -5 9 0 0.00 M M 5.7 9 180 M M 2 12 14 170
26 75 40 58 -3 7 0 0.00 M M 3.8 9 130 M M 0 14 130
27 77 40 59 -1 6 0 0.00 M M 4.5 13 140 M M 0 17 170
28 81 46 64 4 1 0 0.00 M M 8.3 21 240 M M 0 28 260
29 76 43 60 0 5 0 0.00 M M 6.4 23 280 M M 1 32 280
30 59 43 51 -8 14 0 0.00 M M 17.3 29 80 M M 0 37 80
31 66 36 51 -8 14 0 0.00 M M 14.4 23 90 M M 0 37 70
================================================================================
SM 2588 1550 62 124 0.18 M 251.1 M 17
================================================================================
AV 83.5 50.0 8.1 FASTST M M 1 MAX(MPH)
MISC ----> 31 240 # 42 240
================================================================================
NOTES:
# LAST OF SEVERAL OCCURRENCES
COLUMN 17 PEAK WIND IN M.P.H.
PRELIMINARY LOCAL CLIMATOLOGICAL DATA (WS FORM: F-6) , PAGE 2
STATION: DOUGLAS AZ
MONTH: OCTOBER
YEAR: 2023
LATITUDE: 31 28 N
LONGITUDE: 109 36 W
[TEMPERATURE DATA] [PRECIPITATION DATA] SYMBOLS USED IN COLUMN 16
AVERAGE MONTHLY: 66.7 TOTAL FOR MONTH: 0.18 1 = FOG OR MIST
DPTR FM NORMAL: 2.7 DPTR FM NORMAL: -0.44 2 = FOG REDUCING VISIBILITY
HIGHEST: 93 ON 19 GRTST 24HR 0.18 ON 24-24 TO 1/4 MILE OR LESS
LOWEST: 36 ON 31 3 = THUNDER
SNOW, ICE PELLETS, HAIL 4 = ICE PELLETS
TOTAL MONTH: M 5 = HAIL
GRTST 24HR M ON M 6 = FREEZING RAIN OR DRIZZLE
GRTST DEPTH: M ON M 7 = DUSTSTORM OR SANDSTORM:
VSBY 1/2 MILE OR LESS
8 = SMOKE OR HAZE
[NO. OF DAYS WITH] [WEATHER - DAYS WITH] 9 = BLOWING SNOW
X = TORNADO
MAX 32 OR BELOW: 0 0.01 INCH OR MORE: 1
MAX 90 OR ABOVE: 7 0.10 INCH OR MORE: 1
MIN 32 OR BELOW: 0 0.50 INCH OR MORE: 0
MIN 0 OR BELOW: 0 1.00 INCH OR MORE: 0
[HDD (BASE 65) ]
TOTAL THIS MO. 62 CLEAR (SCALE 0-3) 24
DPTR FM NORMAL -26 PTCLDY (SCALE 4-7) 1
TOTAL FM JUL 1 62 CLOUDY (SCALE 8-10) 6
DPTR FM NORMAL -27
[CDD (BASE 65) ]
TOTAL THIS MO. 124
DPTR FM NORMAL 67 [PRESSURE DATA]
TOTAL FM JAN 1 2077 HIGHEST SLP M ON M
DPTR FM NORMAL 369 LOWEST SLP 29.47 ON 11
[REMARKS]
#FINAL-10-23#