000
CXUS55 KTWC 020328
CLMDUG
CLIMATE REPORT
NATIONAL WEATHER SERVICE TUCSON AZ
828 PM MST MON MAY 01 2023
...................................
...THE DOUGLAS AZ CLIMATE SUMMARY FOR THE MONTH OF APRIL 2023...
CLIMATE NORMAL PERIOD 1991 TO 2020
CLIMATE RECORD PERIOD 1948 TO 2023
WEATHER OBSERVED NORMAL DEPART LAST YEAR`S
VALUE DATE(S) VALUE FROM VALUE
NORMAL
..............................................................
TEMPERATURE (F)
RECORD
HIGH 99 04/20/1989
LOW 20 04/05/2023
HIGHEST 92 04/30 89 3
LOWEST 20R 04/05 29 -9
AVG. MAXIMUM 82.0 79.1 2.9
AVG. MINIMUM 40.1 41.9 -1.8
MEAN 61.1 60.5 0.6
DAYS MAX >= 90 2 1.9 0.1
DAYS MAX >= 100 0
DAYS MIN <= 32 4 1.8 2.2
DAYS MIN >= 80 0
PRECIPITATION (INCHES)
RECORD
MAXIMUM 1.46 1988
MINIMUM 0.00 2012
TOTALS T 0.11 -0.11 MM
DAILY AVG. T 0.00 -0.00 T
DAYS >= .01 0 1.3 -1.3 0
DAYS >= .10 0 0.4 -0.4 0
DAYS >= .50 0 0.0 0.0 0
DAYS >= 1.00 0 0.0 0.0 0
GREATEST
24 HR. TOTAL T 04/11 TO 04/11 MM
DEGREE DAYS
HEATING TOTAL 134 155 -21 MM
SINCE 7/1 2574 2648 -74 MM
COOLING TOTAL 22 20 2 MM
SINCE 1/1 22 21 1 MM
..............................................................
WIND (MPH)
AVERAGE WIND SPEED 8.8
HIGHEST WIND SPEED/DIRECTION 32/240 DATE 04/13
HIGHEST GUST SPEED/DIRECTION 60/230 DATE 04/03
AVERAGE RH (PERCENT) 22
- INDICATES NEGATIVE NUMBERS.
R INDICATES RECORD WAS SET OR TIED.
MM INDICATES DATA IS MISSING.
T INDICATES TRACE AMOUNT.
$$