000
CXUS51 KPBZ 011431
CF6DUJ
PRELIMINARY LOCAL CLIMATOLOGICAL DATA (WS FORM: F-6)
STATION: DUBOIS PA
MONTH: DECEMBER
YEAR: 2020
LATITUDE: 41 10 N
LONGITUDE: 78 54 W
TEMPERATURE IN F: :PCPN: SNOW: WIND :SUNSHINE: SKY :PK WND
================================================================================
1 2 3 4 5 6A 6B 7 8 9 10 11 12 13 14 15 16 17 18
12Z AVG MX 2MIN
DY MAX MIN AVG DEP HDD CDD WTR SNW DPTH SPD SPD DIR MIN PSBL S-S WX SPD DR
================================================================================
1 35 27 31 -2 34 0 0.05 M M 17.4 26 250 M M 10 12 35 260
2 32 25 29 -4 36 0 T M M 16.1 25 250 M M 7 1 35 250
3 36 25 31 -1 34 0 0.00 M M 11.2 17 230 M M 5 24 230
4 42 33 38 6 27 0 0.00 M M 7.4 15 220 M M 8 1 21 220
5 36 29 33 2 32 0 0.00 M M 8.9 17 320 M M 10 1 24 320
6 29 26 28 -3 37 0 0.00 M M 8.1 15 310 M M 10 20 320
7 31 26 29 -2 36 0 0.00 M M 8.7 15 350 M M 9 22 320
8 36 24 30 0 35 0 0.00 M M 12.8 21 270 M M 9 28 280
9 34 28 31 1 34 0 0.00 M M 12.7 20 250 M M 10 18 26 260
10 42 33 38 8 27 0 0.00 M M 4.9 10 130 M M 6 1 15 300
11 58 32 45 16 20 0 0.00 M M 6.1 16 230 M M 0 21 230
12 58 41 50 21 15 0 0.08 M M 8.3 18 230 M M 7 26 200
13 53 34 44 15 21 0 0.06 M M 10.9 21 250 M M 10 1 28 220
14 35 28 32 4 33 0 0.02 M M 9.0 23 300 M M 10 1 33 280
15 30 23 27 -1 38 0 0.00 M M 6.7 18 320 M M 6 25 330
16 24 22 23 -5 42 0 0.61 M M 11.1 18 110 M M 6 12 27 100
17 32 18 25 -2 40 0 0.04 M M 4.8 13 60 M M 10 128 15 60
18 28 17 23 -4 42 0 T M M 4.8 13 320 M M 8 18 16 330
19 32 19 26 -1 39 0 0.00 M M 4.1 10 130 M M 8 14 130
20 34 29 32 5 33 0 0.07 M M 6.5 14 220 M M 10 12 19 210
21 36 33 35 9 30 0 0.01 M M 7.9 16 230 M M 10 12 22 230
22 35 32 34 8 31 0 0.05 M M 11.2 20 290 M M 10 18 28 300
23 42 27 35 9 30 0 0.00 M M 8.9 16 130 M M 2 1 25 130
24 47 33 40 14 25 0 0.76 M M 10.0 21 250 M M 10 1 26 150
25 32 13 23 -3 42 0 0.02 M M 15.9 25 250 M M 10 18 33 240
26 19 12 16 -9 49 0 T M M 12.8 22 250 M M 10 18 32 240
27 36 19 28 3 37 0 0.00 M M 7.7 15 120 M M 3 21 130
28 43 28 36 11 29 0 0.01 M M 12.7 30 270 M M 9 18 36 270
29 30 17 24 -1 41 0 0.00 M M 8.3 21 290 M M 4 26 290
30 43 21 32 7 33 0 0.19 M M 9.0 16 130 M M 8 1 24 120
31 43 28 36 12 29 0 0.15 M M 7.0 21 280 M M 10 1 31 300
================================================================================
SM 1143 802 1031 0 2.12 M 291.9 M 245
================================================================================
AV 36.9 25.9 9.4 FASTST M M 8 MAX(MPH)
MISC ----> 30 270 36 270
================================================================================
NOTES:
# LAST OF SEVERAL OCCURRENCES
COLUMN 17 PEAK WIND IN M.P.H.
PRELIMINARY LOCAL CLIMATOLOGICAL DATA (WS FORM: F-6) , PAGE 2
STATION: DUBOIS PA
MONTH: DECEMBER
YEAR: 2020
LATITUDE: 41 10 N
LONGITUDE: 78 54 W
[TEMPERATURE DATA] [PRECIPITATION DATA] SYMBOLS USED IN COLUMN 16
AVERAGE MONTHLY: 31.4 TOTAL FOR MONTH: 2.12 1 = FOG OR MIST
DPTR FM NORMAL: 3.4 DPTR FM NORMAL: -1.00 2 = FOG REDUCING VISIBILITY
HIGHEST: 58 ON 12,11 GRTST 24HR 0.78 ON 24-25 TO 1/4 MILE OR LESS
LOWEST: 12 ON 26 3 = THUNDER
SNOW, ICE PELLETS, HAIL 4 = ICE PELLETS
TOTAL MONTH: M 5 = HAIL
GRTST 24HR M ON M 6 = FREEZING RAIN OR DRIZZLE
GRTST DEPTH: M ON M 7 = DUSTSTORM OR SANDSTORM:
VSBY 1/2 MILE OR LESS
8 = SMOKE OR HAZE
[NO. OF DAYS WITH] [WEATHER - DAYS WITH] 9 = BLOWING SNOW
X = TORNADO
MAX 32 OR BELOW: 11 0.01 INCH OR MORE: 14
MAX 90 OR ABOVE: 0 0.10 INCH OR MORE: 4
MIN 32 OR BELOW: 25 0.50 INCH OR MORE: 2
MIN 0 OR BELOW: 0 1.00 INCH OR MORE: 0
[HDD (BASE 65) ]
TOTAL THIS MO. 1031 CLEAR (SCALE 0-3) 2
DPTR FM NORMAL -114 PTCLDY (SCALE 4-7) 10
TOTAL FM JUL 1 2209 CLOUDY (SCALE 8-10) 19
DPTR FM NORMAL -453
[CDD (BASE 65) ]
TOTAL THIS MO. 0
DPTR FM NORMAL 0 [PRESSURE DATA]
TOTAL FM JAN 1 652 HIGHEST SLP 30.53 ON 29
DPTR FM NORMAL 290 LOWEST SLP 29.40 ON 24
[REMARKS]
#FINAL-12-20#