000
CXUS51 KPBZ 010730
CF6DUJ
PRELIMINARY LOCAL CLIMATOLOGICAL DATA (WS FORM: F-6)
STATION: DUBOIS PA
MONTH: APRIL
YEAR: 2020
LATITUDE: 41 10 N
LONGITUDE: 78 54 W
TEMPERATURE IN F: :PCPN: SNOW: WIND :SUNSHINE: SKY :PK WND
================================================================================
1 2 3 4 5 6A 6B 7 8 9 10 11 12 13 14 15 16 17 18
12Z AVG MX 2MIN
DY MAX MIN AVG DEP HDD CDD WTR SNW DPTH SPD SPD DIR MIN PSBL S-S WX SPD DR
================================================================================
1 52 35 44 3 21 0 0.01 M M 7.9 20 350 M M 7 1 25 10
2 53 29 41 0 24 0 0.00 M M 11.7 24 330 M M 1 33 340
3 57 29 43 1 22 0 0.00 M M 11.4 22 320 M M 4 30 340
4 58 36 47 5 18 0 0.00 M M 4.1 12 250 M M 7 14 20
5 67 40 54 11 11 0 0.01 M M 6.3 18 280 M M 6 8 24 280
6 61 31 46 3 19 0 0.00 M M 4.3 13 340 M M 1 1 17 320
7 62 43 53 10 12 0 0.47 M M 6.9 23 220 M M 8 13 38 220
8 65 45 55 11 10 0 0.30 M M 9.9 24 310 M M 5 13 35 310
9 52 31 42 -2 23 0 0.18 M M 14.4 30 300 M M 8 128 41 300
10 35 28 32 -13 33 0 0.01 M M 14.7 28 290 M M 9 128 41 310
11 49 28 39 -6 26 0 0.00 M M 9.5 20 270 M M 5 28 270
12 66 33 50 5 15 0 0.17 M M 9.2 17 220 M M 7 1 27 210
13 59 36 48 2 17 0 0.73 M M 15.4 31 270 M M 10 1 43 280
14 42 30 36 -10 29 0 T M M 9.0 20 230 M M 8 26 230
15 46 24 35 -12 30 0 0.02 M M 9.9 25 270 M M 8 1 34 250
16 35 27 31 -16 34 0 0.02 M M 11.3 21 260 M M 10 12 33 280
17 36 23 30 -17 35 0 0.66 M M 4.8 13 110 M M 8 128 17 110
18 44 32 38 -10 27 0 0.00 M M 9.5 17 280 M M 8 1 24 330
19 57 32 45 -3 20 0 0.00 M M 11.5 22 230 M M 2 30 240
20 56 35 46 -2 19 0 0.00 M M 6.8 18 250 M M 2 23 230
21 47 28 38 -11 27 0 0.14 M M 14.5 32 300 M M 7 18 50 300
22 45 24 35 -14 30 0 0.02 M M 12.6 25 260 M M 5 1 34 300
23 61 32 47 -3 18 0 0.03 M M 7.9 14 170 M M 8 126 21 190
24 61 44 53 3 12 0 0.02 M M 6.1 12 340 M M 9 1 16 350
25 63 37 50 0 15 0 0.00 M M 7.4 15 130 M M 5 26 130
26 53 36 45 -6 20 0 0.65 M M 11.4 17 40 M M 10 1 25 130
27 55 37 46 -5 19 0 0.00 M M 9.2 22 20 M M 7 27 360
28 54 39 47 -4 18 0 0.01 M M 5.6 12 110 M M 9 1 19 210
29 64 46 55 3 10 0 0.14 M M 15.0 28 130 M M 7 1 37 120
30 56 44 50 -2 15 0 0.55 M M 8.1 22 120 M M 10 1 33 110
================================================================================
SM 1611 1014 629 0 4.14 M 286.3 M 201
================================================================================
AV 53.7 33.8 9.5 FASTST M M 7 MAX(MPH)
MISC ----> 32 300 50 300
================================================================================
NOTES:
# LAST OF SEVERAL OCCURRENCES
COLUMN 17 PEAK WIND IN M.P.H.
PRELIMINARY LOCAL CLIMATOLOGICAL DATA (WS FORM: F-6) , PAGE 2
STATION: DUBOIS PA
MONTH: APRIL
YEAR: 2020
LATITUDE: 41 10 N
LONGITUDE: 78 54 W
[TEMPERATURE DATA] [PRECIPITATION DATA] SYMBOLS USED IN COLUMN 16
AVERAGE MONTHLY: 43.8 TOTAL FOR MONTH: 4.14 1 = FOG OR MIST
DPTR FM NORMAL: -3.0 DPTR FM NORMAL: 0.69 2 = FOG REDUCING VISIBILITY
HIGHEST: 67 ON 5 GRTST 24HR 0.90 ON 12-13 TO 1/4 MILE OR LESS
LOWEST: 23 ON 17 3 = THUNDER
SNOW, ICE PELLETS, HAIL 4 = ICE PELLETS
TOTAL MONTH: M 5 = HAIL
GRTST 24HR M ON M 6 = FREEZING RAIN OR DRIZZLE
GRTST DEPTH: M ON M 7 = DUSTSTORM OR SANDSTORM:
VSBY 1/2 MILE OR LESS
8 = SMOKE OR HAZE
[NO. OF DAYS WITH] [WEATHER - DAYS WITH] 9 = BLOWING SNOW
X = TORNADO
MAX 32 OR BELOW: 0 0.01 INCH OR MORE: 19
MAX 90 OR ABOVE: 0 0.10 INCH OR MORE: 10
MIN 32 OR BELOW: 15 0.50 INCH OR MORE: 4
MIN 0 OR BELOW: 0 1.00 INCH OR MORE: 0
[HDD (BASE 65) ]
TOTAL THIS MO. 629 CLEAR (SCALE 0-3) 4
DPTR FM NORMAL 74 PTCLDY (SCALE 4-7) 17
TOTAL FM JUL 1 5769 CLOUDY (SCALE 8-10) 9
DPTR FM NORMAL -742
[CDD (BASE 65) ]
TOTAL THIS MO. 0
DPTR FM NORMAL -4 [PRESSURE DATA]
TOTAL FM JAN 1 0 HIGHEST SLP 30.28 ON 17
DPTR FM NORMAL -4 LOWEST SLP 29.31 ON 9
[REMARKS]
#FINAL-04-20#