000
CXUS54 KEWX 051854
CF6DZB
PRELIMINARY LOCAL CLIMATOLOGICAL DATA (WS FORM: F-6)
STATION: HORSESHOE BAY
MONTH: JUNE
YEAR: 2022
LATITUDE: 30 31 N
LONGITUDE: 98 22 W
TEMPERATURE IN F: :PCPN: SNOW: WIND :SUNSHINE: SKY :PK WND
================================================================================
1 2 3 4 5 6A 6B 7 8 9 10 11 12 13 14 15 16 17 18
12Z AVG MX 2MIN
DY MAX MIN AVG DEP HDD CDD WTR SNW DPTH SPD SPD DIR MIN PSBL S-S WX SPD DR
================================================================================
1 97 73 85 M 0 20 0.00 M M 8.5 14 140 M M 4 22 140
2 89 67 78 M 0 13 0.58 M M 3.9 15 50 M M 3 16 50
3 90 70 80 M 0 15 0.01 M M 2.4 10 360 M M 3 22 0
4 93 65 79 M 0 14 0.47 M M 4.8 13 300 M M 1 18 300
5 98 71 85 M 0 20 0.00 M M 8.4 16 160 M M 0 24 170
6 101 73 87 M 0 22 0.00 M M 10.7 16 180 M M 1 24 180
7 101 74 88 M 0 23 0.00 M M 10.1 15 160 M M 0 22 160
8 99 74 87 M 0 22 0.00 M M 6.4 16 210 M M 2 25 210
9 98 72 85 M 0 20 0.00 M M 4.4 8 170 M M 0 17 190
10 101 76 89 M 0 24 0.00 M M 5.9 13 220 M M 0 22 180
11 104 78 91 M 0 26 0.00 M M 6.7 13 170 M M 0 20 180
12 104 77 91 M 0 26 0.00 M M 8.8 15 170 M M 0 23 170
13 100 75 88 M 0 23 0.00 M M 11.7 18 170 M M 0 8 26 180
14 97 76 87 M 0 22 0.00 M M 12.5 20 180 M M 2 8 35 180
15 94 79 87 M 0 22 0.00 M M 9.0 15 210 M M 3 25 170
16 99 74 87 M 0 22 0.00 M M 7.0 12 220 M M 1 8 22 170
17 98 69 84 M 0 19 0.00 M M 4.7 10 180 M M 1 8 20 160
18 99 72 86 M 0 21 0.00 M M 4.9 9 140 M M 0 22 120
19 99 72 86 M 0 21 0.00 M M 5.0 12 140 M M 0 21 170
20 100 70 85 M 0 20 0.00 M M 6.0 13 150 M M 0 22 150
21 101 75 88 M 0 23 0.00 M M 6.2 10 140 M M 2 21 110
22 99 73 86 M 0 21 0.00 M M 4.1 9 140 M M 2 18 200
23 101 74 88 M 0 23 0.00 M M 4.7 9 140 M M 1 17 170
24 102 73 88 M 0 23 0.00 M M 6.3 13 160 M M 0 18 170
25 101 74 88 M 0 23 0.00 M M 7.2 12 180 M M 0 18 170
26 101 69 85 M 0 20 0.00 M M 4.8 10 180 M M 0 18 180
27 98 71 85 M 0 20 0.56 M M 4.9 10 120 M M 3 3 18 120
28 90 70 80 M 0 15 0.01 M M 4.7 13 30 M M 4 23 60
29 96 67 82 M 0 17 0.00 M M 3.0 8 80 M M 0 18 130
30 97 71 84 M 0 19 0.00 M M 3.6 9 70 M M 1 17 70
================================================================================
SM 2947 2174 0 619 1.63 M 191.1 M 34
================================================================================
AV 98.2 72.5 6.4 FASTST M M 1 MAX(MPH)
MISC ----> 20 180 35 180
================================================================================
NOTES:
# LAST OF SEVERAL OCCURRENCES
COLUMN 17 PEAK WIND IN M.P.H.
PRELIMINARY LOCAL CLIMATOLOGICAL DATA (WS FORM: F-6) , PAGE 2
STATION: HORSESHOE BAY
MONTH: JUNE
YEAR: 2022
LATITUDE: 30 31 N
LONGITUDE: 98 22 W
[TEMPERATURE DATA] [PRECIPITATION DATA] SYMBOLS USED IN COLUMN 16
AVERAGE MONTHLY: 85.4 TOTAL FOR MONTH: 1.63 1 = FOG OR MIST
DPTR FM NORMAL: 0.0 DPTR FM NORMAL: M 2 = FOG REDUCING VISIBILITY
HIGHEST: 104 ON 12,11 GRTST 24HR 0.58 ON 2- 2 TO 1/4 MILE OR LESS
LOWEST: 65 ON 4 3 = THUNDER
SNOW, ICE PELLETS, HAIL 4 = ICE PELLETS
TOTAL MONTH: M 5 = HAIL
GRTST 24HR M ON M 6 = FREEZING RAIN OR DRIZZLE
GRTST DEPTH: M ON M 7 = DUSTSTORM OR SANDSTORM:
VSBY 1/2 MILE OR LESS
8 = SMOKE OR HAZE
[NO. OF DAYS WITH] [WEATHER - DAYS WITH] 9 = BLOWING SNOW
X = TORNADO
MAX 32 OR BELOW: 0 0.01 INCH OR MORE: 5
MAX 90 OR ABOVE: 29 0.10 INCH OR MORE: 3
MIN 32 OR BELOW: 0 0.50 INCH OR MORE: 2
MIN 0 OR BELOW: 0 1.00 INCH OR MORE: 0
[HDD (BASE 65) ]
TOTAL THIS MO. 0 CLEAR (SCALE 0-3) 26
DPTR FM NORMAL M PTCLDY (SCALE 4-7) 4
TOTAL FM JUL 1 1574 CLOUDY (SCALE 8-10) 0
DPTR FM NORMAL M
[CDD (BASE 65) ]
TOTAL THIS MO. 619
DPTR FM NORMAL M [PRESSURE DATA]
TOTAL FM JAN 1 1459 HIGHEST SLP M ON M
DPTR FM NORMAL M LOWEST SLP M ON M
[REMARKS]
#FINAL-06-22#