000
CXUS53 KGID 011254
CLMEAR
CLIMATE REPORT
NATIONAL WEATHER SERVICE HASTINGS NE
754 AM CDT SUN OCT 01 2023
...................................
...THE KEARNEY NE CLIMATE SUMMARY FOR THE MONTH OF SEPTEMBER 2023...
CLIMATE NORMAL PERIOD 1991 TO 2020
CLIMATE RECORD PERIOD 1894 TO 2023
WEATHER OBSERVED NORMAL DEPART LAST YEAR`S
VALUE DATE(S) VALUE FROM VALUE DATE(S)
NORMAL
................................................................
TEMPERATURE (F)
HIGHEST 99 09/02 MM MM 96 09/19
09/20
LOWEST 45 09/13 MM MM 42 09/26
09/28
AVG. MAXIMUM 83.3 77.9 5.4 82.8
AVG. MINIMUM 54.6 51.1 3.5 53.9
MEAN 68.9 64.5 4.4 68.4
DAYS MAX >= 90 10 MM MM 8
DAYS MAX <= 32 0 MM MM 0
DAYS MIN <= 32 0 MM MM 0
DAYS MIN <= 0 0 MM MM 0
PRECIPITATION (INCHES)
TOTALS 4.42 1.84 2.58 1.29
DAILY AVG. 0.15 0.07 0.08 0.04
DAYS >= .01 6 MM MM 6
DAYS >= .10 3 MM MM 4
DAYS >= .50 2 MM MM 1
DAYS >= 1.00 1 MM MM 0
GREATEST
24 HR. TOTAL 3.69 09/21 TO 09/22
DEGREE DAYS
HEATING TOTAL 18 132 -114 40
SINCE 7/1 22 140 -118 MM
COOLING TOTAL 142 85 57 150
SINCE 1/1 998 864 134 MM
................................................................
AVERAGE RH (PERCENT) 63
WEATHER CONDITIONS. NUMBER OF DAYS WITH
THUNDERSTORM 5 MIXED PRECIP 0
HEAVY RAIN 2 RAIN 3
LIGHT RAIN 10 FREEZING RAIN 0
LT FREEZING RAIN 0 HAIL 0
HEAVY SNOW 0 SNOW 0
LIGHT SNOW 0 SLEET 0
FOG 10 FOG W/VIS <= 1/4 MILE 0
HAZE 6
- INDICATES NEGATIVE NUMBERS.
R INDICATES RECORD WAS SET OR TIED.
MM INDICATES DATA IS MISSING.
T INDICATES TRACE AMOUNT.
&&
THE PRECIPITATION DATA SHOWN ABOVE IS RECORDED BY THE AUTOMATED
WEATHER OBSERVING SYSTEM AT THE KEARNEY AIRPORT. THE
PRECIPITATION IS DEPICTED FOR A CALENDAR DAY FROM MIDNIGHT TO
MIDNIGHT. SNOWFALL IS NOT RECORDED BY THAT SYSTEM.
THE OFFICIAL PRECIPITATION...SNOWFALL...AND SNOW DEPTH
OBSERVATION FOR KEARNEY IS RECORDED DAILY BY THE
COOPERATIVE OBSERVER AT 7 AM. THAT INFORMATION FOLLOWS...
...KEARNEY 4NE COOPERATIVE OBSERVER REPORT FOR SEPTEMBER 2023...
PRECIPITATION (IN)
MONTHLY TOTAL ...................... 4.73
YEAR TO DATE ....................... 23.96
SNOWFALL (IN)
MONTHLY TOTAL ...................... 0.0
SEASONAL TOTAL (SINCE JULY 1ST)..... 0.0
$$
PFANNKUCH