000
CXUS56 KOTX 011011
CF6EAT
PRELIMINARY LOCAL CLIMATOLOGICAL DATA (WS FORM: F-6)
STATION: WENATCHEE WA PANGBORN FIELD
MONTH: JANUARY
YEAR: 2024
LATITUDE: 47 23 N
LONGITUDE: 120 12 W
TEMPERATURE IN F: :PCPN: SNOW: WIND :SUNSHINE: SKY :PK WND
================================================================================
1 2 3 4 5 6A 6B 7 8 9 10 11 12 13 14 15 16 17 18
12Z AVG MX 2MIN
DY MAX MIN AVG DEP HDD CDD WTR SNW DPTH SPD SPD DIR MIN PSBL S-S WX SPD DR
================================================================================
1 37 35 36 9 29 0 0.00 M M 5.2 9 320 M M 10 12 330
2 37 33 35 8 30 0 0.08 M M 4.0 7 330 M M 10 1 9 330
3 39 33 36 9 29 0 0.10 M M 3.5 8 290 M M 10 1 9 290
4 38 32 35 8 30 0 0.01 M M 3.4 12 300 M M 9 1 14 300
5 40 28 34 6 31 0 0.00 M M 2.2 12 300 M M 1 15 100
6 43 32 38 10 27 0 0.00 M M 11.6 25 300 M M 2 34 290
7 41 29 35 7 30 0 0.00 M M 4.9 16 300 M M 2 20 300
8 30 25 28 0 37 0 0.01 M M 1.6 7 100 M M 8 1 9 100
9 45 22 34 6 31 0 0.03 M M 11.9 31 300 M M 4 12 42 270
10 41 26 34 6 31 0 0.00 M M 6.6 18 320 M M 1 23 310
11 34 9 22 -6 43 0 0.03 M M 7.0 23 30 M M 7 1 35 40
12 9 -7 1 -27 64 0 0.01 M M 7.1 18 30 M M 5 26 10
13 -1 -10 -5 -33 70 0 0.00 M M 4.8 12 330 M M 1 15 330
14 7 -4 2 -26 63 0 T T M 5.6 12 300 M M 1 14 290
15 11 -2 5 -23 60 0 0.00 M M 2.5 10 270 M M 0 12 270
16 14 1 8 -21 57 0 0.02 M M 3.5 10 290 M M 1 1 13 290
17 18 11 15 -14 50 0 0.08 M M 2.0 9 280 M M 10 12 12 270
18 21 11 16 -13 49 0 0.11 M M 4.6 12 310 M M 9 1 14 290
19 25 20 23 -6 42 0 T M M 2.4 7 280 M M 10 1 9 290
20 29 24 27 -2 38 0 0.03 M M 4.0 7 260 M M 10 1 8 270
21 32 27 30 1 35 0 0.04 M M 1.5 6 300 M M 10 16 8 280
22 34 31 33 3 32 0 0.09 M M 1.9 7 290 M M 10 126 8 280
23 35 32 34 4 31 0 0.10 M M 1.3 6 260 M M 10 12 8 260
24 35 31 33 3 32 0 0.12 M M 1.3 8 240 M M 10 12 8 240
25 34 32 33 3 32 0 0.00 M M 1.5 6 300 M M 9 12 8 290
26 36 31 34 4 31 0 0.05 M M 1.5 6 280 M M 10 1 8 270
27 36 32 34 4 31 0 0.10 M M 2.9 8 270 M M 10 12 9 270
28 40 32 36 5 29 0 T M M 2.5 8 270 M M 7 12 8 270
29 40 34 37 6 28 0 0.00 M M 6.4 10 260 M M 10 12 12 290
30 42 36 39 8 26 0 0.10 M M 3.6 12 360 M M 8 12 13 360
31 42 36 39 8 26 0 0.09 M M 1.6 9 10 M M 10 12 12 10
================================================================================
SM 964 702 1174 0 1.20 T 124.4 M 215
================================================================================
AV 31.1 22.6 4.0 FASTST M M 7 MAX(MPH)
MISC ----> 31 300 42 270
================================================================================
NOTES:
# LAST OF SEVERAL OCCURRENCES
COLUMN 17 PEAK WIND IN M.P.H.
PRELIMINARY LOCAL CLIMATOLOGICAL DATA (WS FORM: F-6) , PAGE 2
STATION: WENATCHEE WA PANGBORN FIELD
MONTH: JANUARY
YEAR: 2024
LATITUDE: 47 23 N
LONGITUDE: 120 12 W
[TEMPERATURE DATA] [PRECIPITATION DATA] SYMBOLS USED IN COLUMN 16
AVERAGE MONTHLY: 26.9 TOTAL FOR MONTH: 1.20 1 = FOG OR MIST
DPTR FM NORMAL: -2.0 DPTR FM NORMAL: 0.18 2 = FOG REDUCING VISIBILITY
HIGHEST: 45 ON 9 GRTST 24HR 0.43 ON 10-11 TO 1/4 MILE OR LESS
LOWEST: -10 ON 13 3 = THUNDER
SNOW, ICE PELLETS, HAIL 4 = ICE PELLETS
TOTAL MONTH: T 5 = HAIL
GRTST 24HR T ON 14-14 6 = FREEZING RAIN OR DRIZZLE
GRTST DEPTH: M ON M 7 = DUSTSTORM OR SANDSTORM:
VSBY 1/2 MILE OR LESS
8 = SMOKE OR HAZE
[NO. OF DAYS WITH] [WEATHER - DAYS WITH] 9 = BLOWING SNOW
X = TORNADO
MAX 32 OR BELOW: 11 0.01 INCH OR MORE: 19
MAX 90 OR ABOVE: 0 0.10 INCH OR MORE: 6
MIN 32 OR BELOW: 25 0.50 INCH OR MORE: 0
MIN 0 OR BELOW: 4 1.00 INCH OR MORE: 0
[HDD (BASE 65) ]
TOTAL THIS MO. 1174 CLEAR (SCALE 0-3) 8
DPTR FM NORMAL 53 PTCLDY (SCALE 4-7) 6
TOTAL FM JUL 1 3418 CLOUDY (SCALE 8-10) 17
DPTR FM NORMAL -202
[CDD (BASE 65) ]
TOTAL THIS MO. 0
DPTR FM NORMAL 0 [PRESSURE DATA]
TOTAL FM JAN 1 0 HIGHEST SLP M ON M
DPTR FM NORMAL 0 LOWEST SLP 29.41 ON 9
[REMARKS]
#FINAL-01-24#