000
CXUS56 KOTX 011753
CLAEAT
CLIMATE REPORT
NATIONAL WEATHER SERVICE SPOKANE WA
953 AM PST FRI JAN 01 2021
...................................
...THE WENATCHEE WA PANGBORN FIELD CLIMATE SUMMARY FOR THE YEAR OF 2020...
CLIMATE NORMAL PERIOD 1981 TO 2010
CLIMATE RECORD PERIOD 1959 TO 2020
WEATHER OBSERVED NORMAL DEPART
VALUE DATE(S) VALUE FROM
NORMAL
................................................
TEMPERATURE (F)
RECORD
HIGH 109 06/28/2015
08/04/1961
08/04/1961
LOW -21 12/30/1968
HIGHEST 105 07/30
LOWEST 9 01/17
AVG. MAXIMUM 58.1 61.0 -2.9
AVG. MINIMUM 39.5 40.8 -1.3
MEAN 48.8 29.5 19.3
DAYS MAX >= 90 17 28.1 -11.1
DAYS MAX <= 32 22 31.9 -9.9
DAYS MIN <= 32 130 99.1 30.9
DAYS MIN <= 0 0 1.1 -1.1
PRECIPITATION (INCHES)
RECORD
MAXIMUM 14.28 1983
MINIMUM 4.49 1976
TOTALS 5.95 8.01 -2.06
DAILY AVG. T 0.02 -0.02
DAYS >= .01 52 67.9 -15.9
DAYS >= .10 18 25.1 -7.1
DAYS >= .50 0 1.8 -1.8
DAYS >= 1.00 0 0.1 -0.1
GREATEST
24 HR. TOTAL 0.46
DEGREE DAYS
HEATING TOTAL 5347 5772 -425
COOLING TOTAL 486 790 -304
FREEZE DATES
RECORD
EARLIEST 09/29/1985
LATEST 05/27/2011
EARLIEST 10/23
LATEST 04/13
................................................
WIND (MPH)
AVERAGE WIND SPEED 7.7
HIGHEST WIND SPEED/DIRECTION 40/300 DATE 05/20
HIGHEST GUST SPEED/DIRECTION 52/290 DATE 05/20
SKY COVER
AVERAGE SKY COVER 0.30
AVERAGE RH (PERCENT) 60
WEATHER CONDITIONS. NUMBER OF DAYS WITH
THUNDERSTORM 7 MIXED PRECIP 1
HEAVY RAIN 1 RAIN 10
LIGHT RAIN 66 FREEZING RAIN 0
LT FREEZING RAIN 0 HAIL 0
SLEET 0 FOG 69
FOG W/VIS <= 1/4 MILE 32 HAZE 19
- INDICATES NEGATIVE NUMBERS.
R INDICATES RECORD WAS SET OR TIED.
MM INDICATES DATA IS MISSING.
T INDICATES TRACE AMOUNT.
$$