000
CXUS53 KMPX 012221
CF6EAU
PRELIMINARY LOCAL CLIMATOLOGICAL DATA (WS FORM: F-6)
STATION: EAU CLAIRE WI
MONTH: AUGUST
YEAR: 2021
LATITUDE: 44 52 N
LONGITUDE: 91 29 W
TEMPERATURE IN F: :PCPN: SNOW: WIND :SUNSHINE: SKY :PK WND
================================================================================
1 2 3 4 5 6A 6B 7 8 9 10 11 12 13 14 15 16 17 18
12Z AVG MX 2MIN
DY MAX MIN AVG DEP HDD CDD WTR SNW DPTH SPD SPD DIR MIN PSBL S-S WX SPD DR
================================================================================
1 76 54 65 -6 0 0 0.00 0.0 0 5.5 14 330 M M 3 18 20 330
2 80 51 66 -5 0 1 0.00 0.0 0 2.8 12 280 M M 3 12 15 220
3 83 59 71 0 0 6 0.00 0.0 0 4.4 10 240 M M 0 8 15 260
4 85 60 73 2 0 8 0.00 0.0 0 6.2 13 200 M M 0 1 19 240
5 72 66 69 -1 0 4 0.18 0.0 0 9.3 15 170 M M 6 13 22 200
6 82 62 72 2 0 7 0.04 0.0 0 2.4 13 220 M M 3 128 17 220
7 70 62 66 -4 0 1 3.81 0.0 0 6.8 17 350 M M 8 123 24 340
8 82 67 75 5 0 10 1.41 0.0 0 6.0 24 230 M M 8 13 38 220
9 86 67 77 7 0 12 0.00 0.0 0 3.2 12 70 M M 4 1 16 110
10 86 66 76 6 0 11 0.00 0.0 0 6.0 13 260 M M 4 18 18 240
11 87 64 76 6 0 11 0.00 0.0 0 8.7 20 290 M M 4 1 26 290
12 83 58 71 1 0 6 T 0.0 0 7.3 21 310 M M 2 29 280
13 77 54 66 -4 0 1 0.00 0.0 0 5.8 17 280 M M 0 27 280
14 82 51 67 -3 0 2 0.00 0.0 0 3.9 10 230 M M 0 14 210
15 84 54 69 0 0 4 0.00 0.0 0 7.0 17 200 M M 0 1 22 200
16 82 54 68 -1 0 3 0.00 0.0 0 6.9 16 180 M M 0 21 160
17 85 58 72 3 0 7 0.00 0.0 0 6.6 15 170 M M 1 22 160
18 89 60 75 6 0 10 0.00 0.0 0 4.3 13 190 M M 1 20 200
19 91 59 75 6 0 10 0.00 0.0 0 3.5 14 150 M M 1 1 24 200
20 90 60 75 6 0 10 0.18 0.0 0 8.9 23 180 M M 2 13 32 170
21 77 53 65 -3 0 0 0.02 0.0 0 8.6 20 270 M M 5 28 280
22 79 48 64 -4 1 0 0.08 0.0 0 4.8 20 160 M M 1 13 26 150
23 85 65 75 7 0 10 0.00 0.0 0 5.8 18 240 M M 5 12 26 250
24 76 65 71 3 0 6 1.57 0.0 0 7.9 43 290 M M 6 123 63 280
25 86 61 74 6 0 9 0.00 0.0 0 4.3 14 300 M M 3 12 19 320
26 77 56 67 -1 0 2 0.48 0.0 0 5.6 15 100 M M 4 1238 21 40
27 77 65 71 4 0 6 1.93 0.0 0 6.0 20 150 M M 9 13 27 160
28 86 70 78 11 0 13 0.05 0.0 0 7.9 23 270 M M 4 13 33 270
29 81 62 72 5 0 7 0.05 0.0 0 7.9 33 270 M M 3 1 58 250
30 83 58 71 4 0 6 0.00 0.0 0 6.0 16 320 M M 0 1 23 270
31 80 56 68 2 0 3 0.00 0.0 0 5.2 13 70 M M 1 18 90
================================================================================
SM 2539 1845 1 186 9.80 0.0 185.5 M 91
================================================================================
AV 81.9 59.5 6.0 FASTST M M 3 MAX(MPH)
MISC ----> 43 290 63 280
================================================================================
NOTES:
# LAST OF SEVERAL OCCURRENCES
COLUMN 17 PEAK WIND IN M.P.H.
PRELIMINARY LOCAL CLIMATOLOGICAL DATA (WS FORM: F-6) , PAGE 2
STATION: EAU CLAIRE WI
MONTH: AUGUST
YEAR: 2021
LATITUDE: 44 52 N
LONGITUDE: 91 29 W
[TEMPERATURE DATA] [PRECIPITATION DATA] SYMBOLS USED IN COLUMN 16
AVERAGE MONTHLY: 70.7 TOTAL FOR MONTH: 9.80 1 = FOG OR MIST
DPTR FM NORMAL: 1.6 DPTR FM NORMAL: 5.62 2 = FOG REDUCING VISIBILITY
HIGHEST: 91 ON 19 GRTST 24HR 3.81 ON 7- 7 TO 1/4 MILE OR LESS
LOWEST: 48 ON 22 3 = THUNDER
SNOW, ICE PELLETS, HAIL 4 = ICE PELLETS
TOTAL MONTH: 0.0 INCH 5 = HAIL
GRTST 24HR 0.0 6 = FREEZING RAIN OR DRIZZLE
GRTST DEPTH: 0 7 = DUSTSTORM OR SANDSTORM:
VSBY 1/2 MILE OR LESS
8 = SMOKE OR HAZE
[NO. OF DAYS WITH] [WEATHER - DAYS WITH] 9 = BLOWING SNOW
X = TORNADO
MAX 32 OR BELOW: 0 0.01 INCH OR MORE: 12
MAX 90 OR ABOVE: 2 0.10 INCH OR MORE: 7
MIN 32 OR BELOW: 0 0.50 INCH OR MORE: 4
MIN 0 OR BELOW: 0 1.00 INCH OR MORE: 4
[HDD (BASE 65) ]
TOTAL THIS MO. 1 CLEAR (SCALE 0-3) 17
DPTR FM NORMAL -26 PTCLDY (SCALE 4-7) 13
TOTAL FM JUL 1 5 CLOUDY (SCALE 8-10) 1
DPTR FM NORMAL -32
[CDD (BASE 65) ]
TOTAL THIS MO. 186
DPTR FM NORMAL 33 [PRESSURE DATA]
TOTAL FM JAN 1 736 HIGHEST SLP 30.26 ON 14
DPTR FM NORMAL 226 LOWEST SLP 29.62 ON 11
[REMARKS]
#FINAL-08-21#
THE PRECIPITATION DATA ON AUGUST 5TH AND 6TH WAS FROM
THE 8 INCH DIAMETER RAIN GAUGE AT THE SNOW OBSERVING SITE.
THE PRECIPITATION DATA ON AUGUST 7TH AND 8TH WAS FROM COCORAHS STATION
WI-EC-27.
THE PRECIPITATION DATA ON AUGUST 26TH AND 27TH WAS FROM
COCORAHS STATION WI-EC-31.