000
CXUS55 KEAX 010836
CF6EAX
PRELIMINARY LOCAL CLIMATOLOGICAL DATA (WS FORM: F-6)
STATION: PLEASANT HILL NWS MO
MONTH: OCTOBER
YEAR: 2020
LATITUDE: 38 48 N
LONGITUDE: 94 16 W
TEMPERATURE IN F: :PCPN: SNOW: WIND :SUNSHINE: SKY :PK WND
================================================================================
1 2 3 4 5 6A 6B 7 8 9 10 11 12 13 14 15 16 17 18
12Z AVG MX 2MIN
DY MAX MIN AVG DEP HDD CDD WTR SNW DPTH SPD SPD DIR MIN PSBL S-S WX SPD DR
================================================================================
1 63 46 55 -7 10 0 0.00 0.0 0 M M M M M M M M
2 64 40 52 -9 13 0 0.00 0.0 0 M M M M M M M M
3 67 46 57 -4 8 0 0.01 0.0 0 M M M M M M M M
4 61 42 52 -8 13 0 0.00 0.0 0 M M M M M M M M
5 73 40 57 -3 8 0 0.00 0.0 0 M M M M M M M M
6 79 51 65 5 0 0 0.00 0.0 0 M M M M M M M M
7 88 56 72 13 0 7 0.00 0.0 0 M M M M M M M M
8 85 57 71 12 0 6 0.00 0.0 0 M M M M M M M M
9 82 57 70 11 0 5 0.00 0.0 0 M M M M M M M M
10 82 58 70 12 0 5 0.00 0.0 0 M M M M M M M M
11 85 59 72 14 0 7 0.00 0.0 0 M M M M M M M M
12 70 50 60 2 5 0 0.00 0.0 0 M M M M M M M M
13 77 46 62 5 3 0 0.00 0.0 0 M M M M M M M M
14 83 51 67 10 0 2 T 0.0 0 M M M M M M M M
15 64 39 52 -4 13 0 0.00 0.0 0 M M M M M M M M
16 62 36 49 -7 16 0 0.00 0.0 0 M M M M M M M M
17 71 47 59 3 6 0 0.00 0.0 0 M M M M M M M M
18 58 41 50 -6 15 0 0.00 0.0 0 M M M M M M M M
19 47 40 44 -11 21 0 0.00 0.0 0 M M M M M M M M
20 47 40 44 -11 21 0 0.07 0.0 0 M M M M M M M M
21 51 43 47 -7 18 0 0.10 0.0 0 M M M M M M M M
22 82 49 66 12 0 1 T 0.0 0 M M M M M M M M
23 49 37 43 -11 22 0 0.30 0.0 0 M M M M M M M M
24 41 36 39 -15 26 0 0.00 0.0 0 M M M M M M M M
25 41 35 38 -15 27 0 0.03 0.0 0 M M M M M M M M
26 35 28 32 -21 33 0 0.21 1.5 0 M M M M M M M M
27 33 29 31 -21 34 0 0.09 0.0 1 M M M M M M M M
28 45 32 39 -13 26 0 0.40 0.0 0 M M M M M M M M
29 49 33 41 -11 24 0 0.11 0.0 0 M M M M M M M M
30 62 30 46 -5 19 0 0.00 0.0 0 M M M M M M M M
31 64 42 53 2 12 0 0.00 0.0 0 M M M M M M M M
================================================================================
SM 1960 1336 393 33 1.32 1.5 M M M
================================================================================
AV 63.2 43.1 M FASTST M M M MAX(MPH)
MISC ----> M M M M
================================================================================
NOTES:
# LAST OF SEVERAL OCCURRENCES
COLUMN 17 PEAK WIND IN M.P.H.
PRELIMINARY LOCAL CLIMATOLOGICAL DATA (WS FORM: F-6) , PAGE 2
STATION: PLEASANT HILL NWS MO
MONTH: OCTOBER
YEAR: 2020
LATITUDE: 38 48 N
LONGITUDE: 94 16 W
[TEMPERATURE DATA] [PRECIPITATION DATA] SYMBOLS USED IN COLUMN 16
AVERAGE MONTHLY: 53.2 TOTAL FOR MONTH: 1.32 1 = FOG OR MIST
DPTR FM NORMAL: -3.0 DPTR FM NORMAL: -2.55 2 = FOG REDUCING VISIBILITY
HIGHEST: 88 ON 7 GRTST 24HR 0.40 ON 28-28 TO 1/4 MILE OR LESS
LOWEST: 28 ON 26 3 = THUNDER
SNOW, ICE PELLETS, HAIL 4 = ICE PELLETS
TOTAL MONTH: 1.5 INCHES 5 = HAIL
GRTST 24HR 1.5 ON 26-26 6 = FREEZING RAIN OR DRIZZLE
GRTST DEPTH: 1 ON 27 7 = DUSTSTORM OR SANDSTORM:
VSBY 1/2 MILE OR LESS
8 = SMOKE OR HAZE
[NO. OF DAYS WITH] [WEATHER - DAYS WITH] 9 = BLOWING SNOW
X = TORNADO
MAX 32 OR BELOW: 0 0.01 INCH OR MORE: 9
MAX 90 OR ABOVE: 0 0.10 INCH OR MORE: 5
MIN 32 OR BELOW: 4 0.50 INCH OR MORE: 0
MIN 0 OR BELOW: 0 1.00 INCH OR MORE: 0
[HDD (BASE 65) ]
TOTAL THIS MO. 393 CLEAR (SCALE 0-3) 0
DPTR FM NORMAL 98 PTCLDY (SCALE 4-7) 0
TOTAL FM JUL 1 447 CLOUDY (SCALE 8-10) 31
DPTR FM NORMAL 92
[CDD (BASE 65) ]
TOTAL THIS MO. 33
DPTR FM NORMAL 9 [PRESSURE DATA]
TOTAL FM JAN 1 1283 HIGHEST SLP M ON M
DPTR FM NORMAL -14 LOWEST SLP M ON M
[REMARKS]
#FINAL-10-20#