000
CXUS54 KEWX 011011
CF6ECU
PRELIMINARY LOCAL CLIMATOLOGICAL DATA (WS FORM: F-6)
STATION: Edwards County Airport
MONTH: MAY
YEAR: 2020
LATITUDE: 29 57 N
LONGITUDE: 100 10 W
TEMPERATURE IN F: :PCPN: SNOW: WIND :SUNSHINE: SKY :PK WND
================================================================================
1 2 3 4 5 6A 6B 7 8 9 10 11 12 13 14 15 16 17 18
12Z AVG MX 2MIN
DY MAX MIN AVG DEP HDD CDD WTR SNW DPTH SPD SPD DIR MIN PSBL S-S WX SPD DR
================================================================================
1 88 61 75 M 0 10 0.00 M M 14.9 21 160 M M 0 25 170
2 90 63 77 M 0 12 0.00 M M 12.9 18 150 M M 2 25 160
3 91 66 79 M 0 14 0.00 M M 12.5 17 150 M M 3 1 24 150
4 93 66 80 M 0 15 0.00 M M 12.6 17 150 M M 1 1 23 160
5 79 66 73 M 0 8 0.00 M M 11.0 17 160 M M 6 18 23 160
6 84 61 73 M 0 8 0.00 M M 8.2 14 150 M M 8 8 24 150
7 84 63 74 M 0 9 0.00 M M 15.4 21 160 M M 6 1 31 170
8 75 61 68 M 0 3 0.00 M M 12.5 17 20 M M 1 29 40
9 81 50 66 M 0 1 0.00 M M 6.5 14 160 M M 2 20 140
10 81 54 68 M 0 3 0.00 M M 9.7 15 160 M M 2 20 160
11 77 61 69 M 0 4 0.00 M M 14.3 21 160 M M 8 28 140
12 86 63 75 M 0 10 0.07 M M 10.3 16 140 M M 6 3 27 140
13 81 63 72 M 0 7 0.33 M M 12.7 17 150 M M 8 123 23 160
14 90 63 77 M 0 12 0.09 M M 11.7 24 160 M M 0 3 32 160
15 84 61 73 M 0 8 0.29 M M 13.8 43 290 M M 2 13 60 290
16 81 59 70 M 0 5 0.00 M M 6.8 12 260 M M 0 21 40
17 90 61 76 M 0 11 0.00 M M 5.1 10 150 M M 0 M M
18 91 64 78 M 0 13 0.00 M M 9.8 14 150 M M 0 22 160
19 99 68 84 M 0 19 0.00 M M 9.8 14 150 M M 0 23 210
20 93 68 81 M 0 16 0.00 M M 11.5 20 200 M M 2 8 31 200
21 90 64 77 M 0 12 0.00 M M 10.2 17 160 M M 3 24 160
22 90 72 81 M 0 16 0.00 M M 12.7 17 170 M M 5 1 24 150
23 88 63 76 M 0 11 0.37 M M 15.5 23 260 M M 7 13 38 260
24 82 63 73 M 0 8 0.00 M M 11.0 28 300 M M 4 18 40 310
25 79 59 69 M 0 4 0.36 M M 4.7 15 60 M M 7 22 60
26 81 64 73 M 0 8 0.00 M M 4.2 10 360 M M 2 20 290
27 90 63 77 M 0 12 0.00 M M 10.2 16 180 M M 1 3 24 180
28 88 64 76 M 0 11 0.00 M M 7.2 17 20 M M 3 3 30 20
29 82 63 73 M 0 8 0.00 M M 6.0 12 90 M M 0 18 90
30 84 61 73 M 0 8 0.00 M M 5.9 10 120 M M 0 15 99
31 79 64 72 M 0 7 0.23 0.0 0 5.6 10 100 M M 7 3 15 80
================================================================================
SM 2651 1942 0 293 1.74 0.0 315.2 M 96
================================================================================
AV 85.5 62.7 10.2 FASTST M M 3 MAX(MPH)
MISC ----> # 43 290 # 60 290
================================================================================
NOTES:
# LAST OF SEVERAL OCCURRENCES
COLUMN 17 PEAK WIND IN M.P.H.
PRELIMINARY LOCAL CLIMATOLOGICAL DATA (WS FORM: F-6) , PAGE 2
STATION: Edwards County Airport
MONTH: MAY
YEAR: 2020
LATITUDE: 29 57 N
LONGITUDE: 100 10 W
[TEMPERATURE DATA] [PRECIPITATION DATA] SYMBOLS USED IN COLUMN 16
AVERAGE MONTHLY: 74.1 TOTAL FOR MONTH: 1.74 1 = FOG OR MIST
DPTR FM NORMAL: M DPTR FM NORMAL: M 2 = FOG REDUCING VISIBILITY
HIGHEST: 99 ON 19 GRTST 24HR 0.37 ON 23-23 TO 1/4 MILE OR LESS
LOWEST: 50 ON 9 3 = THUNDER
SNOW, ICE PELLETS, HAIL 4 = ICE PELLETS
TOTAL MONTH: 0.0 INCH 5 = HAIL
GRTST 24HR 0.0 6 = FREEZING RAIN OR DRIZZLE
GRTST DEPTH: 0 7 = DUSTSTORM OR SANDSTORM:
VSBY 1/2 MILE OR LESS
8 = SMOKE OR HAZE
[NO. OF DAYS WITH] [WEATHER - DAYS WITH] 9 = BLOWING SNOW
X = TORNADO
MAX 32 OR BELOW: 0 0.01 INCH OR MORE: 7
MAX 90 OR ABOVE: 11 0.10 INCH OR MORE: 5
MIN 32 OR BELOW: 0 0.50 INCH OR MORE: 0
MIN 0 OR BELOW: 0 1.00 INCH OR MORE: 0
[HDD (BASE 65) ]
TOTAL THIS MO. 0 CLEAR (SCALE 0-3) 19
DPTR FM NORMAL M PTCLDY (SCALE 4-7) 12
TOTAL FM JUL 1 1713 CLOUDY (SCALE 8-10) 0
DPTR FM NORMAL M
[CDD (BASE 65) ]
TOTAL THIS MO. 293
DPTR FM NORMAL M [PRESSURE DATA]
TOTAL FM JAN 1 493 HIGHEST SLP M ON M
DPTR FM NORMAL M LOWEST SLP M ON M
[REMARKS]
#FINAL-05-20#