000
CXUS54 KBMX 011010
CF6EET
PRELIMINARY LOCAL CLIMATOLOGICAL DATA (WS FORM: F-6)
STATION: SHELBY COUNTY AIRPORT
MONTH: APRIL
YEAR: 2022
LATITUDE: 33 10 N
LONGITUDE: 86 47 W
TEMPERATURE IN F: :PCPN: SNOW: WIND :SUNSHINE: SKY :PK WND
================================================================================
1 2 3 4 5 6A 6B 7 8 9 10 11 12 13 14 15 16 17 18
12Z AVG MX 2MIN
DY MAX MIN AVG DEP HDD CDD WTR SNW DPTH SPD SPD DIR MIN PSBL S-S WX SPD DR
================================================================================
1 67 45 56 -5 9 0 0.00 0.0 0 3.7 12 310 M M 0 15 340
2 72 47 60 -1 5 0 0.00 0.0 0 1.4 8 300 M M 1 11 290
3 73 48 61 0 4 0 0.00 0.0 0 2.6 16 320 M M 0 21 320
4 81 48 65 4 0 0 0.00 0.0 0 2.6 8 160 M M 0 13 190
5 71 57 64 2 1 0 1.60 0.0 0 6.2 15 210 M M 6 13 23 140
6 80 60 70 8 0 5 1.49 0.0 0 6.4 17 330 M M 9 1238 27 310
7 68 50 59 -3 6 0 0.00 0.0 0 7.5 20 290 M M 3 8 29 290
8 59 44 52 -10 13 0 0.00 0.0 0 7.9 20 310 M M 5 29 290
9 63 41 52 -10 13 0 0.00 0.0 0 6.6 20 340 M M 3 29 330
10 80 41 61 -2 4 0 0.00 0.0 0 5.8 16 200 M M 0 24 170
11 71 56 64 1 1 0 0.03 0.0 0 4.7 17 170 M M 4 25 200
12 83 60 72 9 0 7 0.00 0.0 0 7.2 16 170 M M 4 20 170
13 81 65 73 10 0 8 0.45 0.0 0 10.4 21 170 M M 4 13 30 170
14 76 55 66 2 0 1 0.02 0.0 0 4.9 14 310 M M 3 1 19 300
15 82 48 65 1 0 0 0.00 0.0 0 4.6 15 170 M M 0 20 170
16 71 60 66 2 0 1 0.84 0.0 0 3.2 15 170 M M 9 13 21 190
17 73 61 67 3 0 2 1.22 0.0 0 3.3 16 340 M M 8 123 25 330
18 65 51 58 -6 7 0 0.01 0.0 0 6.1 16 320 M M 6 18 23 310
19 67 42 55 -10 10 0 0.00 0.0 0 2.7 12 330 M M 0 19 360
20 75 46 61 -4 4 0 0.00 0.0 0 5.8 16 140 M M 0 26 130
21 82 59 71 6 0 6 0.00 0.0 0 4.7 15 160 M M 1 20 160
22 84 58 71 5 0 6 0.00 0.0 0 1.8 10 150 M M 0 15 150
23 85 59 72 6 0 7 0.00 0.0 0 4.6 16 170 M M 0 24 150
24 85 61 73 7 0 8 0.00 0.0 0 4.4 15 160 M M 2 21 170
25 85 61 73 7 0 8 0.00 0.0 0 3.3 14 170 M M 1 19 150
26 72 57 65 -1 0 0 0.51 0.0 0 6.4 14 310 M M 5 1 19 310
27 78 49 64 -3 1 0 0.00 0.0 0 3.1 10 20 M M 0 16 40
28 81 50 66 -1 0 1 0.00 0.0 0 1.8 10 160 M M 0 14 180
29 83 58 71 4 0 6 0.00 0.0 0 4.2 14 160 M M 2 18 150
30 85 61 73 5 0 8 0.00 0.0 0 5.7 20 170 M M 2 24 160
================================================================================
SM 2278 1598 78 74 6.17 0.0 143.6 M 78
================================================================================
AV 75.9 53.3 4.8 FASTST M M 3 MAX(MPH)
MISC ----> 21 170 30 170
================================================================================
NOTES:
# LAST OF SEVERAL OCCURRENCES
COLUMN 17 PEAK WIND IN M.P.H.
PRELIMINARY LOCAL CLIMATOLOGICAL DATA (WS FORM: F-6) , PAGE 2
STATION: SHELBY COUNTY AIRPORT
MONTH: APRIL
YEAR: 2022
LATITUDE: 33 10 N
LONGITUDE: 86 47 W
[TEMPERATURE DATA] [PRECIPITATION DATA] SYMBOLS USED IN COLUMN 16
AVERAGE MONTHLY: 64.6 TOTAL FOR MONTH: 6.17 1 = FOG OR MIST
DPTR FM NORMAL: 0.6 DPTR FM NORMAL: 1.10 2 = FOG REDUCING VISIBILITY
HIGHEST: 85 ON 30,25 GRTST 24HR 1.60 ON 5- 5 TO 1/4 MILE OR LESS
LOWEST: 41 ON 10, 9 3 = THUNDER
SNOW, ICE PELLETS, HAIL 4 = ICE PELLETS
TOTAL MONTH: 0.0 INCH 5 = HAIL
GRTST 24HR 0.0 6 = FREEZING RAIN OR DRIZZLE
GRTST DEPTH: 0 7 = DUSTSTORM OR SANDSTORM:
VSBY 1/2 MILE OR LESS
8 = SMOKE OR HAZE
[NO. OF DAYS WITH] [WEATHER - DAYS WITH] 9 = BLOWING SNOW
X = TORNADO
MAX 32 OR BELOW: 0 0.01 INCH OR MORE: 9
MAX 90 OR ABOVE: 0 0.10 INCH OR MORE: 6
MIN 32 OR BELOW: 0 0.50 INCH OR MORE: 5
MIN 0 OR BELOW: 0 1.00 INCH OR MORE: 3
[HDD (BASE 65) ]
TOTAL THIS MO. 78 CLEAR (SCALE 0-3) 18
DPTR FM NORMAL -26 PTCLDY (SCALE 4-7) 10
TOTAL FM JUL 1 1943 CLOUDY (SCALE 8-10) 2
DPTR FM NORMAL -420
[CDD (BASE 65) ]
TOTAL THIS MO. 74
DPTR FM NORMAL 0 [PRESSURE DATA]
TOTAL FM JAN 1 115 HIGHEST SLP 30.40 ON 22
DPTR FM NORMAL 12 LOWEST SLP 29.54 ON 5
[REMARKS]
#FINAL-04-22#