000
CXUS54 KBMX 011010
CF6EET
PRELIMINARY LOCAL CLIMATOLOGICAL DATA (WS FORM: F-6)
STATION: SHELBY COUNTY AIRPORT
MONTH: JULY
YEAR: 2021
LATITUDE: 33 10 N
LONGITUDE: 86 47 W
TEMPERATURE IN F: :PCPN: SNOW: WIND :SUNSHINE: SKY :PK WND
================================================================================
1 2 3 4 5 6A 6B 7 8 9 10 11 12 13 14 15 16 17 18
12Z AVG MX 2MIN
DY MAX MIN AVG DEP HDD CDD WTR SNW DPTH SPD SPD DIR MIN PSBL S-S WX SPD DR
================================================================================
1 85 71 78 -2 0 13 0.00 0.0 0 4.3 10 170 M M 5 1 15 160
2 83 73 78 -3 0 13 0.63 0.0 M 2.2 10 200 M M 7 123 14 200
3 84 66 75 -6 0 10 0.00 0.0 M 2.3 9 360 M M 1 1 12 350
4 85 62 74 -7 0 9 0.00 0.0 0 1.2 7 40 M M 0 1 11 60
5 89 67 78 -3 0 13 0.00 0.0 0 2.2 10 150 M M 2 1 14 140
6 84 70 77 -4 0 12 0.81 0.0 0 3.5 18 170 M M 8 13 30 170
7 82 71 77 -4 0 12 0.89 0.0 0 1.9 7 140 M M 7 1 11 110
8 86 70 78 -3 0 13 0.00 0.0 0 3.5 10 200 M M 5 18 14 200
9 88 71 80 -1 0 15 1.19 0.0 0 3.8 17 220 M M 3 138 30 210
10 89 68 79 -2 0 14 0.37 0.0 0 4.4 17 230 M M 3 13 25 240
11 87 72 80 -1 0 15 0.11 0.0 0 8.2 20 210 M M 6 13 30 220
12 84 69 77 -4 0 12 0.10 0.0 0 6.0 13 160 M M 5 13 17 180
13 87 68 78 -3 0 13 0.02 0.0 0 3.6 17 300 M M 5 1 23 310
14 89 70 80 -1 0 15 0.00 0.0 0 1.4 7 200 M M 2 10 260
15 91 72 82 1 0 17 0.00 0.0 0 1.9 8 200 M M 1 11 200
16 88 71 80 -2 0 15 0.56 0.0 0 2.3 22 160 M M 2 1238 29 170
17 85 71 78 -4 0 13 0.97 0.0 0 1.8 21 190 M M 5 123 28 210
18 84 70 77 -5 0 12 T 0.0 0 3.0 13 220 M M 7 1 20 240
19 83 71 77 -5 0 12 1.57 0.0 M 3.3 12 200 M M 9 13 18 310
20 84 72 78 -4 0 13 1.02 0.0 M 2.2 12 250 M M 7 1238 16 270
21 86 73 80 -2 0 15 0.10 0.0 0 0.9 12 180 M M 6 1 19 150
22 91 72 82 0 0 17 0.00 0.0 0 2.0 8 310 M M 4 13 12 220
23 90 73 82 0 0 17 0.36 0.0 0 2.3 13 170 M M 6 1238 16 150
24 90 72 81 -1 0 16 1.57 0.0 0 0.9 12 180 M M 4 123 15 80
25 89 75 82 0 0 17 0.00 0.0 0 1.2 10 170 M M 1 138 16 180
26 92 76 84 2 0 19 0.34 0.0 M 1.4 13 210 M M 3 138 19 250
27 90 72 81 -1 0 16 1.03 0.0 M 1.7 13 20 M M 4 13 20 10
28 93 77 85 3 0 20 0.00 0.0 0 0.6 6 50 M M 5 12 9 10
29 93 74 84 2 0 19 0.00 0.0 0 1.3 9 300 M M 0 18 13 300
30 91 74 83 1 0 18 0.00 0.0 0 2.2 14 360 M M 1 18 23 360
31 93 73 83 1 0 18 0.18 0.0 0 3.2 16 20 M M 2 13 27 40
================================================================================
SM 2715 2206 0 453 11.82 0.0 80.7 M 126
================================================================================
AV 87.6 71.2 2.6 FASTST M M 4 MAX(MPH)
MISC ----> 22 160 # 30 170
================================================================================
NOTES:
# LAST OF SEVERAL OCCURRENCES
COLUMN 17 PEAK WIND IN M.P.H.
PRELIMINARY LOCAL CLIMATOLOGICAL DATA (WS FORM: F-6) , PAGE 2
STATION: SHELBY COUNTY AIRPORT
MONTH: JULY
YEAR: 2021
LATITUDE: 33 10 N
LONGITUDE: 86 47 W
[TEMPERATURE DATA] [PRECIPITATION DATA] SYMBOLS USED IN COLUMN 16
AVERAGE MONTHLY: 79.4 TOTAL FOR MONTH: 11.82 1 = FOG OR MIST
DPTR FM NORMAL: -1.9 DPTR FM NORMAL: 6.89 2 = FOG REDUCING VISIBILITY
HIGHEST: 93 ON 31,29 GRTST 24HR 1.70 ON 6- 7 TO 1/4 MILE OR LESS
LOWEST: 62 ON 4 3 = THUNDER
SNOW, ICE PELLETS, HAIL 4 = ICE PELLETS
TOTAL MONTH: 0.0 INCH 5 = HAIL
GRTST 24HR 0.0 6 = FREEZING RAIN OR DRIZZLE
GRTST DEPTH: 0 7 = DUSTSTORM OR SANDSTORM:
VSBY 1/2 MILE OR LESS
8 = SMOKE OR HAZE
[NO. OF DAYS WITH] [WEATHER - DAYS WITH] 9 = BLOWING SNOW
X = TORNADO
MAX 32 OR BELOW: 0 0.01 INCH OR MORE: 18
MAX 90 OR ABOVE: 10 0.10 INCH OR MORE: 17
MIN 32 OR BELOW: 0 0.50 INCH OR MORE: 10
MIN 0 OR BELOW: 0 1.00 INCH OR MORE: 5
[HDD (BASE 65) ]
TOTAL THIS MO. 0 CLEAR (SCALE 0-3) 12
DPTR FM NORMAL 0 PTCLDY (SCALE 4-7) 18
TOTAL FM JUL 1 0 CLOUDY (SCALE 8-10) 1
DPTR FM NORMAL 0
[CDD (BASE 65) ]
TOTAL THIS MO. 453
DPTR FM NORMAL -54 [PRESSURE DATA]
TOTAL FM JAN 1 1080 HIGHEST SLP 30.07 ON 29
DPTR FM NORMAL -162 LOWEST SLP 29.94 ON 31
[REMARKS]
#FINAL-07-21#