000
CXUS56 KEKA 091334
CF6EKA
PRELIMINARY LOCAL CLIMATOLOGICAL DATA (WS FORM: F-6)
STATION: EUREKA CA
MONTH: SEPTEMBER
YEAR: 2020
LATITUDE: 40 47 N
LONGITUDE: 124 10 W
TEMPERATURE IN F: :PCPN: SNOW: WIND :SUNSHINE: SKY :PK WND
================================================================================
1 2 3 4 5 6A 6B 7 8 9 10 11 12 13 14 15 16 17 18
12Z AVG MX 2MIN
DY MAX MIN AVG DEP HDD CDD WTR SNW DPTH SPD SPD DIR MIN PSBL S-S WX SPD DR
================================================================================
1 60 51 56 -2 9 0 0.00 0.0 0 3.5 9 300 M M 9 1 9 M
2 63 53 58 0 7 0 T 0.0 0 3.5 9 360 M M 10 1 9 M
3 61 53 57 -1 8 0 0.01 0.0 0 2.8 8 310 M M 10 1 10 M
4 70 52 61 3 4 0 0.01 0.0 0 3.5 8 10 M M 5 1 8 M
5 69 48 59 1 6 0 0.00 0.0 0 3.6 9 360 M M 0 9 M
6 71 51 61 3 4 0 0.00 0.0 0 2.3 5 240 M M 0 5 M
7 76 53 65 7 0 0 0.00 0.0 0 1.9 6 10 M M 2 8 8 M
8 64 50 57 -1 8 0 0.00 0.0 0 1.7 6 270 M M 9 18 6 M
9 57 52 55 -3 10 0 0.00 0.0 0 1.1 7 50 M M 10 28 7 M
10 62 51 57 -1 8 0 0.00 0.0 0 1.5 6 50 M M 10 28 7 M
11 67 49 58 0 7 0 0.00 0.0 0 2.3 6 300 M M 10 28 7 M
12 56 50 53 -4 12 0 0.00 0.0 0 2.6 8 20 M M 10 28 8 M
13 60 50 55 -2 10 0 0.00 0.0 0 2.2 7 330 M M 10 28 7 M
14 68 54 61 4 4 0 0.00 0.0 0 3.4 12 280 M M 8 18 12 M
15 74 52 63 6 2 0 0.00 0.0 0 2.5 9 300 M M 2 9 M
16 75 60 68 11 0 3 0.01 0.0 0 2.4 8 270 M M 7 2 9 M
17 69 58 64 7 1 0 0.02 0.0 0 1.3 8 27 M M 9 2 8 M
18 72 57 65 8 0 0 0.12 0.0 0 4.3 12 250 M M 7 17 M
19 69 56 63 6 2 0 T 0.0 0 4.3 10 360 M M 4 1 16 M
20 66 57 62 5 3 0 T 0.0 0 2.1 6 290 M M 8 18 8 M
21 68 57 63 6 2 0 0.00 0.0 0 3.3 10 290 M M 6 13 0
22 68 54 61 4 4 0 T 0.0 0 3.1 9 310 M M 9 9 0
23 79 52 66 10 0 1 0.18 0.0 0 5.7 14 250 M M 5 17 0
24 69 56 63 7 2 0 0.28 0.0 0 2.5 8 310 M M 6 1 9 M
25 71 51 61 5 4 0 0.11 0.0 0 3.6 9 280 M M 7 1 M M
26 69 57 63 7 2 0 0.00 0.0 0 3.8 8 320 M M 7 18 M M
27 70 52 61 5 4 0 0.00 0.0 0 4.3 15 10 M M 2 18 31 0
28 87 53 70 14 0 5 0.00 M 0 1.7 7 280 M M 9 8 M M
29 69 55 62 6 3 0 0.00 M M 1.4 8 0 M M 10 18 M M
30 64 53 59 3 6 0 0.00 0.0 0 3.5 8 20 M M 9 18 M M
================================================================================
SM 2043 1597 132 9 0.74 0.0 85.7 M 210
================================================================================
AV 68.1 53.2 2.9 FASTST M M 7 MAX(MPH)
MISC ----> 15 10 31 0
================================================================================
NOTES:
# LAST OF SEVERAL OCCURRENCES
COLUMN 17 PEAK WIND IN M.P.H.
PRELIMINARY LOCAL CLIMATOLOGICAL DATA (WS FORM: F-6) , PAGE 2
STATION: EUREKA CA
MONTH: SEPTEMBER
YEAR: 2020
LATITUDE: 40 47 N
LONGITUDE: 124 10 W
[TEMPERATURE DATA] [PRECIPITATION DATA] SYMBOLS USED IN COLUMN 16
AVERAGE MONTHLY: 60.7 TOTAL FOR MONTH: 0.74 1 = FOG OR MIST
DPTR FM NORMAL: 3.7 DPTR FM NORMAL: 0.15 2 = FOG REDUCING VISIBILITY
HIGHEST: 87 ON 28 GRTST 24HR 0.46 ON 23-24 TO 1/4 MILE OR LESS
LOWEST: 48 ON 5 3 = THUNDER
SNOW, ICE PELLETS, HAIL 4 = ICE PELLETS
TOTAL MONTH: 0.0 INCH 5 = HAIL
GRTST 24HR 0.0 6 = FREEZING RAIN OR DRIZZLE
GRTST DEPTH: 0 7 = DUSTSTORM OR SANDSTORM:
VSBY 1/2 MILE OR LESS
8 = SMOKE OR HAZE
[NO. OF DAYS WITH] [WEATHER - DAYS WITH] 9 = BLOWING SNOW
X = TORNADO
MAX 32 OR BELOW: 0 0.01 INCH OR MORE: 8
MAX 90 OR ABOVE: 0 0.10 INCH OR MORE: 4
MIN 32 OR BELOW: 0 0.50 INCH OR MORE: 0
MIN 0 OR BELOW: 0 1.00 INCH OR MORE: 0
[HDD (BASE 65) ]
TOTAL THIS MO. 132 CLEAR (SCALE 0-3) 5
DPTR FM NORMAL -107 PTCLDY (SCALE 4-7) 11
TOTAL FM JUL 1 534 CLOUDY (SCALE 8-10) 14
DPTR FM NORMAL -131
[CDD (BASE 65) ]
TOTAL THIS MO. 9
DPTR FM NORMAL 9 [PRESSURE DATA]
TOTAL FM JAN 1 14 HIGHEST SLP 30.19 ON 26
DPTR FM NORMAL 14 LOWEST SLP 29.66 ON 8
[REMARKS]
#FINAL-09-20#