000
CXUS51 KRLX 011924
CF6EKN
PRELIMINARY LOCAL CLIMATOLOGICAL DATA (WS FORM: F-6)
STATION: ELKINS WV
MONTH: JUNE
YEAR: 2022
LATITUDE: 38 52 N
LONGITUDE: 79 51 W
TEMPERATURE IN F: :PCPN: SNOW: WIND :SUNSHINE: SKY :PK WND
================================================================================
1 2 3 4 5 6A 6B 7 8 9 10 11 12 13 14 15 16 17 18
12Z AVG MX 2MIN
DY MAX MIN AVG DEP HDD CDD WTR SNW DPTH SPD SPD DIR MIN PSBL S-S WX SPD DR
================================================================================
1 85 57 71 7 0 6 0.46 0.0 0 3.4 15 290 M M 4 12 19 320
2 80 62 71 7 0 6 0.40 0.0 0 4.7 14 300 M M 8 13 18 290
3 73 50 62 -3 3 0 0.00 0.0 0 2.8 15 340 M M 2 1 22 300
4 77 46 62 -3 3 0 0.00 0.0 0 2.9 14 310 M M 2 12 19 290
5 80 45 63 -2 2 0 0.00 0.0 0 1.3 9 170 M M 3 12 11 160
6 81 50 66 0 0 1 0.00 0.0 0 6.6 16 170 M M 2 22 190
7 72 60 66 0 0 1 0.05 0.0 0 5.6 15 200 M M 6 1 21 150
8 83 61 72 6 0 7 0.73 0.0 0 3.5 18 250 M M 7 12 29 250
9 69 51 60 -6 5 0 T 0.0 0 7.2 17 310 M M 8 1 24 280
10 75 47 61 -6 4 0 0.02 0.0 0 2.9 13 280 M M 5 12 16 290
11 74 55 65 -2 0 0 0.30 0.0 0 2.7 13 220 M M 7 1 17 230
12 81 59 70 3 0 5 0.39 0.0 0 4.8 16 230 M M 7 1 23 250
13 87 63 75 8 0 10 T 0.0 0 3.8 15 170 M M 5 1 23 190
14 73 66 70 2 0 5 0.77 0.0 0 2.1 13 170 M M 8 13 19 270
15 91 68 80 12 0 15 T 0.0 0 2.3 10 330 M M 5 12 17 300
16 90 66 78 10 0 13 T 0.0 0 5.8 22 160 M M 4 123 27 140
17 87 66 77 9 0 12 0.07 0.0 0 8.5 21 280 M M 3 3 29 270
18 70 47 59 -10 6 0 0.00 0.0 0 7.6 18 290 M M 4 31 300
19 71 40 56 -13 9 0 0.00 0.0 0 4.0 17 300 M M 0 25 310
20 72 49 61 -8 4 0 T 0.0 0 2.0 9 310 M M 7 14 290
21 86 52 69 0 0 4 0.00 0.0 0 2.2 14 290 M M 2 16 290
22 89 56 73 3 0 8 2.75 0.0 0 3.9 23 360 M M 3 1238 36 350
23 81 59 70 0 0 5 T 0.0 0 2.9 16 320 M M 4 12 22 320
24 82 54 68 -2 0 3 0.00 0.0 0 1.7 10 310 M M 2 12 14 360
25 88 53 71 1 0 6 0.00 0.0 0 1.6 14 290 M M 1 1 18 300
26 78 60 69 -1 0 4 0.01 0.0 0 2.5 10 160 M M 5 1 14 170
27 76 54 65 -5 0 0 0.48 0.0 0 4.6 17 360 M M 6 1 24 330
28 75 48 62 -8 3 0 0.00 0.0 0 1.5 9 330 M M 1 12 12 340
29 80 51 66 -5 0 1 0.00 0.0 0 2.8 13 320 M M 2 12 18 300
30 86 49 68 -3 0 3 0.00 0.0 0 1.1 9 280 M M 1 12 11 290
================================================================================
SM 2392 1644 39 115 6.43 0.0 109.3 M 124
================================================================================
AV 79.7 54.8 3.6 FASTST M M 4 MAX(MPH)
MISC ----> 23 360 36 350
================================================================================
NOTES:
# LAST OF SEVERAL OCCURRENCES
COLUMN 17 PEAK WIND IN M.P.H.
PRELIMINARY LOCAL CLIMATOLOGICAL DATA (WS FORM: F-6) , PAGE 2
STATION: ELKINS WV
MONTH: JUNE
YEAR: 2022
LATITUDE: 38 52 N
LONGITUDE: 79 51 W
[TEMPERATURE DATA] [PRECIPITATION DATA] SYMBOLS USED IN COLUMN 16
AVERAGE MONTHLY: 67.3 TOTAL FOR MONTH: 6.43 1 = FOG OR MIST
DPTR FM NORMAL: -0.5 DPTR FM NORMAL: 1.95 2 = FOG REDUCING VISIBILITY
HIGHEST: 91 ON 15 GRTST 24HR 2.75 ON 22-22 TO 1/4 MILE OR LESS
LOWEST: 40 ON 19 3 = THUNDER
SNOW, ICE PELLETS, HAIL 4 = ICE PELLETS
TOTAL MONTH: 0.0 INCH 5 = HAIL
GRTST 24HR 0.0 6 = FREEZING RAIN OR DRIZZLE
GRTST DEPTH: 0 7 = DUSTSTORM OR SANDSTORM:
VSBY 1/2 MILE OR LESS
8 = SMOKE OR HAZE
[NO. OF DAYS WITH] [WEATHER - DAYS WITH] 9 = BLOWING SNOW
X = TORNADO
MAX 32 OR BELOW: 0 0.01 INCH OR MORE: 12
MAX 90 OR ABOVE: 2 0.10 INCH OR MORE: 8
MIN 32 OR BELOW: 0 0.50 INCH OR MORE: 3
MIN 0 OR BELOW: 0 1.00 INCH OR MORE: 1
[HDD (BASE 65) ]
TOTAL THIS MO. 39 CLEAR (SCALE 0-3) 12
DPTR FM NORMAL 3 PTCLDY (SCALE 4-7) 18
TOTAL FM JUL 1 5016 CLOUDY (SCALE 8-10) 0
DPTR FM NORMAL -425
[CDD (BASE 65) ]
TOTAL THIS MO. 115
DPTR FM NORMAL -7 [PRESSURE DATA]
TOTAL FM JAN 1 154 HIGHEST SLP 30.33 ON 30
DPTR FM NORMAL -11 LOWEST SLP 29.73 ON 9
[REMARKS]
#FINAL-06-22#