000
CXUS54 KEPZ 011130
CF6ELP
PRELIMINARY LOCAL CLIMATOLOGICAL DATA (WS FORM: F-6)
STATION: EL PASO
MONTH: JANUARY
YEAR: 2022
LATITUDE: 31 47 N
LONGITUDE: 106 24 W
TEMPERATURE IN F: :PCPN: SNOW: WIND :SUNSHINE: SKY :PK WND
================================================================================
1 2 3 4 5 6A 6B 7 8 9 10 11 12 13 14 15 16 17 18
12Z AVG MX 2MIN
DY MAX MIN AVG DEP HDD CDD WTR SNW DPTH SPD SPD DIR MIN PSBL S-S WX SPD DR
================================================================================
1 56 34 45 0 20 0 0.02 0.0 0 25.2 43 240 M M 3 58 260
2 44 24 34 -11 31 0 0.00 0.0 0 5.0 18 340 M M 1 23 330
3 50 23 37 -8 28 0 0.00 0.0 0 4.3 10 180 M M 3 13 360
4 62 25 44 -1 21 0 0.00 0.0 0 10.2 29 270 M M 2 34 270
5 63 29 46 1 19 0 0.00 0.0 0 4.9 16 200 M M 0 21 210
6 66 33 50 5 15 0 0.00 0.0 0 4.0 12 220 M M 1 14 230
7 70 31 51 6 14 0 0.00 0.0 0 6.0 17 260 M M 1 23 250
8 69 50 60 14 5 0 0.00 0.0 0 11.6 24 250 M M 3 33 250
9 53 41 47 1 18 0 0.00 0.0 0 7.4 15 360 M M 7 19 70
10 47 40 44 -2 21 0 T 0.0 0 9.1 17 360 M M 9 21 10
11 55 35 45 -1 20 0 0.00 0.0 0 4.1 13 350 M M 6 17 340
12 63 29 46 0 19 0 0.00 0.0 0 2.9 9 290 M M 5 13 290
13 64 26 45 -1 20 0 0.00 0.0 0 3.3 8 200 M M 2 11 190
14 71 32 52 6 13 0 0.00 0.0 0 8.3 22 240 M M 3 31 250
15 52 35 44 -2 21 0 0.00 0.0 0 5.3 16 60 M M 4 22 60
16 57 26 42 -4 23 0 0.00 0.0 0 2.3 8 220 M M 5 11 220
17 65 27 46 0 19 0 0.00 0.0 0 5.8 15 250 M M 4 8 18 220
18 67 44 56 9 9 0 0.01 0.0 0 9.8 25 300 M M 4 36 310
19 62 43 53 6 12 0 0.00 0.0 0 8.3 25 260 M M 5 32 250
20 49 30 40 -7 25 0 0.00 0.0 0 6.1 14 80 M M 3 19 120
21 53 26 40 -7 25 0 0.00 0.0 0 3.4 9 180 M M 1 8 13 170
22 54 33 44 -3 21 0 0.00 0.0 0 11.3 21 100 M M 1 29 90
23 54 27 41 -6 24 0 0.00 0.0 0 4.6 10 40 M M 2 16 50
24 60 30 45 -3 20 0 0.00 0.0 0 4.6 15 320 M M 1 20 310
25 64 37 51 3 14 0 0.00 0.0 0 8.6 17 220 M M 1 23 270
26 58 34 46 -2 19 0 0.00 0.0 0 6.3 22 280 M M 1 29 340
27 62 31 47 -1 18 0 0.00 0.0 0 8.0 18 40 M M 3 26 90
28 52 30 41 -7 24 0 0.00 0.0 0 6.3 20 40 M M 1 24 30
29 58 29 44 -4 21 0 0.00 0.0 0 5.1 10 360 M M 2 14 10
30 63 32 48 0 17 0 0.00 0.0 0 6.9 14 10 M M 3 18 290
31 65 34 50 1 15 0 0.00 0.0 0 5.3 17 280 M M 3 21 280
================================================================================
SM 1828 1000 591 0 0.03 0.0 214.3 M 90
================================================================================
AV 59.0 32.3 6.9 FASTST M M 3 MAX(MPH)
MISC ----> 43 240 58 260
================================================================================
NOTES:
# LAST OF SEVERAL OCCURRENCES
COLUMN 17 PEAK WIND IN M.P.H.
PRELIMINARY LOCAL CLIMATOLOGICAL DATA (WS FORM: F-6) , PAGE 2
STATION: EL PASO
MONTH: JANUARY
YEAR: 2022
LATITUDE: 31 47 N
LONGITUDE: 106 24 W
[TEMPERATURE DATA] [PRECIPITATION DATA] SYMBOLS USED IN COLUMN 16
AVERAGE MONTHLY: 45.6 TOTAL FOR MONTH: 0.03 1 = FOG OR MIST
DPTR FM NORMAL: -0.9 DPTR FM NORMAL: -0.36 2 = FOG REDUCING VISIBILITY
HIGHEST: 71 ON 14 GRTST 24HR 0.15 ON 31- 1 TO 1/4 MILE OR LESS
LOWEST: 23 ON 3 3 = THUNDER
SNOW, ICE PELLETS, HAIL 4 = ICE PELLETS
TOTAL MONTH: 0.0 INCH 5 = HAIL
GRTST 24HR 0.0 6 = FREEZING RAIN OR DRIZZLE
GRTST DEPTH: 0 7 = DUSTSTORM OR SANDSTORM:
VSBY 1/2 MILE OR LESS
8 = SMOKE OR HAZE
[NO. OF DAYS WITH] [WEATHER - DAYS WITH] 9 = BLOWING SNOW
X = TORNADO
MAX 32 OR BELOW: 0 0.01 INCH OR MORE: 2
MAX 90 OR ABOVE: 0 0.10 INCH OR MORE: 0
MIN 32 OR BELOW: 18 0.50 INCH OR MORE: 0
MIN 0 OR BELOW: 0 1.00 INCH OR MORE: 0
[HDD (BASE 65) ]
TOTAL THIS MO. 591 CLEAR (SCALE 0-3) 16
DPTR FM NORMAL 19 PTCLDY (SCALE 4-7) 14
TOTAL FM JUL 1 1207 CLOUDY (SCALE 8-10) 1
DPTR FM NORMAL -338
[CDD (BASE 65) ]
TOTAL THIS MO. 0
DPTR FM NORMAL 0 [PRESSURE DATA]
TOTAL FM JAN 1 0 HIGHEST SLP 30.58 ON 10
DPTR FM NORMAL 0 LOWEST SLP 29.63 ON 1
[REMARKS]
#FINAL-01-22#