000
CXUS54 KEPZ 010959
CLMELP
CLIMATE REPORT
NATIONAL WEATHER SERVICE EL PASO TX/SANTA TERESA NM
359 AM MDT FRI SEP 01 2023
...................................
...THE EL PASO CLIMATE SUMMARY FOR THE MONTH OF AUGUST 2023...
CLIMATE NORMAL PERIOD 1991 TO 2020
CLIMATE RECORD PERIOD 1879 TO 2023
WEATHER OBSERVED NORMAL DEPART LAST YEAR`S
VALUE DATE(S) VALUE FROM VALUE DATE(S)
NORMAL
................................................................
TEMPERATURE (F)
RECORD
HIGH 112 08/06/2023
LOW 52 08/10/1880
HIGHEST 112R 08/06 95 17 104 08/01
LOWEST 65 08/15 65 0 67 08/17
08/20
08/30
AVG. MAXIMUM 99.4 94.0 5.4 92.6
AVG. MINIMUM 75.1 71.8 3.3 71.1
MEAN 87.3 82.9 4.4 81.9
DAYS MAX >= 90 30 25.6 4.4 19
DAYS MAX <= 32 0 0.0 0.0 0
DAYS MIN <= 32 0 0.0 0.0 0
DAYS MIN <= 0 0 0.0 0.0 0
PRECIPITATION (INCHES)
RECORD
MAXIMUM 6.85 2006
MINIMUM 0.00 1962
TOTALS 1.44 1.67 -0.23 2.84
DAYS >= .01 5 11
DAYS >= .10 4 5
DAYS >= .50 0 2
DAYS >= 1.00 0 0
GREATEST
24 HR. TOTAL 0.61 08/14 TO 08/15
DEGREE DAYS
HEATING TOTAL 0 0 0 0
SINCE 7/1 0 0 0 MM
COOLING TOTAL 698 555 143 531
SINCE 1/1 2718 2183 535 MM
FREEZE DATES
RECORD
EARLIEST 10/16/1880
LATEST 05/02/1967
EARLIEST MM
LATEST 03/19
................................................................
WIND (MPH)
AVERAGE WIND SPEED 8.2
HIGHEST WIND SPEED/DIRECTION 39/350 DATE 08/07
HIGHEST GUST SPEED/DIRECTION 55/350 DATE 08/07
SKY COVER
AVERAGE SKY COVER 0.42
AVERAGE RH (PERCENT) 35
WEATHER CONDITIONS. NUMBER OF DAYS WITH
THUNDERSTORM 12 MIXED PRECIP 0
HEAVY RAIN 3 RAIN 4
LIGHT RAIN 8 FREEZING RAIN 0
LT FREEZING RAIN 0 HAIL 0
HEAVY SNOW 0 SNOW 0
LIGHT SNOW 0 SLEET 0
FOG 3 FOG W/VIS <= 1/4 MILE 0
HAZE 3
- INDICATES NEGATIVE NUMBERS.
R INDICATES RECORD WAS SET OR TIED.
MM INDICATES DATA IS MISSING.
T INDICATES TRACE AMOUNT.
$$