000
CXUS56 KLKN 011210
CF6ELY
PRELIMINARY LOCAL CLIMATOLOGICAL DATA (WS FORM: F-6)
STATION: ELY AIRPORT NV
MONTH: MARCH
YEAR: 2024
LATITUDE: 39 16 N
LONGITUDE: 114 51 W
TEMPERATURE IN F: :PCPN: SNOW: WIND :SUNSHINE: SKY :PK WND
================================================================================
1 2 3 4 5 6A 6B 7 8 9 10 11 12 13 14 15 16 17 18
12Z AVG MX 2MIN
DY MAX MIN AVG DEP HDD CDD WTR SNW DPTH SPD SPD DIR MIN PSBL S-S WX SPD DR
================================================================================
1 52 34 43 9 22 0 T T 0 23.8 39 190 M M 3 60 210
2 40 12 26 -8 39 0 0.47 6.5 T 17.5 37 220 M M 9 128 56 170
3 31 16 24 -10 41 0 0.06 1.6 6 10.1 26 210 M M 9 1 42 200
4 38 10 24 -11 41 0 T T 6 6.9 16 300 M M 7 1 22 270
5 49 21 35 0 30 0 0.01 0.4 5 7.3 18 230 M M 6 1 24 220
6 48 21 35 0 30 0 T T 3 6.5 13 180 M M 5 8 21 190
7 46 25 36 0 29 0 0.04 0.1 T 9.0 22 20 M M 9 18 29 30
8 43 15 29 -7 36 0 0.00 0.0 0 11.0 22 20 M M 0 30 20
9 53 13 33 -3 32 0 0.00 0.0 0 10.8 22 160 M M 0 31 180
10 52 29 41 5 24 0 0.00 0.0 0 13.5 26 160 M M 0 36 140
11 53 28 41 4 24 0 0.00 0.0 0 9.2 15 210 M M 3 23 200
12 48 30 39 2 26 0 0.17 0.8 0 7.6 21 160 M M 9 1 29 330
13 37 12 25 -12 40 0 0.02 0.4 1 10.5 28 330 M M 8 12 40 330
14 38 20 29 -9 36 0 T 0.2 T 17.2 26 350 M M 8 1 35 340
15 46 29 38 0 27 0 0.00 0.0 0 16.4 29 10 M M 6 43 360
16 52 24 38 0 27 0 0.00 0.0 0 11.3 23 10 M M 9 33 20
17 57 24 41 3 24 0 0.00 0.0 0 9.5 22 350 M M 1 31 360
18 61 22 42 4 23 0 0.00 0.0 0 6.6 17 30 M M 0 23 30
19 63 22 43 4 22 0 0.00 0.0 0 7.8 15 40 M M 0 20 30
20 66 24 45 6 20 0 0.00 0.0 0 8.1 16 180 M M 1 22 180
21 63 27 45 6 20 0 0.00 0.0 0 9.2 18 300 M M 2 27 290
22 61 25 43 4 22 0 0.00 0.0 0 12.0 22 210 M M 1 35 200
23 47 23 35 -4 30 0 0.53 2.6 0 11.4 28 280 M M 6 128 39 140
24 39 13 26 -14 39 0 0.04 T 3 6.0 22 320 M M 5 1 31 330
25 43 21 32 -8 33 0 0.03 0.5 2 7.5 23 300 M M 7 128 30 310
26 40 17 29 -11 36 0 0.11 2.0 1 5.4 30 330 M M 7 1 39 330
27 52 20 36 -4 29 0 0.00 0.0 T 10.5 25 170 M M 1 37 160
28 51 31 41 1 24 0 0.14 T 0 10.6 29 170 M M 7 13 41 230
29 46 30 38 -2 27 0 0.10 T 0 9.9 25 180 M M 9 1 38 170
30 41 32 37 -3 28 0 0.08 0.4 T 12.6 24 160 M M 8 1 34 180
31 38 23 31 -10 34 0 0.10 1.3 T 8.1 20 270 M M 9 12 29 280
================================================================================
SM 1494 693 915 0 1.90 16.8 323.8 M 155
================================================================================
AV 48.2 22.4 10.4 FASTST M M 5 MAX(MPH)
MISC ----> 39 190 60 210
================================================================================
NOTES:
# LAST OF SEVERAL OCCURRENCES
COLUMN 17 PEAK WIND IN M.P.H.
PRELIMINARY LOCAL CLIMATOLOGICAL DATA (WS FORM: F-6) , PAGE 2
STATION: ELY AIRPORT NV
MONTH: MARCH
YEAR: 2024
LATITUDE: 39 16 N
LONGITUDE: 114 51 W
[TEMPERATURE DATA] [PRECIPITATION DATA] SYMBOLS USED IN COLUMN 16
AVERAGE MONTHLY: 35.3 TOTAL FOR MONTH: 1.90 1 = FOG OR MIST
DPTR FM NORMAL: -2.4 DPTR FM NORMAL: 0.92 2 = FOG REDUCING VISIBILITY
HIGHEST: 66 ON 20 GRTST 24HR 0.53 ON 23-23 TO 1/4 MILE OR LESS
LOWEST: 10 ON 4 3 = THUNDER
SNOW, ICE PELLETS, HAIL 4 = ICE PELLETS
TOTAL MONTH: 16.8 INCHES 5 = HAIL
GRTST 24HR 6.5 ON 2- 2 6 = FREEZING RAIN OR DRIZZLE
GRTST DEPTH: 6 ON 4, 3 7 = DUSTSTORM OR SANDSTORM:
VSBY 1/2 MILE OR LESS
8 = SMOKE OR HAZE
[NO. OF DAYS WITH] [WEATHER - DAYS WITH] 9 = BLOWING SNOW
X = TORNADO
MAX 32 OR BELOW: 1 0.01 INCH OR MORE: 14
MAX 90 OR ABOVE: 0 0.10 INCH OR MORE: 7
MIN 32 OR BELOW: 30 0.50 INCH OR MORE: 1
MIN 0 OR BELOW: 0 1.00 INCH OR MORE: 0
[HDD (BASE 65) ]
TOTAL THIS MO. 915 CLEAR (SCALE 0-3) 11
DPTR FM NORMAL 67 PTCLDY (SCALE 4-7) 11
TOTAL FM JUL 1 5675 CLOUDY (SCALE 8-10) 9
DPTR FM NORMAL -268
[CDD (BASE 65) ]
TOTAL THIS MO. 0
DPTR FM NORMAL 0 [PRESSURE DATA]
TOTAL FM JAN 1 0 HIGHEST SLP 30.32 ON 9
DPTR FM NORMAL 0 LOWEST SLP 29.39 ON 2
[REMARKS]
#FINAL-03-24#