000
CXUS56 KLKN 152305
CF6ELY
PRELIMINARY LOCAL CLIMATOLOGICAL DATA (WS FORM: F-6)
STATION: ELY AIRPORT NV
MONTH: DECEMBER
YEAR: 2021
LATITUDE: 39 16 N
LONGITUDE: 114 51 W
TEMPERATURE IN F: :PCPN: SNOW: WIND :SUNSHINE: SKY :PK WND
================================================================================
1 2 3 4 5 6A 6B 7 8 9 10 11 12 13 14 15 16 17 18
12Z AVG MX 2MIN
DY MAX MIN AVG DEP HDD CDD WTR SNW DPTH SPD SPD DIR MIN PSBL S-S WX SPD DR
================================================================================
1 59 17 38 9 27 0 0.00 0.0 0 8.3 15 190 M M 0 20 180
2 64 20 42 13 23 0 0.00 0.0 0 10.3 18 190 M M 0 23 190
3 56 18 37 9 28 0 0.00 0.0 0 10.4 18 20 M M 0 23 20
4 60 19 40 12 25 0 0.00 0.0 0 9.6 16 180 M M 0 21 190
5 55 17 36 8 29 0 0.00 0.0 0 8.9 15 180 M M 0 22 60
6 51 18 35 7 30 0 0.01 0.0 0 7.9 22 260 M M 5 28 250
7 49 21 35 8 30 0 0.00 0.0 0 6.9 13 170 M M 3 12 16 20
8 47 19 33 6 32 0 0.00 0.0 0 9.1 20 230 M M 3 25 230
9 40 15 28 1 37 0 0.52 4.0 0 7.8 21 330 M M 9 1 29 330
10 26 1 14 -12 51 0 0.00 0.0 3 7.1 16 180 M M 2 23 330
11 34 0 17 -9 48 0 0.00 0.0 3 9.8 20 210 M M 0 26 210
12 39 22 31 5 34 0 0.00 0.0 3 16.9 25 210 M M 2 38 220
13 40 28 34 8 31 0 0.00 0.0 3 23.9 46 150 M M 5 61 150
14 35 21 28 2 37 0 0.69 7.3 2 21.0 41 150 M M 9 12 58 140
15 22 8 15 -11 50 0 T 0.0 9 9.8 23 210 M M 2 1 30 220
16 28 5 17 -9 48 0 0.08 1.6 7 10.4 28 220 M M 8 1 37 220
17 31 -5 13 -13 52 0 0.00 0.0 7 10.3 20 180 M M 2 23 180
18 34 -7 14 -12 51 0 0.00 0.0 7 10.5 20 190 M M 0 22 190
19 41 6 24 -1 41 0 0.00 0.0 6 9.4 18 220 M M 0 25 210
20 40 4 22 -3 43 0 0.00 0.0 5 6.9 15 170 M M 0 16 180
21 42 9 26 1 39 0 0.00 0.0 5 8.9 18 180 M M 0 23 190
22 42 14 28 3 37 0 0.00 0.0 5 10.8 29 220 M M 2 36 210
23 41 32 37 12 28 0 0.61 3.6 7 16.3 33 200 M M 9 1 50 210
24 38 24 31 6 34 0 0.27 3.0 10 15.6 29 220 M M 4 1 40 220
25 36 22 29 4 36 0 T T 9 18.1 43 200 M M 1 53 210
26 32 16 24 -1 41 0 0.18 2.4 10 14.4 36 220 M M 7 128 49 200
27 30 9 20 -5 45 0 0.09 1.6 9 14.4 35 150 M M 7 18 44 150
28 26 1 14 -11 51 0 0.06 1.2 9 4.5 14 210 M M 9 18 17 200
29 27 12 20 -6 45 0 0.01 T 10 13.4 25 150 M M 9 34 170
30 35 18 27 1 38 0 0.04 0.6 10 13.2 28 220 M M 9 1 39 220
31 32 8 20 -6 45 0 0.01 0.2 9 9.5 22 220 M M 8 1 30 220
================================================================================
SM 1232 412 1186 0 2.57 25.5 354.3 M 115
================================================================================
AV 39.7 13.3 11.4 FASTST M M 4 MAX(MPH)
MISC ----> 46 150 61 150
================================================================================
NOTES:
# LAST OF SEVERAL OCCURRENCES
COLUMN 17 PEAK WIND IN M.P.H.
PRELIMINARY LOCAL CLIMATOLOGICAL DATA (WS FORM: F-6) , PAGE 2
STATION: ELY AIRPORT NV
MONTH: DECEMBER
YEAR: 2021
LATITUDE: 39 16 N
LONGITUDE: 114 51 W
[TEMPERATURE DATA] [PRECIPITATION DATA] SYMBOLS USED IN COLUMN 16
AVERAGE MONTHLY: 26.5 TOTAL FOR MONTH: 2.57 1 = FOG OR MIST
DPTR FM NORMAL: 0.3 DPTR FM NORMAL: 1.90 2 = FOG REDUCING VISIBILITY
HIGHEST: 64 ON 2 GRTST 24HR 0.69 ON 14-14 TO 1/4 MILE OR LESS
LOWEST: -7 ON 18 3 = THUNDER
SNOW, ICE PELLETS, HAIL 4 = ICE PELLETS
TOTAL MONTH: 25.5 INCHES 5 = HAIL
GRTST 24HR 7.3 ON 14-14 6 = FREEZING RAIN OR DRIZZLE
GRTST DEPTH: 10 ON 30,29 7 = DUSTSTORM OR SANDSTORM:
VSBY 1/2 MILE OR LESS
8 = SMOKE OR HAZE
[NO. OF DAYS WITH] [WEATHER - DAYS WITH] 9 = BLOWING SNOW
X = TORNADO
MAX 32 OR BELOW: 9 0.01 INCH OR MORE: 12
MAX 90 OR ABOVE: 0 0.10 INCH OR MORE: 5
MIN 32 OR BELOW: 31 0.50 INCH OR MORE: 3
MIN 0 OR BELOW: 3 1.00 INCH OR MORE: 0
[HDD (BASE 65) ]
TOTAL THIS MO. 1186 CLEAR (SCALE 0-3) 17
DPTR FM NORMAL -15 PTCLDY (SCALE 4-7) 8
TOTAL FM JUL 1 2738 CLOUDY (SCALE 8-10) 6
DPTR FM NORMAL -193
[CDD (BASE 65) ]
TOTAL THIS MO. 0
DPTR FM NORMAL 0 [PRESSURE DATA]
TOTAL FM JAN 1 464 HIGHEST SLP 30.63 ON 18
DPTR FM NORMAL 164 LOWEST SLP 29.43 ON 26
[REMARKS]
#FINAL-12-21#