000
CXUS53 KTOP 010800
CF6EMP
PRELIMINARY LOCAL CLIMATOLOGICAL DATA (WS FORM: F-6)
STATION: Emporia KS
MONTH: MARCH
YEAR: 2020
LATITUDE: 38 19 N
LONGITUDE: 96 12 W
TEMPERATURE IN F: :PCPN: SNOW: WIND :SUNSHINE: SKY :PK WND
================================================================================
1 2 3 4 5 6A 6B 7 8 9 10 11 12 13 14 15 16 17 18
12Z AVG MX 2MIN
DY MAX MIN AVG DEP HDD CDD WTR SNW DPTH SPD SPD DIR MIN PSBL S-S WX SPD DR
================================================================================
1 67 46 57 17 8 0 0.00 M M 11.8 23 180 M M 1 31 180
2 56 32 44 4 21 0 0.00 M M 9.1 23 10 M M 1 32 20
3 63 32 48 7 17 0 0.00 M M 7.9 14 280 M M 0 22 300
4 61 34 48 7 17 0 0.00 M M 6.7 17 260 M M 0 27 270
5 59 34 47 6 18 0 0.00 M M 14.3 28 310 M M 0 47 300
6 58 26 42 0 23 0 0.00 M M 7.4 14 160 M M 0 19 150
7 69 34 52 10 13 0 0.00 M M 19.4 31 180 M M 0 41 170
8 68 44 56 14 9 0 0.37 M M 25.8 41 190 M M 3 1 56 190
9 61 37 49 6 16 0 0.49 M M 16.9 28 170 M M 10 1 38 320
10 52 33 43 0 22 0 0.00 M M 6.5 13 150 M M 7 1 17 330
11 67 39 53 9 12 0 0.49 M M 6.5 18 110 M M 2 123 24 110
12 66 43 55 11 10 0 0.00 M M 13.3 25 330 M M 1 33 350
13 45 37 41 -3 24 0 0.10 M M 11.7 29 100 M M 8 1 37 100
14 40 36 38 -7 27 0 0.24 M M 13.0 30 100 M M 10 1 40 100
15 40 33 37 -8 28 0 0.01 M M 9.2 17 70 M M 10 1 21 70
16 46 37 42 -4 23 0 0.07 M M 6.4 12 100 M M 10 1 15 80
17 50 40 45 -1 20 0 0.02 M M 10.1 20 140 M M 10 1 25 140
18 65 48 57 11 8 0 0.10 M M 5.6 14 130 M M 8 1 19 130
19 74 49 62 15 3 0 0.16 M M 16.9 30 190 M M 5 13 41 210
20 49 27 38 -9 27 0 T M M 16.9 31 350 M M 4 1 46 330
21 50 22 36 -11 29 0 0.00 M M 7.0 15 140 M M 2 23 170
22 48 39 44 -4 21 0 0.37 M M 7.5 17 170 M M 10 12 24 160
23 53 43 48 0 17 0 T M M 5.4 15 120 M M 10 12 20 100
24 59 46 53 5 12 0 0.17 M M 8.1 21 110 M M 9 13 29 110
25 76 46 61 12 4 0 0.00 M M 13.5 25 210 M M 5 12 33 210
26 70 50 60 11 5 0 0.00 M M 8.7 23 100 M M 4 138 32 100
27 67 54 61 12 4 0 0.00 M M 5.5 14 320 M M 7 18 20 310
28 67 44 56 6 9 0 0.00 M M 19.0 38 230 M M 6 1 52 240
29 70 39 55 5 10 0 0.00 M M 10.9 23 290 M M 0 8 32 290
30 71 40 56 6 9 0 0.08 M M 9.1 22 180 M M 3 18 31 160
31 68 44 56 5 9 0 T M M 7.8 14 240 M M 4 18 20 270
================================================================================
SM 1855 1208 475 0 2.67 M 337.9 M 150
================================================================================
AV 59.8 39.0 10.9 FASTST M M 5 MAX(MPH)
MISC ----> # 41 190 # 56 190
================================================================================
NOTES:
# LAST OF SEVERAL OCCURRENCES
COLUMN 17 PEAK WIND IN M.P.H.
PRELIMINARY LOCAL CLIMATOLOGICAL DATA (WS FORM: F-6) , PAGE 2
STATION: Emporia KS
MONTH: MARCH
YEAR: 2020
LATITUDE: 38 19 N
LONGITUDE: 96 12 W
[TEMPERATURE DATA] [PRECIPITATION DATA] SYMBOLS USED IN COLUMN 16
AVERAGE MONTHLY: 49.4 TOTAL FOR MONTH: 2.67 1 = FOG OR MIST
DPTR FM NORMAL: 4.0 DPTR FM NORMAL: 0.14 2 = FOG REDUCING VISIBILITY
HIGHEST: 76 ON 25 GRTST 24HR 0.49 ON 11-11 TO 1/4 MILE OR LESS
LOWEST: 22 ON 21 3 = THUNDER
SNOW, ICE PELLETS, HAIL 4 = ICE PELLETS
TOTAL MONTH: M 5 = HAIL
GRTST 24HR M ON M 6 = FREEZING RAIN OR DRIZZLE
GRTST DEPTH: M ON M 7 = DUSTSTORM OR SANDSTORM:
VSBY 1/2 MILE OR LESS
8 = SMOKE OR HAZE
[NO. OF DAYS WITH] [WEATHER - DAYS WITH] 9 = BLOWING SNOW
X = TORNADO
MAX 32 OR BELOW: 0 0.01 INCH OR MORE: 13
MAX 90 OR ABOVE: 0 0.10 INCH OR MORE: 9
MIN 32 OR BELOW: 5 0.50 INCH OR MORE: 0
MIN 0 OR BELOW: 0 1.00 INCH OR MORE: 0
[HDD (BASE 65) ]
TOTAL THIS MO. 475 CLEAR (SCALE 0-3) 12
DPTR FM NORMAL -135 PTCLDY (SCALE 4-7) 11
TOTAL FM JUL 1 4150 CLOUDY (SCALE 8-10) 8
DPTR FM NORMAL -282
[CDD (BASE 65) ]
TOTAL THIS MO. 0
DPTR FM NORMAL -2 [PRESSURE DATA]
TOTAL FM JAN 1 0 HIGHEST SLP M ON M
DPTR FM NORMAL -2 LOWEST SLP 29.41 ON 28
[REMARKS]
#FINAL-03-20#