000
CXUS53 KMKX 010810
CF6ENW
PRELIMINARY LOCAL CLIMATOLOGICAL DATA (WS FORM: F-6)
STATION: KENOSHA WI
MONTH: SEPTEMBER
YEAR: 2023
LATITUDE: 42 35 N
LONGITUDE: 87 56 W
TEMPERATURE IN F: :PCPN: SNOW: WIND :SUNSHINE: SKY :PK WND
================================================================================
1 2 3 4 5 6A 6B 7 8 9 10 11 12 13 14 15 16 17 18
12Z AVG MX 2MIN
DY MAX MIN AVG DEP HDD CDD WTR SNW DPTH SPD SPD DIR MIN PSBL S-S WX SPD DR
================================================================================
1 84 53 69 1 0 4 0.00 M M 5.8 15 150 M M 0 1 19 150
2 88 57 73 5 0 8 0.00 M M 9.1 17 210 M M 0 26 220
3 95 66 81 13 0 16 0.00 M M 11.1 22 250 M M 0 32 210
4 94 66 80 12 0 15 0.00 M M 7.7 16 150 M M 0 22 200
5 94 76 85 18 0 20 T M M 10.6 22 200 M M 0 32 190
6 87 71 79 12 0 14 0.01 M M 11.0 23 200 M M 8 138 30 200
7 71 61 66 -1 0 1 0.01 M M 6.7 14 10 M M 10 18 20 350
8 70 52 61 -5 4 0 0.00 M M 6.5 12 50 M M 8 18 15 20
9 75 51 63 -3 2 0 0.00 M M 6.0 14 90 M M 0 8 20 100
10 80 49 65 -1 0 0 0.00 M M 5.6 13 110 M M 3 1 17 110
11 68 59 64 -2 1 0 0.35 M M 5.8 10 10 M M 9 18 15 360
12 72 55 64 -1 1 0 0.36 M M 7.0 22 280 M M 4 13 29 300
13 68 49 59 -6 6 0 0.07 M M 5.8 15 50 M M 5 12 21 30
14 71 47 59 -6 6 0 0.00 M M 4.6 12 140 M M 1 1 17 100
15 78 48 63 -1 2 0 0.00 M M 5.1 12 150 M M 0 1 18 210
16 75 61 68 4 0 3 0.04 M M 5.7 13 200 M M 7 13 17 200
17 70 52 61 -3 4 0 0.73 M M 6.6 17 20 M M 6 1 29 20
18 71 53 62 -1 3 0 0.00 M M 4.8 12 80 M M 2 17 90
19 67 52 60 -3 5 0 0.31 M M 6.9 13 140 M M 8 1 17 220
20 76 61 69 6 0 4 0.12 M M 5.0 15 240 M M 3 3 21 240
21 76 64 70 8 0 5 0.01 M M 3.8 10 110 M M 3 1 14 100
22 78 66 72 10 0 7 T M M 6.6 15 150 M M 6 23 150
23 75 61 68 6 0 3 T M M 9.8 16 140 M M 3 26 130
24 74 62 68 7 0 3 0.00 M M 8.9 16 110 M M 1 24 130
25 73 66 70 9 0 5 0.09 M M 9.5 15 130 M M 8 1 20 130
26 72 66 69 9 0 4 0.48 M M 10.7 23 100 M M 9 1 32 100
27 70 65 68 8 0 3 0.52 M M 10.1 18 100 M M 10 13 24 100
28 71 62 67 7 0 2 0.02 M M 6.0 13 60 M M 9 1 17 80
29 74 55 65 6 0 0 0.00 M M 4.8 12 130 M M 4 12 17 100
30 81 59 70 11 0 5 0.00 M M 6.2 13 150 M M 0 17 170
================================================================================
SM 2298 1765 34 122 3.12 M 213.8 M 127
================================================================================
AV 76.6 58.8 7.1 FASTST M M 4 MAX(MPH)
MISC ----> # 23 200 # 32 210
================================================================================
NOTES:
# LAST OF SEVERAL OCCURRENCES
COLUMN 17 PEAK WIND IN M.P.H.
PRELIMINARY LOCAL CLIMATOLOGICAL DATA (WS FORM: F-6) , PAGE 2
STATION: KENOSHA WI
MONTH: SEPTEMBER
YEAR: 2023
LATITUDE: 42 35 N
LONGITUDE: 87 56 W
[TEMPERATURE DATA] [PRECIPITATION DATA] SYMBOLS USED IN COLUMN 16
AVERAGE MONTHLY: 67.7 TOTAL FOR MONTH: 3.12 1 = FOG OR MIST
DPTR FM NORMAL: 3.8 DPTR FM NORMAL: -0.24 2 = FOG REDUCING VISIBILITY
HIGHEST: 95 ON 3 GRTST 24HR 1.00 ON 26-27 TO 1/4 MILE OR LESS
LOWEST: 47 ON 14 3 = THUNDER
SNOW, ICE PELLETS, HAIL 4 = ICE PELLETS
TOTAL MONTH: M 5 = HAIL
GRTST 24HR M ON M 6 = FREEZING RAIN OR DRIZZLE
GRTST DEPTH: M ON M 7 = DUSTSTORM OR SANDSTORM:
VSBY 1/2 MILE OR LESS
8 = SMOKE OR HAZE
[NO. OF DAYS WITH] [WEATHER - DAYS WITH] 9 = BLOWING SNOW
X = TORNADO
MAX 32 OR BELOW: 0 0.01 INCH OR MORE: 14
MAX 90 OR ABOVE: 3 0.10 INCH OR MORE: 7
MIN 32 OR BELOW: 0 0.50 INCH OR MORE: 2
MIN 0 OR BELOW: 0 1.00 INCH OR MORE: 0
[HDD (BASE 65) ]
TOTAL THIS MO. 34 CLEAR (SCALE 0-3) 13
DPTR FM NORMAL -77 PTCLDY (SCALE 4-7) 12
TOTAL FM JUL 1 42 CLOUDY (SCALE 8-10) 5
DPTR FM NORMAL -86
[CDD (BASE 65) ]
TOTAL THIS MO. 122
DPTR FM NORMAL 43 [PRESSURE DATA]
TOTAL FM JAN 1 818 HIGHEST SLP M ON M
DPTR FM NORMAL 108 LOWEST SLP 29.69 ON 6
[REMARKS]
#FINAL-09-23#