000
CXUS56 KOTX 010910
CF6EPH
PRELIMINARY LOCAL CLIMATOLOGICAL DATA (WS FORM: F-6)
STATION: EPHRATA WA AIRPORT
MONTH: AUGUST
YEAR: 2021
LATITUDE: 47 18 N
LONGITUDE: 119 31 W
TEMPERATURE IN F: :PCPN: SNOW: WIND :SUNSHINE: SKY :PK WND
================================================================================
1 2 3 4 5 6A 6B 7 8 9 10 11 12 13 14 15 16 17 18
12Z AVG MX 2MIN
DY MAX MIN AVG DEP HDD CDD WTR SNW DPTH SPD SPD DIR MIN PSBL S-S WX SPD DR
================================================================================
1 88 74 81 4 0 16 0.02 M M 9.0 26 310 M M 10 8 32 300
2 97 70 84 7 0 19 0.00 M M 6.2 14 170 M M 5 8 19 190
3 100 67 84 7 0 19 0.00 M M 8.2 25 330 M M 0 8 31 320
4 99 73 86 10 0 21 0.00 M M 7.3 21 350 M M 0 8 26 340
5 94 67 81 5 0 16 0.00 M M 8.5 24 300 M M 0 8 30 290
6 91 71 81 5 0 16 0.00 M M 11.9 24 210 M M 0 29 220
7 89 64 77 1 0 12 0.00 M M 10.1 20 280 M M 5 30 210
8 77 56 67 -9 0 2 0.71 M M 11.7 26 280 M M 5 34 280
9 83 52 68 -8 0 3 0.00 M M 5.5 22 310 M M 0 27 310
10 91 56 74 -1 0 9 0.00 M M 6.1 13 190 M M 0 17 220
11 101 64 83 8 0 18 0.00 M M 6.4 15 200 M M 0 18 200
12 101 74 88 13 0 23 0.00 M M 11.8 25 10 M M 8 8 32 10
13 97 72 85 10 0 20 0.00 M M 7.5 15 350 M M 10 8 19 220
14 101 62 82 8 0 17 0.00 M M 7.5 22 300 M M 8 8 25 300
15 102 67 85 11 0 20 0.00 M M 10.0 29 310 M M 0 37 310
16 95 66 81 7 0 16 T M M 12.1 28 320 M M 1 8 34 310
17 77 61 69 -5 0 4 T M M 11.4 25 350 M M 5 8 32 340
18 81 52 67 -6 0 2 0.00 M M 6.6 15 200 M M 0 20 200
19 87 57 72 -1 0 7 0.00 M M 8.1 21 310 M M 1 29 300
20 79 58 69 -4 0 4 0.00 M M 7.5 21 350 M M 2 8 26 340
21 78 60 69 -3 0 4 0.03 M M 6.4 23 330 M M 7 30 330
22 80 50 65 -7 0 0 0.00 M M 12.3 28 310 M M 0 8 37 310
23 75 54 65 -7 0 0 0.00 M M 8.4 21 320 M M 2 27 310
24 80 55 68 -4 0 3 0.00 M M 7.6 14 350 M M 0 16 320
25 82 51 67 -4 0 2 0.00 M M 5.8 15 190 M M 1 19 240
26 80 57 69 -2 0 4 T M M 7.0 17 300 M M 1 23 310
27 79 58 69 -2 0 4 0.00 M M 9.8 21 310 M M 3 26 310
28 83 59 71 1 0 6 0.00 M M 5.3 18 340 M M 0 21 330
29 86 54 70 0 0 5 0.00 M M 5.0 15 310 M M 0 18 320
30 86 53 70 0 0 5 0.00 M M 11.3 32 310 M M 1 8 41 310
31 73 45 59 -11 6 0 0.00 M M 10.4 24 320 M M 0 32 320
================================================================================
SM 2712 1879 6 297 0.76 M 262.7 M 75
================================================================================
AV 87.5 60.6 8.5 FASTST M M 2 MAX(MPH)
MISC ----> 32 310 41 310
================================================================================
NOTES:
# LAST OF SEVERAL OCCURRENCES
COLUMN 17 PEAK WIND IN M.P.H.
PRELIMINARY LOCAL CLIMATOLOGICAL DATA (WS FORM: F-6) , PAGE 2
STATION: EPHRATA WA AIRPORT
MONTH: AUGUST
YEAR: 2021
LATITUDE: 47 18 N
LONGITUDE: 119 31 W
[TEMPERATURE DATA] [PRECIPITATION DATA] SYMBOLS USED IN COLUMN 16
AVERAGE MONTHLY: 74.0 TOTAL FOR MONTH: 0.76 1 = FOG OR MIST
DPTR FM NORMAL: 0.3 DPTR FM NORMAL: 0.58 2 = FOG REDUCING VISIBILITY
HIGHEST: 102 ON 15 GRTST 24HR 0.71 ON 8- 8 TO 1/4 MILE OR LESS
LOWEST: 45 ON 31 3 = THUNDER
SNOW, ICE PELLETS, HAIL 4 = ICE PELLETS
TOTAL MONTH: M 5 = HAIL
GRTST 24HR M ON M 6 = FREEZING RAIN OR DRIZZLE
GRTST DEPTH: M ON M 7 = DUSTSTORM OR SANDSTORM:
VSBY 1/2 MILE OR LESS
8 = SMOKE OR HAZE
[NO. OF DAYS WITH] [WEATHER - DAYS WITH] 9 = BLOWING SNOW
X = TORNADO
MAX 32 OR BELOW: 0 0.01 INCH OR MORE: 3
MAX 90 OR ABOVE: 12 0.10 INCH OR MORE: 1
MIN 32 OR BELOW: 0 0.50 INCH OR MORE: 1
MIN 0 OR BELOW: 0 1.00 INCH OR MORE: 0
[HDD (BASE 65) ]
TOTAL THIS MO. 6 CLEAR (SCALE 0-3) 21
DPTR FM NORMAL -2 PTCLDY (SCALE 4-7) 6
TOTAL FM JUL 1 6 CLOUDY (SCALE 8-10) 4
DPTR FM NORMAL -2
[CDD (BASE 65) ]
TOTAL THIS MO. 297
DPTR FM NORMAL 21 [PRESSURE DATA]
TOTAL FM JAN 1 1169 HIGHEST SLP M ON M
DPTR FM NORMAL 408 LOWEST SLP 29.59 ON 16
[REMARKS]
#FINAL-08-21#