000
CXUS54 KEWX 011110
CF6ERV
PRELIMINARY LOCAL CLIMATOLOGICAL DATA (WS FORM: F-6)
STATION: KERRVILLE
MONTH: NOVEMBER
YEAR: 2023
LATITUDE: 29 58 N
LONGITUDE: 99 5 W
TEMPERATURE IN F: :PCPN: SNOW: WIND :SUNSHINE: SKY :PK WND
================================================================================
1 2 3 4 5 6A 6B 7 8 9 10 11 12 13 14 15 16 17 18
12Z AVG MX 2MIN
DY MAX MIN AVG DEP HDD CDD WTR SNW DPTH SPD SPD DIR MIN PSBL S-S WX SPD DR
================================================================================
1 63 32 48 M 17 0 M M M 2.3 7 100 M M 0 M M
2 66 36 51 M 14 0 M M M 4.3 13 170 M M 2 18 200
3 73 42 58 M 7 0 M M M 4.6 15 190 M M 2 21 190
4 77 50 64 M 1 0 M M M 5.4 17 170 M M 4 21 170
5 77 48 63 M 2 0 M M M 4.0 14 180 M M 1 12 17 200
6 79 58 69 M 0 4 M M M 8.3 16 170 M M 2 21 170
7 83 60 72 M 0 7 M M M 7.7 15 180 M M 0 18 190
8 80 65 73 M 0 8 M M M 7.5 12 220 M M 5 1 18 180
9 70 51 61 M 4 0 0.54 M M 7.6 13 340 M M 10 20 340
10 55 50 53 M 12 0 0.06 M M 9.1 14 340 M M 10 1 17 340
11 58 53 56 M 9 0 M M M 5.1 10 360 M M 10 18 20
12 58 54 56 M 9 0 0.17 M M 3.0 6 360 M M 10 M M
13 57 53 55 M 10 0 0.17 M M 6.9 12 340 M M 10 M M
14 70 47 59 M 6 0 0.01 M M 3.5 9 340 M M 3 8 M M
15 74 43 59 M 6 0 M M M 1.2 5 70 M M 0 M M
16 70 43 57 M 8 0 M M M 3.3 8 200 M M 0 M M
17 80 54 67 M 0 2 M M M 6.0 15 340 M M 4 1 20 10
18 63 57 60 M 5 0 M M M 5.4 10 360 M M 10 16 350
19 65 56 61 M 4 0 M M M 7.8 14 160 M M 10 1 16 170
20 78 57 68 M 0 3 M M M 8.2 17 320 M M 4 1 24 320
21 57 37 47 M 18 0 M M M 13.1 28 350 M M 5 36 350
22 65 31 48 M 17 0 M M M 3.5 10 340 M M 0 M M
23 60 33 47 M 18 0 M M M 3.6 10 180 M M 1 M M
24 66 39 53 M 12 0 M M M 2.8 9 100 M M 3 12 M M
25 54 44 49 M 16 0 0.11 M M 2.8 8 120 M M 10 18 M M
26 55 38 47 M 18 0 M M M 10.7 23 340 M M 6 1 33 350
27 55 37 46 M 19 0 M M M 2.3 7 60 M M 6 M M
28 61 45 53 M 12 0 M M M 3.2 8 140 M M 5 M M
29 56 40 48 M 17 0 0.05 M M 3.8 9 140 M M 10 1 M M
30 68 49 59 M 6 0 0.01 M M 6.7 14 180 M M 7 1 18 150
================================================================================
SM 1993 1402 267 24 1.12 M 163.6 M 150
================================================================================
AV 66.4 46.7 5.5 FASTST M M 5 MAX(MPH)
MISC ----> 28 350 36 350
================================================================================
NOTES:
# LAST OF SEVERAL OCCURRENCES
COLUMN 17 PEAK WIND IN M.P.H.
PRELIMINARY LOCAL CLIMATOLOGICAL DATA (WS FORM: F-6) , PAGE 2
STATION: KERRVILLE
MONTH: NOVEMBER
YEAR: 2023
LATITUDE: 29 58 N
LONGITUDE: 99 5 W
[TEMPERATURE DATA] [PRECIPITATION DATA] SYMBOLS USED IN COLUMN 16
AVERAGE MONTHLY: 56.6 TOTAL FOR MONTH: 1.12 1 = FOG OR MIST
DPTR FM NORMAL: 0.0 DPTR FM NORMAL: M 2 = FOG REDUCING VISIBILITY
HIGHEST: 83 ON 7 GRTST 24HR 0.54 ON 9- 9 TO 1/4 MILE OR LESS
LOWEST: 31 ON 22 3 = THUNDER
SNOW, ICE PELLETS, HAIL 4 = ICE PELLETS
TOTAL MONTH: M 5 = HAIL
GRTST 24HR M ON M 6 = FREEZING RAIN OR DRIZZLE
GRTST DEPTH: M ON M 7 = DUSTSTORM OR SANDSTORM:
VSBY 1/2 MILE OR LESS
8 = SMOKE OR HAZE
[NO. OF DAYS WITH] [WEATHER - DAYS WITH] 9 = BLOWING SNOW
X = TORNADO
MAX 32 OR BELOW: 0 0.01 INCH OR MORE: 8
MAX 90 OR ABOVE: 0 0.10 INCH OR MORE: 4
MIN 32 OR BELOW: 2 0.50 INCH OR MORE: 1
MIN 0 OR BELOW: 0 1.00 INCH OR MORE: 0
[HDD (BASE 65) ]
TOTAL THIS MO. 267 CLEAR (SCALE 0-3) 11
DPTR FM NORMAL M PTCLDY (SCALE 4-7) 10
TOTAL FM JUL 1 336 CLOUDY (SCALE 8-10) 9
DPTR FM NORMAL M
[CDD (BASE 65) ]
TOTAL THIS MO. 24
DPTR FM NORMAL M [PRESSURE DATA]
TOTAL FM JAN 1 3091 HIGHEST SLP M ON M
DPTR FM NORMAL M LOWEST SLP M ON M
[REMARKS]
#FINAL-11-23#