000
CXUS53 KDMX 050156
CF6EST
PRELIMINARY LOCAL CLIMATOLOGICAL DATA (WS FORM: F-6)
STATION: ESTHERVILLE IA
MONTH: OCTOBER
YEAR: 2022
LATITUDE: 43 24 N
LONGITUDE: 94 45 W
TEMPERATURE IN F: :PCPN: SNOW: WIND :SUNSHINE: SKY :PK WND
================================================================================
1 2 3 4 5 6A 6B 7 8 9 10 11 12 13 14 15 16 17 18
12Z AVG MX 2MIN
DY MAX MIN AVG DEP HDD CDD WTR SNW DPTH SPD SPD DIR MIN PSBL S-S WX SPD DR
================================================================================
1 75 52 64 10 1 0 T 0.0 0 8.9 17 150 M M 1 24 170
2 76 47 62 8 3 0 0.00 0.0 0 8.3 16 150 M M 1 3 23 170
3 78 48 63 9 2 0 0.00 0.0 0 9.7 18 180 M M 0 26 170
4 79 49 64 11 1 0 0.00 0.0 0 8.0 18 170 M M 2 24 180
5 74 48 61 8 4 0 0.00 0.0 0 5.6 16 330 M M 5 8 23 350
6 60 37 49 -3 16 0 0.00 0.0 0 14.4 25 340 M M 3 34 360
7 52 28 40 -12 25 0 0.00 0.0 0 6.4 13 340 M M 6 16 330
8 63 25 44 -7 21 0 0.00 0.0 0 9.3 21 260 M M 0 34 260
9 73 41 57 6 8 0 0.00 0.0 0 7.6 17 310 M M 2 8 25 300
10 75 32 54 4 11 0 0.00 0.0 0 6.2 16 210 M M 0 8 21 210
11 79 46 63 13 2 0 0.00 0.0 0 15.5 28 190 M M 0 42 190
12 62 35 49 0 16 0 0.05 0.0 0 14.2 39 310 M M 4 3 52 310
13 46 32 39 -10 26 0 0.00 0.0 0 13.6 30 310 M M 5 42 330
14 47 26 37 -11 28 0 T 0.0 0 12.8 26 340 M M 8 36 330
15 65 25 45 -3 20 0 0.00 0.0 0 11.5 28 290 M M 0 36 280
16 50 30 40 -7 25 0 0.00 0.0 0 13.8 26 300 M M 6 36 300
17 40 18 29 -18 36 0 0.00 0.0 0 14.8 25 360 M M 0 35 360
18 42 13 28 -18 37 0 0.00 0.0 0 10.7 18 320 M M 0 26 350
19 53 16 35 -11 30 0 0.00 0.0 0 8.2 15 320 M M 0 8 19 320
20 66 34 50 5 15 0 0.00 0.0 0 10.2 21 340 M M 0 8 28 340
21 71 37 54 9 11 0 0.00 0.0 0 9.5 20 240 M M 0 8 25 240
22 80 32 56 12 9 0 0.00 0.0 0 10.7 25 180 M M 0 8 32 180
23 79 50 65 21 0 0 0.00 0.0 0 22.9 36 150 M M 1 52 160
24 71 33 52 8 13 0 0.01 0.0 0 12.9 26 170 M M 4 36 170
25 56 32 44 1 21 0 0.00 0.0 0 11.1 22 320 M M 2 30 320
26 56 26 41 -1 24 0 0.00 0.0 0 7.9 14 210 M M 0 22 250
27 52 42 47 5 18 0 T 0.0 0 8.7 20 170 M M 9 25 170
28 62 35 49 7 16 0 0.00 0.0 0 10.0 16 200 M M 3 23 210
29 68 32 50 9 15 0 0.00 0.0 0 11.2 20 220 M M 0 27 210
30 64 32 48 8 17 0 0.00 0.0 0 6.6 12 360 M M 0 16 20
31 68 31 50 10 15 0 0.00 0.0 0 8.6 14 230 M M 0 8 24 250
================================================================================
SM 1982 1064 486 0 0.06 0.0 329.8 M 62
================================================================================
AV 63.9 34.3 10.6 FASTST M M 2 MAX(MPH)
MISC ----> 39 310 # 52 310
================================================================================
NOTES:
# LAST OF SEVERAL OCCURRENCES
COLUMN 17 PEAK WIND IN M.P.H.
PRELIMINARY LOCAL CLIMATOLOGICAL DATA (WS FORM: F-6) , PAGE 2
STATION: ESTHERVILLE IA
MONTH: OCTOBER
YEAR: 2022
LATITUDE: 43 24 N
LONGITUDE: 94 45 W
[TEMPERATURE DATA] [PRECIPITATION DATA] SYMBOLS USED IN COLUMN 16
AVERAGE MONTHLY: 49.1 TOTAL FOR MONTH: 0.06 1 = FOG OR MIST
DPTR FM NORMAL: 1.8 DPTR FM NORMAL: -2.41 2 = FOG REDUCING VISIBILITY
HIGHEST: 80 ON 22 GRTST 24HR 0.05 ON 12-12 TO 1/4 MILE OR LESS
LOWEST: 13 ON 18 3 = THUNDER
SNOW, ICE PELLETS, HAIL 4 = ICE PELLETS
TOTAL MONTH: 0.0 INCH 5 = HAIL
GRTST 24HR 0.0 6 = FREEZING RAIN OR DRIZZLE
GRTST DEPTH: 0 7 = DUSTSTORM OR SANDSTORM:
VSBY 1/2 MILE OR LESS
8 = SMOKE OR HAZE
[NO. OF DAYS WITH] [WEATHER - DAYS WITH] 9 = BLOWING SNOW
X = TORNADO
MAX 32 OR BELOW: 0 0.01 INCH OR MORE: 2
MAX 90 OR ABOVE: 0 0.10 INCH OR MORE: 0
MIN 32 OR BELOW: 16 0.50 INCH OR MORE: 0
MIN 0 OR BELOW: 0 1.00 INCH OR MORE: 0
[HDD (BASE 65) ]
TOTAL THIS MO. 486 CLEAR (SCALE 0-3) 23
DPTR FM NORMAL -66 PTCLDY (SCALE 4-7) 7
TOTAL FM JUL 1 610 CLOUDY (SCALE 8-10) 1
DPTR FM NORMAL -167
[CDD (BASE 65) ]
TOTAL THIS MO. 0
DPTR FM NORMAL -5 [PRESSURE DATA]
TOTAL FM JAN 1 812 HIGHEST SLP 30.58 ON 7
DPTR FM NORMAL 285 LOWEST SLP 29.37 ON 23
[REMARKS]
#FINAL-10-22#