000
CXUS53 KDMX 020334
CF6EST
PRELIMINARY LOCAL CLIMATOLOGICAL DATA (WS FORM: F-6)
STATION: ESTHERVILLE IA
MONTH: MARCH
YEAR: 2021
LATITUDE: 43 24 N
LONGITUDE: 94 45 W
TEMPERATURE IN F: :PCPN: SNOW: WIND :SUNSHINE: SKY :PK WND
================================================================================
1 2 3 4 5 6A 6B 7 8 9 10 11 12 13 14 15 16 17 18
12Z AVG MX 2MIN
DY MAX MIN AVG DEP HDD CDD WTR SNW DPTH SPD SPD DIR MIN PSBL S-S WX SPD DR
================================================================================
1 25 18 22 -4 43 0 0.00 0.0 M 9.3 23 30 M M 4 30 10
2 44 22 33 7 32 0 0.00 0.0 M 16.5 31 210 M M 0 41 220
3 51 29 40 13 25 0 0.00 0.0 M 5.6 12 90 M M 0 1 12 90
4 48 29 39 12 26 0 0.00 0.0 M 10.4 20 130 M M 0 1 25 130
5 46 27 37 9 28 0 0.00 0.0 M 6.7 13 190 M M 4 17 180
6 48 29 39 11 26 0 0.00 0.0 M 9.2 17 130 M M 2 1 22 130
7 61 32 47 19 18 0 0.00 0.0 M 14.7 29 220 M M 0 1 39 210
8 58 32 45 16 20 0 0.00 0.0 M 9.1 16 130 M M 0 21 120
9 64 42 53 24 12 0 0.00 0.0 M 16.9 32 180 M M 0 41 170
10 52 30 41 11 24 0 0.03 0.0 M 15.0 35 240 M M 10 12 48 240
11 48 27 38 8 27 0 0.00 0.0 M 16.1 35 290 M M 4 46 270
12 47 22 35 4 30 0 0.00 0.0 M 6.3 12 60 M M 0 1 17 70
13 54 25 40 9 25 0 0.00 0.0 M 6.6 15 190 M M 0 1 19 200
14 41 32 37 5 28 0 0.01 M M 16.2 24 90 M M 6 34 100
15 34 28 31 -1 34 0 M M M 19.0 30 120 M M 10 126 39 100
16 32 27 30 -3 35 0 M M M 8.5 14 130 M M 10 126 18 140
17 33 30 32 -1 33 0 T M M 11.9 23 10 M M 10 12 30 10
18 41 27 34 0 31 0 0.00 0.0 M 12.4 20 10 M M 0 25 10
19 49 23 36 2 29 0 0.00 0.0 M 10.5 21 170 M M 0 26 160
20 58 28 43 8 22 0 0.00 0.0 M 21.5 31 180 M M 0 41 180
21 62 37 50 15 15 0 0.00 0.0 M 21.6 38 200 M M 3 51 180
22 51 31 41 5 24 0 0.14 0.0 M 9.4 20 140 M M 4 27 140
23 47 41 44 8 21 0 0.42 0.0 M 15.2 24 40 M M 10 1 30 40
24 42 35 39 2 26 0 0.11 0.0 M 19.1 31 340 M M 10 1 40 340
25 47 31 39 2 26 0 0.00 0.0 M 6.7 14 60 M M 8 18 20
26 52 28 40 2 25 0 0.00 0.0 M 9.1 17 180 M M 5 12 23 190
27 44 32 38 0 27 0 0.18 M M 12.7 28 340 M M 10 1 35 340
28 48 27 38 0 27 0 0.00 0.0 M 14.2 23 170 M M 2 31 170
29 72 36 54 15 11 0 0.00 0.0 M 22.4 33 200 M M 1 51 190
30 49 19 34 -5 31 0 0.00 0.0 M 22.6 38 300 M M 3 49 320
31 35 15 25 -15 40 0 T M M 15.5 26 300 M M 4 42 330
================================================================================
SM 1483 891 821 0 0.89 0.0 410.9 M 120
================================================================================
AV 47.8 28.7 13.3 FASTST M M 4 MAX(MPH)
MISC ----> # 38 200 51 180
================================================================================
NOTES:
# LAST OF SEVERAL OCCURRENCES
COLUMN 17 PEAK WIND IN M.P.H.
PRELIMINARY LOCAL CLIMATOLOGICAL DATA (WS FORM: F-6) , PAGE 2
STATION: ESTHERVILLE IA
MONTH: MARCH
YEAR: 2021
LATITUDE: 43 24 N
LONGITUDE: 94 45 W
[TEMPERATURE DATA] [PRECIPITATION DATA] SYMBOLS USED IN COLUMN 16
AVERAGE MONTHLY: 38.3 TOTAL FOR MONTH: 0.89 1 = FOG OR MIST
DPTR FM NORMAL: 5.6 DPTR FM NORMAL: -0.76 2 = FOG REDUCING VISIBILITY
HIGHEST: 72 ON 29 GRTST 24HR 0.56 ON 22-23 TO 1/4 MILE OR LESS
LOWEST: 15 ON 31 3 = THUNDER
SNOW, ICE PELLETS, HAIL 4 = ICE PELLETS
TOTAL MONTH: 0.0 INCH 5 = HAIL
GRTST 24HR 0.0 6 = FREEZING RAIN OR DRIZZLE
GRTST DEPTH: M ON M 7 = DUSTSTORM OR SANDSTORM:
VSBY 1/2 MILE OR LESS
8 = SMOKE OR HAZE
[NO. OF DAYS WITH] [WEATHER - DAYS WITH] 9 = BLOWING SNOW
X = TORNADO
MAX 32 OR BELOW: 2 0.01 INCH OR MORE: 6
MAX 90 OR ABOVE: 0 0.10 INCH OR MORE: 4
MIN 32 OR BELOW: 26 0.50 INCH OR MORE: 0
MIN 0 OR BELOW: 0 1.00 INCH OR MORE: 0
[HDD (BASE 65) ]
TOTAL THIS MO. 821 CLEAR (SCALE 0-3) 16
DPTR FM NORMAL -179 PTCLDY (SCALE 4-7) 8
TOTAL FM JUL 1 6866 CLOUDY (SCALE 8-10) 7
DPTR FM NORMAL -48
[CDD (BASE 65) ]
TOTAL THIS MO. 0
DPTR FM NORMAL 0 [PRESSURE DATA]
TOTAL FM JAN 1 0 HIGHEST SLP 30.56 ON 31
DPTR FM NORMAL 0 LOWEST SLP 29.35 ON 29
[REMARKS]
#FINAL-03-21#